000
CDUS44 KHUN 010808
CLIHSV


CLIMATE REPORT
NATIONAL WEATHER SERVICE HUNTSVILLE AL
208 AM CST WED MAR 1 2017


...................................

...THE HUNTSVILLE CLIMATE SUMMARY FOR FEBRUARY 28 2017...

CLIMATE NORMAL PERIOD 1981 TO 2010
CLIMATE RECORD PERIOD 1894 TO 2017


WEATHER ITEM   OBSERVED TIME   RECORD YEAR NORMAL DEPARTURE LAST
                VALUE   (LST)  VALUE       VALUE  FROM      YEAR
                                                  NORMAL
..................................................................
TEMPERATURE (F)
 YESTERDAY
  MAXIMUM         67   1159 PM  80    1918  60      7       69
  MINIMUM         55    356 AM  15    1935  39     16       36
  AVERAGE         61                        49     12       53

PRECIPITATION (IN)
  YESTERDAY        1.19          2.70 1939   0.18   1.01     0.00
  MONTH TO DATE    2.48                      4.84  -2.36     6.38
  SINCE DEC 1     14.79                     15.50  -0.71    20.63
  SINCE JAN 1      8.88                      9.73  -0.85     9.95

SNOWFALL (IN)
  YESTERDAY        0.0
  MONTH TO DATE    0.0
  SINCE DEC 1      T
  SINCE JUL 1      T
  SNOW DEPTH       0

DEGREE DAYS
 HEATING
  YESTERDAY        4                        16    -12       12
  MONTH TO DATE  322                       542   -220      515
  SINCE DEC 1   1303                      1925   -622     1598
  SINCE JUL 1   1567                      2452   -885     1892

 COOLING
  YESTERDAY        0                         0      0        0
  MONTH TO DATE    4                         1      3        1
  SINCE DEC 1      9                         3      6       24
  SINCE JAN 1      5                         1      4        1
..................................................................


WIND (MPH)
  HIGHEST WIND SPEED    16   HIGHEST WIND DIRECTION     S (160)
  HIGHEST GUST SPEED    22   HIGHEST GUST DIRECTION     S (180)
  AVERAGE WIND SPEED    10.3


SKY COVER
  POSSIBLE SUNSHINE  MM
  AVERAGE SKY COVER 1.0


WEATHER CONDITIONS
 THE FOLLOWING WEATHER WAS RECORDED YESTERDAY.
  THUNDERSTORM
  HEAVY RAIN
  RAIN
  LIGHT RAIN
  FOG


RELATIVE HUMIDITY (PERCENT)
 HIGHEST   100           500 AM
 LOWEST     86           100 AM
 AVERAGE    93

..........................................................


THE HUNTSVILLE CLIMATE NORMALS FOR TODAY
                         NORMAL    RECORD    YEAR
 MAXIMUM TEMPERATURE (F)   60        81      1932
 MINIMUM TEMPERATURE (F)   39        15      1980
                                             1920


SUNRISE AND SUNSET
MARCH  1 2017.........SUNRISE   616 AM CST   SUNSET   543 PM CST
MARCH  2 2017.........SUNRISE   615 AM CST   SUNSET   544 PM CST


-  INDICATES NEGATIVE NUMBERS.
R  INDICATES RECORD WAS SET OR TIED.
MM INDICATES DATA IS MISSING.
T  INDICATES TRACE AMOUNT.




$$
