000
CDUS44 KHUN 240701
CLIHSV


CLIMATE REPORT
NATIONAL WEATHER SERVICE HUNTSVILLE AL
201 AM CDT TUE MAY 24 2016


...................................

...THE HUNTSVILLE CLIMATE SUMMARY FOR MAY 23 2016...

CLIMATE NORMAL PERIOD 1981 TO 2010
CLIMATE RECORD PERIOD 1894 TO 2016


WEATHER ITEM   OBSERVED TIME   RECORD YEAR NORMAL DEPARTURE LAST
                VALUE   (LST)  VALUE       VALUE  FROM      YEAR
                                                  NORMAL
..................................................................
TEMPERATURE (F)
 YESTERDAY
  MAXIMUM         87    239 PM  95    2010  83      4       85
  MINIMUM         52    256 AM  45    1954  61     -9       52
                                      1931
  AVERAGE         70                        72     -2       69

PRECIPITATION (IN)
  YESTERDAY        0.00          1.85 1930   0.15  -0.15     0.00
  MONTH TO DATE    1.62                      3.89  -2.27     1.73
  SINCE MAR 1      8.35                     13.42  -5.07    14.29
  SINCE JAN 1     18.30                     23.15  -4.85    22.03

SNOWFALL (IN)
  YESTERDAY        0.0
  MONTH TO DATE    0.0
  SINCE MAR 1      T
  SINCE JUL 1      0.4
  SNOW DEPTH       0

DEGREE DAYS
 HEATING
  YESTERDAY        0                         0      0        0
  MONTH TO DATE   20                        25     -5       14
  SINCE MAR 1    357                       547   -190      389
  SINCE JUL 1   2253                      2999   -746     3030

 COOLING
  YESTERDAY        5                         8     -3        4
  MONTH TO DATE   98                       122    -24      173
  SINCE MAR 1    188                       193     -5      236
  SINCE JAN 1    189                       194     -5      236
..................................................................


WIND (MPH)
  HIGHEST WIND SPEED    13   HIGHEST WIND DIRECTION    NW (320)
  HIGHEST GUST SPEED    17   HIGHEST GUST DIRECTION    NW (300)
  AVERAGE WIND SPEED     2.5


SKY COVER
  POSSIBLE SUNSHINE  MM
  AVERAGE SKY COVER 0.2


WEATHER CONDITIONS
 THE FOLLOWING WEATHER WAS RECORDED YESTERDAY.
  NO SIGNIFICANT WEATHER WAS OBSERVED.


RELATIVE HUMIDITY (PERCENT)
 HIGHEST    89           300 AM
 LOWEST     23          1200 PM
 AVERAGE    56

..........................................................


THE HUNTSVILLE CLIMATE NORMALS FOR TODAY
                         NORMAL    RECORD    YEAR
 MAXIMUM TEMPERATURE (F)   83        96      1996
                                             1944
                                             1933
 MINIMUM TEMPERATURE (F)   62        43      1931


SUNRISE AND SUNSET
MAY 24 2016...........SUNRISE   538 AM CDT   SUNSET   750 PM CDT
MAY 25 2016...........SUNRISE   538 AM CDT   SUNSET   751 PM CDT


-  INDICATES NEGATIVE NUMBERS.
R  INDICATES RECORD WAS SET OR TIED.
MM INDICATES DATA IS MISSING.
T  INDICATES TRACE AMOUNT.




$$
