000
CDUS44 KHUN 250736
CLIHSV


CLIMATE REPORT
NATIONAL WEATHER SERVICE HUNTSVILLE AL
236 AM CDT MON MAY 25 2015


...................................

...THE HUNTSVILLE CLIMATE SUMMARY FOR MAY 24 2015...

CLIMATE NORMAL PERIOD 1981 TO 2010
CLIMATE RECORD PERIOD 1894 TO 2015


WEATHER ITEM   OBSERVED TIME   RECORD YEAR NORMAL DEPARTURE LAST
                VALUE   (LST)  VALUE       VALUE  FROM      YEAR
                                                  NORMAL
..................................................................
TEMPERATURE (F)
 YESTERDAY
  MAXIMUM         88    122 PM  96    1996  83      5       88
                                      1944
                                      1933
  MINIMUM         65    418 AM  43    1931  62      3       64
  AVERAGE         77                        72      5       76

PRECIPITATION (IN)
  YESTERDAY        0.11          1.79 1940   0.16  -0.05     0.00
  MONTH TO DATE    1.84                      4.05  -2.21     2.14
  SINCE MAR 1     14.40                     13.58   0.82    12.94
  SINCE JAN 1     22.14                     23.31  -1.17    22.81

SNOWFALL (IN)
  YESTERDAY        0.0
  MONTH TO DATE    0.0
  SINCE MAR 1      1.0
  SINCE JUL 1      9.8
  SNOW DEPTH       0

DEGREE DAYS
 HEATING
  YESTERDAY        0                         0      0        0
  MONTH TO DATE   14                        25    -11       38
  SINCE MAR 1    389                       547   -158      628
  SINCE JUL 1   3030                      2999     31     3463

 COOLING
  YESTERDAY       12                         8      4       11
  MONTH TO DATE  185                       130     55      143
  SINCE MAR 1    248                       201     47      185
  SINCE JAN 1    248                       202     46      186
..................................................................


WIND (MPH)
  HIGHEST WIND SPEED    23   HIGHEST WIND DIRECTION    SW (220)
  HIGHEST GUST SPEED    33   HIGHEST GUST DIRECTION    SW (220)
  AVERAGE WIND SPEED    12.1


SKY COVER
  POSSIBLE SUNSHINE  MM
  AVERAGE SKY COVER 0.5


WEATHER CONDITIONS
 THE FOLLOWING WEATHER WAS RECORDED YESTERDAY.
  LIGHT RAIN


RELATIVE HUMIDITY (PERCENT)
 HIGHEST    90          1000 PM
 LOWEST     48           100 PM
 AVERAGE    69

..........................................................


THE HUNTSVILLE CLIMATE NORMALS FOR TODAY
                         NORMAL    RECORD    YEAR
 MAXIMUM TEMPERATURE (F)   84        97      1926
                                             1921
 MINIMUM TEMPERATURE (F)   62        45      1942
                                             1935


SUNRISE AND SUNSET
MAY 25 2015...........SUNRISE   538 AM CDT   SUNSET   750 PM CDT
MAY 26 2015...........SUNRISE   538 AM CDT   SUNSET   751 PM CDT


-  INDICATES NEGATIVE NUMBERS.
R  INDICATES RECORD WAS SET OR TIED.
MM INDICATES DATA IS MISSING.
T  INDICATES TRACE AMOUNT.




$$
