000
CDUS44 KHUN 240703
CLIHSV


CLIMATE REPORT
NATIONAL WEATHER SERVICE HUNTSVILLE AL
203 AM CDT SUN SEP 24 2017


...................................

...THE HUNTSVILLE CLIMATE SUMMARY FOR SEPTEMBER 23 2017...

CLIMATE NORMAL PERIOD 1981 TO 2010
CLIMATE RECORD PERIOD 1894 TO 2017


WEATHER ITEM   OBSERVED TIME   RECORD YEAR NORMAL DEPARTURE LAST
                VALUE   (LST)  VALUE       VALUE  FROM      YEAR
                                                  NORMAL
..................................................................
TEMPERATURE (F)
 YESTERDAY
  MAXIMUM         92    157 PM 103    1931  82     10       97
  MINIMUM         70   1159 PM  40    1913  60     10       68
  AVERAGE         81                        71     10       83

PRECIPITATION (IN)
  YESTERDAY        0.02          1.87 1975   0.14  -0.12     0.00
  MONTH TO DATE    2.71                      2.82  -0.11     0.47
  SINCE SEP 1      2.71                      2.82  -0.11     0.47
  SINCE JAN 1     42.92                     39.14   3.78    32.98

SNOWFALL (IN)
  YESTERDAY        0.0
  MONTH TO DATE    0.0
  SINCE SEP 1      0.0
  SINCE JUL 1      0.0
  SNOW DEPTH       0

DEGREE DAYS
 HEATING
  YESTERDAY        0                         1     -1        0
  MONTH TO DATE   11                         4      7        0
  SINCE SEP 1     11                         4      7        0
  SINCE JUL 1     11                         4      7        0

 COOLING
  YESTERDAY       16                         7      9       18
  MONTH TO DATE  163                       235    -72      383
  SINCE SEP 1    163                       235    -72      383
  SINCE JAN 1   1891                      1830     61     2288
..................................................................


WIND (MPH)
  HIGHEST WIND SPEED    20   HIGHEST WIND DIRECTION     N (20)
  HIGHEST GUST SPEED    25   HIGHEST GUST DIRECTION     N (20)
  AVERAGE WIND SPEED     3.4


SKY COVER
  POSSIBLE SUNSHINE  MM
  AVERAGE SKY COVER 0.3


WEATHER CONDITIONS
 THE FOLLOWING WEATHER WAS RECORDED YESTERDAY.
  THUNDERSTORM
  LIGHT RAIN


RELATIVE HUMIDITY (PERCENT)
 HIGHEST   100          1200 AM
 LOWEST     49           200 PM
 AVERAGE    75

..........................................................


THE HUNTSVILLE CLIMATE NORMALS FOR TODAY
                         NORMAL    RECORD    YEAR
 MAXIMUM TEMPERATURE (F)   82        97      2016
 MINIMUM TEMPERATURE (F)   59        41      1983


SUNRISE AND SUNSET
SEPTEMBER 24 2017.....SUNRISE   637 AM CDT   SUNSET   641 PM CDT
SEPTEMBER 25 2017.....SUNRISE   637 AM CDT   SUNSET   639 PM CDT


-  INDICATES NEGATIVE NUMBERS.
R  INDICATES RECORD WAS SET OR TIED.
MM INDICATES DATA IS MISSING.
T  INDICATES TRACE AMOUNT.




$$
