102
CDUS44 KHUN 240802
CLIHSV


CLIMATE REPORT
NATIONAL WEATHER SERVICE HUNTSVILLE AL
201 AM CST FRI NOV 24 2017


...................................

...THE HUNTSVILLE CLIMATE SUMMARY FOR NOVEMBER 23 2017...

CLIMATE NORMAL PERIOD 1981 TO 2010
CLIMATE RECORD PERIOD 1894 TO 2017


WEATHER ITEM   OBSERVED TIME   RECORD YEAR NORMAL DEPARTURE LAST
                VALUE   (LST)  VALUE       VALUE  FROM      YEAR
                                                  NORMAL
..................................................................
TEMPERATURE (F)
 YESTERDAY
  MAXIMUM         60    326 PM  79    1921  61     -1       73
  MINIMUM         25    645 AM  15    1976  40    -15       43
  AVERAGE         43                        50     -7       58

PRECIPITATION (IN)
  YESTERDAY        0.00          3.02 1986   0.18  -0.18     0.02
  MONTH TO DATE    0.85                      3.61  -2.76     0.23
  SINCE SEP 1      8.87                     10.92  -2.05     1.47
  SINCE JAN 1     49.08                     47.24   1.84    33.98

SNOWFALL (IN)
  YESTERDAY        0.0
  MONTH TO DATE    0.0
  SINCE SEP 1      0.0
  SINCE JUL 1      0.0
  SNOW DEPTH       0

DEGREE DAYS
 HEATING
  YESTERDAY       22                        15      7        7
  MONTH TO DATE  247                       262    -15      166
  SINCE SEP 1    389                       413    -24      190
  SINCE JUL 1    389                       413    -24      190

 COOLING
  YESTERDAY        0                         0      0        0
  MONTH TO DATE   29                         7     22       28
  SINCE SEP 1    386                       352     34      643
  SINCE JAN 1   2114                      1947    167     2548
..................................................................


WIND (MPH)
  HIGHEST WIND SPEED    12   HIGHEST WIND DIRECTION     N (10)
  HIGHEST GUST SPEED    14   HIGHEST GUST DIRECTION     N (360)
  AVERAGE WIND SPEED     2.8


SKY COVER
  POSSIBLE SUNSHINE  MM
  AVERAGE SKY COVER 0.1


WEATHER CONDITIONS
 THE FOLLOWING WEATHER WAS RECORDED YESTERDAY.
  NO SIGNIFICANT WEATHER WAS OBSERVED.


RELATIVE HUMIDITY (PERCENT)
 HIGHEST    92          1100 PM
 LOWEST     37           200 PM
 AVERAGE    65

..........................................................


THE HUNTSVILLE CLIMATE NORMALS FOR TODAY
                         NORMAL    RECORD    YEAR
 MAXIMUM TEMPERATURE (F)   60        80      1921
 MINIMUM TEMPERATURE (F)   39        15      1970


SUNRISE AND SUNSET
NOVEMBER 24 2017......SUNRISE   630 AM CST   SUNSET   438 PM CST
NOVEMBER 25 2017......SUNRISE   631 AM CST   SUNSET   437 PM CST


-  INDICATES NEGATIVE NUMBERS.
R  INDICATES RECORD WAS SET OR TIED.
MM INDICATES DATA IS MISSING.
T  INDICATES TRACE AMOUNT.




$$
