000
CDUS44 KHUN 262227
CLIHSV


CLIMATE REPORT
NATIONAL WEATHER SERVICE HUNTSVILLE AL
427 PM CST THU FEB 26 2015


...................................

...THE HUNTSVILLE CLIMATE SUMMARY FOR FEBRUARY 26 2015...
VALID TODAY AS OF 0400 PM LOCAL TIME.

CLIMATE NORMAL PERIOD 1981 TO 2010
CLIMATE RECORD PERIOD 1894 TO 2015


WEATHER ITEM   OBSERVED TIME   RECORD YEAR NORMAL DEPARTURE LAST
                VALUE   (LST)  VALUE       VALUE  FROM      YEAR
                                                  NORMAL
..................................................................
TEMPERATURE (F)
 TODAY
  MAXIMUM         44    238 PM  78    1951  59    -15       41
  MINIMUM         28    653 AM  11    1967  38    -10       23
  AVERAGE         36                        49    -13       32

PRECIPITATION (IN)
  TODAY            0.01          2.92 1971   0.17  -0.16      T
  MONTH TO DATE    3.77                      4.48  -0.71     6.55
  SINCE DEC 1     13.47                     15.14  -1.67    16.42
  SINCE JAN 1      7.74                      9.37  -1.63     9.85

SNOWFALL (IN)
  TODAY           MM
  MONTH TO DATE    8.7
  SINCE DEC 1      8.7
  SINCE JUL 1      8.7
  SNOW DEPTH       6

DEGREE DAYS
 HEATING
  TODAY           29                        16     13       33
  MONTH TO DATE  691                       510    181      556
  SINCE DEC 1   1971                      1893     78     2145
  SINCE JUL 1   2587                      2420    167     2780

 COOLING
  TODAY            0                         0      0        0
  MONTH TO DATE    0                         0      0        1
  SINCE DEC 1      0                         2     -2        6
  SINCE JAN 1      0                         0      0        1
..................................................................


WIND (MPH)
  HIGHEST WIND SPEED    13   HIGHEST WIND DIRECTION     N (340)
  HIGHEST GUST SPEED    18   HIGHEST GUST DIRECTION     N (340)
  AVERAGE WIND SPEED     4.6


SKY COVER
  POSSIBLE SUNSHINE  MM
  AVERAGE SKY COVER 0.8


WEATHER CONDITIONS
 THE FOLLOWING WEATHER WAS RECORDED TODAY.
  LIGHT SNOW
  FOG
  HAZE


RELATIVE HUMIDITY (PERCENT)
 HIGHEST    92           200 AM
 LOWEST     53           200 PM
 AVERAGE    73

..........................................................


THE HUNTSVILLE CLIMATE NORMALS FOR TOMORROW
                         NORMAL    RECORD    YEAR
 MAXIMUM TEMPERATURE (F)   60        78      1962
                                             1954
 MINIMUM TEMPERATURE (F)   38         9      1934


SUNRISE AND SUNSET
FEBRUARY 26 2015......SUNRISE   620 AM CST   SUNSET   540 PM CST
FEBRUARY 27 2015......SUNRISE   619 AM CST   SUNSET   541 PM CST


-  INDICATES NEGATIVE NUMBERS.
R  INDICATES RECORD WAS SET OR TIED.
MM INDICATES DATA IS MISSING.
T  INDICATES TRACE AMOUNT.




$$
