000
CDUS44 KHUN 210708
CLIHSV


CLIMATE REPORT
NATIONAL WEATHER SERVICE HUNTSVILLE AL
207 AM CDT FRI JUL 21 2017


...................................

...THE HUNTSVILLE CLIMATE SUMMARY FOR JULY 20 2017...

CLIMATE NORMAL PERIOD 1981 TO 2010
CLIMATE RECORD PERIOD 1894 TO 2017


WEATHER ITEM   OBSERVED TIME   RECORD YEAR NORMAL DEPARTURE LAST
                VALUE   (LST)  VALUE       VALUE  FROM      YEAR
                                                  NORMAL
..................................................................
TEMPERATURE (F)
 YESTERDAY
  MAXIMUM         98    321 PM 102    1926  91      7       99
                                      1913
  MINIMUM         75    521 AM  56    2009  71      4       73
  AVERAGE         87                        81      6       86

PRECIPITATION (IN)
  YESTERDAY        0.00          1.41 1988   0.12  -0.12     0.10
  MONTH TO DATE    4.07                      2.75   1.32     4.26
  SINCE JUN 1     10.83                      7.04   3.79     8.66
  SINCE JAN 1     33.55                     31.41   2.14    26.96

SNOWFALL (IN)
  YESTERDAY        0.0
  MONTH TO DATE    0.0
  SINCE JUN 1      0.0
  SINCE JUL 1      0.0
  SNOW DEPTH       0

DEGREE DAYS
 HEATING
  YESTERDAY        0                         0      0        0
  MONTH TO DATE    0                         0      0        0
  SINCE JUN 1      0                         1     -1        0
  SINCE JUL 1      0                         0      0        0

 COOLING
  YESTERDAY       22                        16      6       21
  MONTH TO DATE  344                       312     32      363
  SINCE JUN 1    709                       692     17      843
  SINCE JAN 1   1098                       955    143     1130
..................................................................


WIND (MPH)
  HIGHEST WIND SPEED    12   HIGHEST WIND DIRECTION     N (340)
  HIGHEST GUST SPEED    17   HIGHEST GUST DIRECTION    NW (330)
  AVERAGE WIND SPEED     3.1


SKY COVER
  POSSIBLE SUNSHINE  MM
  AVERAGE SKY COVER 0.4


WEATHER CONDITIONS
 THE FOLLOWING WEATHER WAS RECORDED YESTERDAY.
  FOG


RELATIVE HUMIDITY (PERCENT)
 HIGHEST   100           400 AM
 LOWEST     45           300 PM
 AVERAGE    73

..........................................................


THE HUNTSVILLE CLIMATE NORMALS FOR TODAY
                         NORMAL    RECORD    YEAR
 MAXIMUM TEMPERATURE (F)   91       103      1926
 MINIMUM TEMPERATURE (F)   71        59      1947


SUNRISE AND SUNSET
JULY 21 2017..........SUNRISE   549 AM CDT   SUNSET   757 PM CDT
JULY 22 2017..........SUNRISE   550 AM CDT   SUNSET   757 PM CDT


-  INDICATES NEGATIVE NUMBERS.
R  INDICATES RECORD WAS SET OR TIED.
MM INDICATES DATA IS MISSING.
T  INDICATES TRACE AMOUNT.




$$
