000
CDUS43 KAPX 230530
CLIHTL


CLIMATE REPORT
NATIONAL WEATHER SERVICE GAYLORD MI
130 AM EDT SAT JUL 23 2016


...................................

...THE HOUGHTON LAKE MI CLIMATE SUMMARY FOR JULY 22 2016...

CLIMATE NORMAL PERIOD 1981 TO 2010
CLIMATE RECORD PERIOD 1913 TO 2016


WEATHER ITEM   OBSERVED TIME   RECORD YEAR NORMAL DEPARTURE LAST
                VALUE   (LST)  VALUE       VALUE  FROM      YEAR
                                                  NORMAL
..................................................................
TEMPERATURE (F)
 YESTERDAY
  MAXIMUM         92    350 PM  95    1935  80     12       78
  MINIMUM         62   1127 PM  43    1938  55      7       49
                                      1920
  AVERAGE         77                        67     10       64

PRECIPITATION (IN)
  YESTERDAY        0.00          1.89 2010   0.10  -0.10     0.00
  MONTH TO DATE    2.60                      1.89   0.71     1.39
  SINCE JUN 1      5.36                      4.99   0.37     4.55
  SINCE JAN 1     19.43                     14.85   4.58    13.17

DEGREE DAYS
 HEATING
  YESTERDAY        0                         1     -1        1
  MONTH TO DATE   27                        34     -7       48
  SINCE JUN 1    132                       158    -26      165
  SINCE JUL 1     27                        34     -7       48

 COOLING
  YESTERDAY       12                         4      8        0
  MONTH TO DATE  109                        85     24       57
  SINCE JUN 1    153                       144      9       77
  SINCE JAN 1    182                       160     22      102
..................................................................


WIND (MPH)
  HIGHEST WIND SPEED    16   HIGHEST WIND DIRECTION    NW (310)
  HIGHEST GUST SPEED    20   HIGHEST GUST DIRECTION    NW (310)
  AVERAGE WIND SPEED     6.9




RELATIVE HUMIDITY (PERCENT)
 HIGHEST    93
 LOWEST     23
 AVERAGE    58

..........................................................


THE HOUGHTON LAKE MI CLIMATE NORMALS FOR TODAY
                         NORMAL    RECORD    YEAR
 MAXIMUM TEMPERATURE (F)   80        95      1940
 MINIMUM TEMPERATURE (F)   55        35      1947


SUNRISE AND SUNSET
JULY 23 2016..........SUNRISE   617 AM EDT   SUNSET   913 PM EDT
JULY 24 2016..........SUNRISE   618 AM EDT   SUNSET   912 PM EDT


-  INDICATES NEGATIVE NUMBERS.
R  INDICATES RECORD WAS SET OR TIED.
MM INDICATES DATA IS MISSING.
T  INDICATES TRACE AMOUNT.




$$
