000
CDUS43 KAPX 120531
CLIHTL


CLIMATE REPORT
NATIONAL WEATHER SERVICE GAYLORD MI
1230 AM EST FRI FEB 12 2016


...................................

...THE HOUGHTON LAKE MI CLIMATE SUMMARY FOR FEBRUARY 11 2016...

CLIMATE NORMAL PERIOD 1981 TO 2010
CLIMATE RECORD PERIOD 1913 TO 2016


WEATHER ITEM   OBSERVED TIME   RECORD YEAR NORMAL DEPARTURE LAST
                VALUE   (LST)  VALUE       VALUE  FROM      YEAR
                                                  NORMAL
..................................................................
TEMPERATURE (F)
 YESTERDAY
  MAXIMUM         17    502 PM  58    1932  28    -11       27
  MINIMUM          0    229 AM -20    2003  10    -10       13
  AVERAGE          9                        19    -10       20

PRECIPITATION (IN)
  YESTERDAY        0.01          1.79 1932   0.04  -0.03     0.07
  MONTH TO DATE    0.80                      0.42   0.38     0.30
  SINCE DEC 1      6.13                      3.58   2.55     2.92
  SINCE JAN 1      2.56                      1.93   0.63     1.49

SNOWFALL (IN)
  YESTERDAY        T             6.5  1985   0.5   -0.5      1.0
  MONTH TO DATE    3.9                       5.3   -1.4      4.1
  SINCE OCT 1     26.8                      47.4  -20.6     34.8
  SINCE JUL 1     26.8                      47.4  -20.6     34.8
  SNOW DEPTH      10

DEGREE DAYS
 HEATING
  YESTERDAY       56                        46     10       45
  MONTH TO DATE  449                       513    -64      564
  SINCE DEC 1   2689                      3242   -553     3277
  SINCE JUL 1   4168                      5125   -957     5280
..................................................................


WIND (MPH)
  HIGHEST WIND SPEED    16   HIGHEST WIND DIRECTION    NW (330)
  HIGHEST GUST SPEED    22   HIGHEST GUST DIRECTION     W (260)
  AVERAGE WIND SPEED     7.5




RELATIVE HUMIDITY (PERCENT)
 HIGHEST    87
 LOWEST     56
 AVERAGE    72

..........................................................


THE HOUGHTON LAKE MI CLIMATE NORMALS FOR TODAY
                         NORMAL    RECORD    YEAR
 MAXIMUM TEMPERATURE (F)   29        54      1932
 MINIMUM TEMPERATURE (F)   10       -24      1981
                                             1967


SUNRISE AND SUNSET
FEBRUARY 12 2016......SUNRISE   744 AM EST   SUNSET   603 PM EST
FEBRUARY 13 2016......SUNRISE   742 AM EST   SUNSET   604 PM EST


-  INDICATES NEGATIVE NUMBERS.
R  INDICATES RECORD WAS SET OR TIED.
MM INDICATES DATA IS MISSING.
T  INDICATES TRACE AMOUNT.




$$
