000
CDUS43 KAPX 210531
CLIHTL


CLIMATE REPORT
NATIONAL WEATHER SERVICE GAYLORD MI
1230 AM EST TUE FEB 21 2017


...................................

...THE HOUGHTON LAKE MI CLIMATE SUMMARY FOR FEBRUARY 20 2017...

CLIMATE NORMAL PERIOD 1981 TO 2010
CLIMATE RECORD PERIOD 1913 TO 2017


WEATHER ITEM   OBSERVED TIME   RECORD YEAR NORMAL DEPARTURE LAST
                VALUE   (LST)  VALUE       VALUE  FROM      YEAR
                                                  NORMAL
..................................................................
TEMPERATURE (F)
 YESTERDAY
  MAXIMUM         49    242 PM  57    1930  31     18       44
  MINIMUM         24    637 AM -29    2015  11     13       37
  AVERAGE         37                        21     16       41

PRECIPITATION (IN)
  YESTERDAY        0.00          1.09 2002   0.04  -0.04     0.01
  MONTH TO DATE    0.66                      0.80  -0.14     1.06
  SINCE DEC 1      5.85                      3.96   1.89     6.39
  SINCE JAN 1      3.63                      2.31   1.32     2.82

SNOWFALL (IN)
  YESTERDAY        0.0           4.5  2005   0.5   -0.5      0.0
  MONTH TO DATE    2.3                       9.2   -6.9      6.5
  SINCE OCT 1     64.7                      51.3   13.4     29.4
  SINCE JUL 1     64.7                      51.3   13.4     29.4
  SNOW DEPTH       5

DEGREE DAYS
 HEATING
  YESTERDAY       28                        44    -16       24
  MONTH TO DATE  793                       918   -125      870
  SINCE DEC 1   3295                      3647   -352     3110
  SINCE JUL 1   4615                      5530   -915     4589
..................................................................


WIND (MPH)
  HIGHEST WIND SPEED    20   HIGHEST WIND DIRECTION    SE (120)
  HIGHEST GUST SPEED    24   HIGHEST GUST DIRECTION     E (110)
  AVERAGE WIND SPEED     8.2




RELATIVE HUMIDITY (PERCENT)
 HIGHEST    92
 LOWEST     49
 AVERAGE    71

..........................................................


THE HOUGHTON LAKE MI CLIMATE NORMALS FOR TODAY
                         NORMAL    RECORD    YEAR
 MAXIMUM TEMPERATURE (F)   31        57      1930
 MINIMUM TEMPERATURE (F)   12       -20      1946


SUNRISE AND SUNSET
FEBRUARY 21 2017......SUNRISE   729 AM EST   SUNSET   616 PM EST
FEBRUARY 22 2017......SUNRISE   727 AM EST   SUNSET   618 PM EST


-  INDICATES NEGATIVE NUMBERS.
R  INDICATES RECORD WAS SET OR TIED.
MM INDICATES DATA IS MISSING.
T  INDICATES TRACE AMOUNT.




$$
