000
CDUS43 KAPX 230529
CLIHTL


CLIMATE REPORT
NATIONAL WEATHER SERVICE GAYLORD MI
128 AM EDT WED JUL 23 2014


...................................

...THE HOUGHTON LAKE MI CLIMATE SUMMARY FOR JULY 22 2014...

CLIMATE NORMAL PERIOD 1981 TO 2010
CLIMATE RECORD PERIOD 1913 TO 2014


WEATHER ITEM   OBSERVED TIME   RECORD YEAR NORMAL DEPARTURE LAST
                VALUE   (LST)  VALUE       VALUE  FROM      YEAR
                                                  NORMAL
..................................................................
TEMPERATURE (F)
 YESTERDAY
  MAXIMUM         86    242 PM  95    1935  80      6       84
  MINIMUM         59    343 AM  43    1938  55      4       57
                                      1920
  AVERAGE         73                        67      6       71

PRECIPITATION (IN)
  YESTERDAY        0.42          1.89 2010   0.10   0.32      T
  MONTH TO DATE    2.33                      1.89   0.44     0.61
  SINCE JUN 1      4.95                      4.99  -0.04     1.90
  SINCE JAN 1     17.43                     14.85   2.58    17.84

DEGREE DAYS
 HEATING
  YESTERDAY        0                         1     -1        0
  MONTH TO DATE   65                        34     31       12
  SINCE JUN 1    139                       158    -19      114
  SINCE JUL 1     65                        34     31       12

 COOLING
  YESTERDAY        8                         4      4        6
  MONTH TO DATE   37                        85    -48      145
  SINCE JUN 1    110                       144    -34      224
  SINCE JAN 1    125                       160    -35      264
..................................................................


WIND (MPH)
  HIGHEST WIND SPEED    20   HIGHEST WIND DIRECTION     S (200)
  HIGHEST GUST SPEED    27   HIGHEST GUST DIRECTION    SW (210)
  AVERAGE WIND SPEED     9.8




RELATIVE HUMIDITY (PERCENT)
 HIGHEST   100
 LOWEST     51
 AVERAGE    76

..........................................................


THE HOUGHTON LAKE MI CLIMATE NORMALS FOR TODAY
                         NORMAL    RECORD    YEAR
 MAXIMUM TEMPERATURE (F)   80        95      1940
 MINIMUM TEMPERATURE (F)   55        35      1947


SUNRISE AND SUNSET
JULY 23 2014..........SUNRISE   616 AM EDT   SUNSET   914 PM EDT
JULY 24 2014..........SUNRISE   617 AM EDT   SUNSET   913 PM EDT


-  INDICATES NEGATIVE NUMBERS.
R  INDICATES RECORD WAS SET OR TIED.
MM INDICATES DATA IS MISSING.
T  INDICATES TRACE AMOUNT.




$$
