000
CDUS43 KAPX 300528
CLIHTL


CLIMATE REPORT
NATIONAL WEATHER SERVICE GAYLORD MI
127 AM EDT SUN AUG 30 2015


...................................

...THE HOUGHTON LAKE MI CLIMATE SUMMARY FOR AUGUST 29 2015...

CLIMATE NORMAL PERIOD 1981 TO 2010
CLIMATE RECORD PERIOD 1913 TO 2015


WEATHER ITEM   OBSERVED TIME   RECORD YEAR NORMAL DEPARTURE LAST
                VALUE   (LST)  VALUE       VALUE  FROM      YEAR
                                                  NORMAL
..................................................................
TEMPERATURE (F)
 YESTERDAY
  MAXIMUM         70    345 PM  94    1925  75     -5       72
  MINIMUM         53   1159 PM  29    1982  51      2       54
  AVERAGE         62                        63     -1       63

PRECIPITATION (IN)
  YESTERDAY        0.16          1.44 1932   0.10   0.06     0.08
  MONTH TO DATE    3.27                      3.19   0.08     2.07
  SINCE JUN 1      7.89                      9.05  -1.16     7.36
  SINCE JAN 1     16.51                     18.91  -2.40    19.84

DEGREE DAYS
 HEATING
  YESTERDAY        3                         4     -1        2
  MONTH TO DATE   42                        72    -30       52
  SINCE JUN 1    207                       243    -36      230
  SINCE JUL 1     90                       119    -29      156

 COOLING
  YESTERDAY        0                         2     -2        0
  MONTH TO DATE   91                        74     17       47
  SINCE JUN 1    227                       245    -18      167
  SINCE JAN 1    252                       261     -9      182
..................................................................


WIND (MPH)
  HIGHEST WIND SPEED    13   HIGHEST WIND DIRECTION     W (260)
  HIGHEST GUST SPEED    16   HIGHEST GUST DIRECTION     W (250)
  AVERAGE WIND SPEED     4.1




RELATIVE HUMIDITY (PERCENT)
 HIGHEST   100
 LOWEST     68
 AVERAGE    84

..........................................................


THE HOUGHTON LAKE MI CLIMATE NORMALS FOR TODAY
                         NORMAL    RECORD    YEAR
 MAXIMUM TEMPERATURE (F)   75        97      1925
 MINIMUM TEMPERATURE (F)   50        29      1931


SUNRISE AND SUNSET
AUGUST 30 2015........SUNRISE   659 AM EDT   SUNSET   819 PM EDT
AUGUST 31 2015........SUNRISE   700 AM EDT   SUNSET   817 PM EDT


-  INDICATES NEGATIVE NUMBERS.
R  INDICATES RECORD WAS SET OR TIED.
MM INDICATES DATA IS MISSING.
T  INDICATES TRACE AMOUNT.




$$
