000
CDUS43 KAPX 302127
CLIHTL


CLIMATE REPORT
NATIONAL WEATHER SERVICE GAYLORD MI
527 PM EDT THU MAR 30 2017


...................................

...THE HOUGHTON LAKE MI CLIMATE SUMMARY FOR MARCH 30 2017...
VALID TODAY AS OF 0500 PM LOCAL TIME.

CLIMATE NORMAL PERIOD 1981 TO 2010
CLIMATE RECORD PERIOD 1913 TO 2017


WEATHER ITEM   OBSERVED TIME   RECORD YEAR NORMAL DEPARTURE LAST
                VALUE   (LST)  VALUE       VALUE  FROM      YEAR
                                                  NORMAL
..................................................................
TEMPERATURE (F)
 TODAY
  MAXIMUM         41   1224 PM  75    1938  46     -5       54
  MINIMUM         32    200 AM   0    1921  24      8       36
  AVERAGE         37                        35      2       45

PRECIPITATION (IN)
  TODAY            T             0.97 1979   0.07  -0.07     0.07
  MONTH TO DATE    2.47                      1.77   0.70     3.52
  SINCE MAR 1      2.47                      1.77   0.70     3.52
  SINCE JAN 1      7.95                      4.49   3.46     6.64

SNOWFALL (IN)
  TODAY            T             4.2  1942   0.2             0.0
  MONTH TO DATE    9.4                       8.1            13.1
  SINCE OCT 1     75.8                      62.6            46.5
  SINCE JUL 1     75.8                      62.6            46.5

DEGREE DAYS
 HEATING
  TODAY           28                        30     -2       20
  MONTH TO DATE 1065                      1084    -19      909
  SINCE MAR 1   1065                      1084    -19      909
  SINCE JUL 1   5915                      6956  -1041     5822

 COOLING
  TODAY            0                         0      0        0
  MONTH TO DATE    0                         0      0        0
  SINCE MAR 1      0                         0      0        0
  SINCE JAN 1      0                         0      0        0
..................................................................


WIND (MPH)
  RESULTANT WIND SPEED  13   RESULTANT WIND DIRECTION   E (90)
  HIGHEST WIND SPEED    23   HIGHEST WIND DIRECTION     E (80)
  HIGHEST GUST SPEED    30   HIGHEST GUST DIRECTION     E (70)
  AVERAGE WIND SPEED    13.6


SKY COVER
  POSSIBLE SUNSHINE  MM
  AVERAGE SKY COVER 1.0


WEATHER CONDITIONS
 THE FOLLOWING WEATHER WAS RECORDED TODAY.
  LIGHT SNOW
  FOG


RELATIVE HUMIDITY (PERCENT)
 HIGHEST    82           700 AM
 LOWEST     59           100 PM
 AVERAGE    71

..........................................................


THE HOUGHTON LAKE MI CLIMATE NORMALS FOR TOMORROW
                         NORMAL    RECORD    YEAR
 MAXIMUM TEMPERATURE (F)   46        74      2010
 MINIMUM TEMPERATURE (F)   25       -10      1923


SUNRISE AND SUNSET
MARCH 30 2017.........SUNRISE   723 AM EDT   SUNSET   804 PM EDT
MARCH 31 2017.........SUNRISE   721 AM EDT   SUNSET   805 PM EDT


-  INDICATES NEGATIVE NUMBERS.
R  INDICATES RECORD WAS SET OR TIED.
MM INDICATES DATA IS MISSING.
T  INDICATES TRACE AMOUNT.




$$
