000
CDUS43 KAPX 290526
CLIHTL


CLIMATE REPORT
NATIONAL WEATHER SERVICE GAYLORD MI
125 AM EDT SAT JUL 29 2017


...................................

...THE HOUGHTON LAKE MI CLIMATE SUMMARY FOR JULY 28 2017...

CLIMATE NORMAL PERIOD 1981 TO 2010
CLIMATE RECORD PERIOD 1913 TO 2017


WEATHER ITEM   OBSERVED TIME   RECORD YEAR NORMAL DEPARTURE LAST
                VALUE   (LST)  VALUE       VALUE  FROM      YEAR
                                                  NORMAL
..................................................................
TEMPERATURE (F)
 YESTERDAY
  MAXIMUM         76    314 PM  98    1931  79     -3       81
  MINIMUM         49   1159 PM  40    1978  55     -6       62
                                      1943
                                      1925
  AVERAGE         63                        67     -4       72

PRECIPITATION (IN)
  YESTERDAY        0.00          0.69 2002   0.09  -0.09      T
  MONTH TO DATE    2.14                      2.46  -0.32     2.81
  SINCE JUN 1      6.98                      5.56   1.42     5.57
  SINCE JAN 1     22.89                     15.42   7.47    19.64

DEGREE DAYS
 HEATING
  YESTERDAY        2                         1      1        0
  MONTH TO DATE   11                        40    -29       27
  SINCE JUN 1     79                       164    -85      132
  SINCE JUL 1     11                        40    -29       27

 COOLING
  YESTERDAY        0                         3     -3        7
  MONTH TO DATE   92                       107    -15      160
  SINCE JUN 1    175                       166      9      204
  SINCE JAN 1    189                       182      7      233
..................................................................


WIND (MPH)
  HIGHEST WIND SPEED    20   HIGHEST WIND DIRECTION    NE (60)
  HIGHEST GUST SPEED    29   HIGHEST GUST DIRECTION    NE (60)
  AVERAGE WIND SPEED     7.2




RELATIVE HUMIDITY (PERCENT)
 HIGHEST    93
 LOWEST     37
 AVERAGE    65

..........................................................


THE HOUGHTON LAKE MI CLIMATE NORMALS FOR TODAY
                         NORMAL    RECORD    YEAR
 MAXIMUM TEMPERATURE (F)   79        98      1941
 MINIMUM TEMPERATURE (F)   55        33      1928
                                             1925


SUNRISE AND SUNSET
JULY 29 2017..........SUNRISE   623 AM EDT   SUNSET   907 PM EDT
JULY 30 2017..........SUNRISE   624 AM EDT   SUNSET   906 PM EDT


-  INDICATES NEGATIVE NUMBERS.
R  INDICATES RECORD WAS SET OR TIED.
MM INDICATES DATA IS MISSING.
T  INDICATES TRACE AMOUNT.




$$
