000
CDUS43 KAPX 020610
CLIHTL


CLIMATE REPORT
NATIONAL WEATHER SERVICE GAYLORD MI
110 AM EST MON MAR 2 2015


...................................

...THE HOUGHTON LAKE MI CLIMATE SUMMARY FOR MARCH 1 2015...

CLIMATE NORMAL PERIOD 1981 TO 2010
CLIMATE RECORD PERIOD 1913 TO 2015


WEATHER ITEM   OBSERVED TIME   RECORD YEAR NORMAL DEPARTURE LAST
                VALUE   (LST)  VALUE       VALUE  FROM      YEAR
                                                  NORMAL
..................................................................
TEMPERATURE (F)
 YESTERDAY
  MAXIMUM         24    417 PM  53    1992  34    -10       15
  MINIMUM          8    401 AM -23    1967  13     -5        5
  AVERAGE         16                        24     -8       10

PRECIPITATION (IN)
  YESTERDAY        T             0.58 1972   0.05  -0.05     0.09
  MONTH TO DATE    T                         0.05  -0.05     0.09
  SINCE MAR 1      T                         0.05  -0.05     0.09
  SINCE JAN 1      1.81                      2.77  -0.96     2.89

SNOWFALL (IN)
  YESTERDAY        0.2           4.5  1943   0.4   -0.2      0.5
  MONTH TO DATE    0.2                       0.4   -0.2      0.5
  SINCE OCT 1     41.8                      54.9  -13.1     52.8
  SINCE JUL 1     41.8                      54.9  -13.1     52.8
  SNOW DEPTH      14

DEGREE DAYS
 HEATING
  YESTERDAY       49                        42      7       55
  MONTH TO DATE   49                        42      7       55
  SINCE MAR 1     49                        42      7       55
  SINCE JUL 1   6416                      5914    502     6503
..................................................................


WIND (MPH)
  HIGHEST WIND SPEED    20   HIGHEST WIND DIRECTION     W (270)
  HIGHEST GUST SPEED    27   HIGHEST GUST DIRECTION     W (280)
  AVERAGE WIND SPEED     7.1




RELATIVE HUMIDITY (PERCENT)
 HIGHEST    84
 LOWEST     53
 AVERAGE    69

..........................................................


THE HOUGHTON LAKE MI CLIMATE NORMALS FOR TODAY
                         NORMAL    RECORD    YEAR
 MAXIMUM TEMPERATURE (F)   34        56      1964
 MINIMUM TEMPERATURE (F)   14       -20      1943


SUNRISE AND SUNSET
MARCH  2 2015.........SUNRISE   715 AM EST   SUNSET   628 PM EST
MARCH  3 2015.........SUNRISE   713 AM EST   SUNSET   629 PM EST


-  INDICATES NEGATIVE NUMBERS.
R  INDICATES RECORD WAS SET OR TIED.
MM INDICATES DATA IS MISSING.
T  INDICATES TRACE AMOUNT.




$$
