000
CDUS43 KAPX 160539
CLIHTL


CLIMATE REPORT
NATIONAL WEATHER SERVICE GAYLORD MI
1239 AM EST SAT DEC 16 2017


...................................

...THE HOUGHTON LAKE MI CLIMATE SUMMARY FOR DECEMBER 15 2017...

CLIMATE NORMAL PERIOD 1981 TO 2010
CLIMATE RECORD PERIOD 1913 TO 2017


WEATHER ITEM   OBSERVED TIME   RECORD YEAR NORMAL DEPARTURE LAST
                VALUE   (LST)  VALUE       VALUE  FROM      YEAR
                                                  NORMAL
..................................................................
TEMPERATURE (F)
 YESTERDAY
  MAXIMUM         22    332 PM  50    2011  30     -8       13
  MINIMUM         16   1032 PM -11    1916  18     -2        4
  AVERAGE         19                        24     -5        9

PRECIPITATION (IN)
  YESTERDAY        0.11          1.39 1971   0.05   0.06      T
  MONTH TO DATE    1.06                      0.89   0.17     0.99
  SINCE DEC 1      1.06                      0.89   0.17     0.99
  SINCE JAN 1     36.66                     27.99   8.67    32.04

SNOWFALL (IN)
  YESTERDAY        2.0           7.6  1987   0.6    1.4       T
  MONTH TO DATE    9.5                       7.7    1.8     16.9
  SINCE OCT 1     14.9                      16.8   -1.9     27.9
  SINCE JUL 1     14.9                      16.8   -1.9     27.9
  SNOW DEPTH       7

DEGREE DAYS
 HEATING
  YESTERDAY       46                        41      5       56
  MONTH TO DATE  595                       580     15      589
  SINCE DEC 1    595                       580     15      589
  SINCE JUL 1   2196                      2463   -267     1909
..................................................................


WIND (MPH)
  HIGHEST WIND SPEED    18   HIGHEST WIND DIRECTION     W (270)
  HIGHEST GUST SPEED    25   HIGHEST GUST DIRECTION     W (270)
  AVERAGE WIND SPEED     9.5




RELATIVE HUMIDITY (PERCENT)
 HIGHEST    92
 LOWEST     71
 AVERAGE    82

..........................................................


THE HOUGHTON LAKE MI CLIMATE NORMALS FOR TODAY
                         NORMAL    RECORD    YEAR
 MAXIMUM TEMPERATURE (F)   30        55      1984
 MINIMUM TEMPERATURE (F)   17       -16      1919


SUNRISE AND SUNSET
DECEMBER 16 2017......SUNRISE   809 AM EST   SUNSET   500 PM EST
DECEMBER 17 2017......SUNRISE   809 AM EST   SUNSET   501 PM EST


-  INDICATES NEGATIVE NUMBERS.
R  INDICATES RECORD WAS SET OR TIED.
MM INDICATES DATA IS MISSING.
T  INDICATES TRACE AMOUNT.




$$
