000
CDUS43 KAPX 230537
CLIHTL


CLIMATE REPORT
NATIONAL WEATHER SERVICE GAYLORD MI
136 AM EDT SAT MAY 23 2015


...................................

...THE HOUGHTON LAKE MI CLIMATE SUMMARY FOR MAY 22 2015...

CLIMATE NORMAL PERIOD 1981 TO 2010
CLIMATE RECORD PERIOD 1913 TO 2015


WEATHER ITEM   OBSERVED TIME   RECORD YEAR NORMAL DEPARTURE LAST
                VALUE   (LST)  VALUE       VALUE  FROM      YEAR
                                                  NORMAL
..................................................................
TEMPERATURE (F)
 YESTERDAY
  MAXIMUM         60    242 PM  94    1927  68     -8       62
                                      1921
  MINIMUM         33   1141 PM  26    1924  43    -10       47
  AVERAGE         47                        56     -9       55

PRECIPITATION (IN)
  YESTERDAY        0.00          1.19 1957   0.10  -0.10     0.00
  MONTH TO DATE    1.66                      1.93  -0.27     2.87
  SINCE MAR 1      4.39                      6.25  -1.86     9.68
  SINCE JAN 1      6.20                      8.97  -2.77    12.48

DEGREE DAYS
 HEATING
  YESTERDAY       18                        10      8       10
  MONTH TO DATE  215                       281    -66      303
  SINCE MAR 1   2069                      2070     -1     2425
  SINCE JUL 1   8436                      7942    494     8873

 COOLING
  YESTERDAY        0                         1     -1        0
  MONTH TO DATE   10                         3      7        0
  SINCE MAR 1     10                         5      5        0
  SINCE JAN 1     10                         5      5        0
..................................................................


WIND (MPH)
  HIGHEST WIND SPEED    22   HIGHEST WIND DIRECTION    NW (310)
  HIGHEST GUST SPEED    33   HIGHEST GUST DIRECTION    NW (330)
  AVERAGE WIND SPEED     8.1




RELATIVE HUMIDITY (PERCENT)
 HIGHEST    82
 LOWEST     15
 AVERAGE    49

..........................................................


THE HOUGHTON LAKE MI CLIMATE NORMALS FOR TODAY
                         NORMAL    RECORD    YEAR
 MAXIMUM TEMPERATURE (F)   69        87      1936
 MINIMUM TEMPERATURE (F)   44        23      1926


SUNRISE AND SUNSET
MAY 23 2015...........SUNRISE   604 AM EDT   SUNSET   907 PM EDT
MAY 24 2015...........SUNRISE   603 AM EDT   SUNSET   908 PM EDT


-  INDICATES NEGATIVE NUMBERS.
R  INDICATES RECORD WAS SET OR TIED.
MM INDICATES DATA IS MISSING.
T  INDICATES TRACE AMOUNT.




$$
