000
CDUS41 KRLX 302116
CLIHTS


CLIMATE REPORT
NATIONAL WEATHER SERVICE CHARLESTON WV
516 PM EDT SUN APR 30 2017


...................................

...THE HUNTINGTON WV CLIMATE SUMMARY FOR APRIL 30 2017...
VALID TODAY AS OF 0500 PM LOCAL TIME.

CLIMATE NORMAL PERIOD 1981 TO 2010
CLIMATE RECORD PERIOD 1897 TO 2017


WEATHER ITEM   OBSERVED TIME   RECORD YEAR NORMAL DEPARTURE LAST
                VALUE   (LST)  VALUE       VALUE  FROM      YEAR
                                                  NORMAL
..................................................................
TEMPERATURE (F)
 TODAY
  MAXIMUM         89    239 PM  92    1942  72     17       62
                                      1899
  MINIMUM         69    624 AM  30    2008  49     20       54
  AVERAGE         79                        60     19       58

PRECIPITATION (IN)
  TODAY            0.00          1.91 1966   0.12  -0.12     0.44
  MONTH TO DATE    1.83                      3.44  -1.61     4.24
  SINCE MAR 1      5.91                      7.34  -1.43     6.91
  SINCE JAN 1     12.71                     13.38  -0.67    14.37

DEGREE DAYS
 HEATING
  TODAY            0                         6     -6        7
  MONTH TO DATE  139                       291   -152      251
  SINCE MAR 1    691                       887   -196      626
  SINCE JUL 1   3340                      4388  -1048     3661

 COOLING
  TODAY           14                         1     13        0
  MONTH TO DATE   68                        27     41       38
  SINCE MAR 1     70                        32     38       47
  SINCE JAN 1     71                        32     39       47
..................................................................


WIND (MPH)
  HIGHEST WIND SPEED    20   HIGHEST WIND DIRECTION     S (180)
  HIGHEST GUST SPEED    27   HIGHEST GUST DIRECTION     S (180)
  AVERAGE WIND SPEED     8.5


SKY COVER
  POSSIBLE SUNSHINE  MM
  AVERAGE SKY COVER 0.1


WEATHER CONDITIONS
 THE FOLLOWING WEATHER WAS RECORDED TODAY.
  NO SIGNIFICANT WEATHER WAS OBSERVED.


RELATIVE HUMIDITY (PERCENT)
 HIGHEST    79           700 AM
 LOWEST     36           400 PM
 AVERAGE    58

..........................................................


THE HUNTINGTON WV CLIMATE NORMALS FOR TOMORROW
                         NORMAL    RECORD    YEAR
 MAXIMUM TEMPERATURE (F)   72        92      1942
 MINIMUM TEMPERATURE (F)   49        32      1969
                                             1945


SUNRISE AND SUNSET
APRIL 30 2017.........SUNRISE   634 AM EDT   SUNSET   821 PM EDT
MAY  1 2017...........SUNRISE   633 AM EDT   SUNSET   822 PM EDT


-  INDICATES NEGATIVE NUMBERS.
R  INDICATES RECORD WAS SET OR TIED.
MM INDICATES DATA IS MISSING.
T  INDICATES TRACE AMOUNT.




$$
