000
CDUS41 KRLX 010716
CLIHTS


CLIMATE REPORT
NATIONAL WEATHER SERVICE CHARLESTON WV
315 AM EDT SAT OCT 1 2016


...................................

...THE HUNTINGTON WV CLIMATE SUMMARY FOR SEPTEMBER 30 2016...

CLIMATE NORMAL PERIOD 1981 TO 2010
CLIMATE RECORD PERIOD 1897 TO 2016


WEATHER ITEM   OBSERVED TIME   RECORD YEAR NORMAL DEPARTURE LAST
                VALUE   (LST)  VALUE       VALUE  FROM      YEAR
                                                  NORMAL
..................................................................
TEMPERATURE (F)
 YESTERDAY
  MAXIMUM         67    247 PM  97    1953  73     -6       67
  MINIMUM         52   1103 PM  31    1899  51      1       59
  AVERAGE         60                        62     -2       63

PRECIPITATION (IN)
  YESTERDAY        0.06          1.67 1959   0.09  -0.03      T
  MONTH TO DATE    1.85                      2.78  -0.93     4.23
  SINCE JAN 1     37.94                     33.03   4.91    39.03

SNOWFALL (IN)
  YESTERDAY        0.0
  MONTH TO DATE    0.0
  SINCE SEP 1      0.0
  SNOW DEPTH       0

DEGREE DAYS
 HEATING
  YESTERDAY        5                         5      0        2
  MONTH TO DATE   10                        55    -45       25
  SINCE SEP 1     10                        56    -46       25
  SINCE JUL 1     10                        58    -48       25

 COOLING
  YESTERDAY        0                         2     -2        0
  MONTH TO DATE  275                       134    141      161
  SINCE SEP 1    275                       134    141      161
  SINCE JAN 1   1525                      1111    414     1129
..................................................................


WIND (MPH)
  HIGHEST WIND SPEED    12   HIGHEST WIND DIRECTION     W (260)
  HIGHEST GUST SPEED    15   HIGHEST GUST DIRECTION     W (260)
  AVERAGE WIND SPEED     3.1


SKY COVER
  POSSIBLE SUNSHINE  MM


WEATHER CONDITIONS
 THE FOLLOWING WEATHER WAS RECORDED YESTERDAY.
  THUNDERSTORM
  LIGHT RAIN
  FOG
  FOG W/VISIBILITY <= 1/4 MILE


RELATIVE HUMIDITY (PERCENT)
 HIGHEST   100           100 AM
 LOWEST     67           500 PM
 AVERAGE    84

..........................................................


THE HUNTINGTON WV CLIMATE NORMALS FOR TODAY
                         NORMAL    RECORD    YEAR
 MAXIMUM TEMPERATURE (F)   73        90      1952
 MINIMUM TEMPERATURE (F)   50        30      1947


SUNRISE AND SUNSET
OCTOBER  1 2016.......SUNRISE   726 AM EDT   SUNSET   712 PM EDT
OCTOBER  2 2016.......SUNRISE   727 AM EDT   SUNSET   711 PM EDT


-  INDICATES NEGATIVE NUMBERS.
R  INDICATES RECORD WAS SET OR TIED.
MM INDICATES DATA IS MISSING.
T  INDICATES TRACE AMOUNT.




$$
