000
CDUS41 KRLX 232118
CLIHTS


CLIMATE REPORT
NATIONAL WEATHER SERVICE CHARLESTON WV
517 PM EDT WED APR 23 2014


...................................

...THE HUNTINGTON WV CLIMATE SUMMARY FOR APRIL 23 2014...
VALID TODAY AS OF 0500 PM LOCAL TIME.

CLIMATE NORMAL PERIOD 1981 TO 2010
CLIMATE RECORD PERIOD 1897 TO 2014


WEATHER ITEM   OBSERVED TIME   RECORD YEAR NORMAL DEPARTURE LAST
                VALUE   (LST)  VALUE       VALUE  FROM      YEAR
                                                  NORMAL
..................................................................
TEMPERATURE (F)
 TODAY
  MAXIMUM         62    352 PM  91    1960  70     -8       74
  MINIMUM         40    621 AM  26    1986  47     -7       44
  AVERAGE         51                        58     -7       59

PRECIPITATION (IN)
  TODAY            0.00          1.43 2011   0.12  -0.12     0.00
  MONTH TO DATE    1.34                      2.58  -1.24     2.07
  SINCE MAR 1      4.45                      6.48  -2.03     5.96
  SINCE JAN 1     11.81                     12.52  -0.71    11.64

DEGREE DAYS
 HEATING
  TODAY           14                         8      6        6
  MONTH TO DATE  177                       245    -68      200
  SINCE MAR 1    917                       841     76      961
  SINCE JUL 1   4678                      4342    336     4376

 COOLING
  TODAY            0                         1     -1        0
  MONTH TO DATE   14                        22     -8       43
  SINCE MAR 1     14                        27    -13       43
  SINCE JAN 1     14                        27    -13       43
..................................................................


WIND (MPH)
  HIGHEST WIND SPEED    15   HIGHEST WIND DIRECTION    NW (320)
  HIGHEST GUST SPEED    21   HIGHEST GUST DIRECTION     N (340)
  AVERAGE WIND SPEED     7.9


SKY COVER
  POSSIBLE SUNSHINE  MM
  AVERAGE SKY COVER 0.0


WEATHER CONDITIONS
 THE FOLLOWING WEATHER WAS RECORDED TODAY.
  NO SIGNIFICANT WEATHER WAS OBSERVED.


RELATIVE HUMIDITY (PERCENT)
 HIGHEST    64           600 AM
 LOWEST     32           300 PM
 AVERAGE    48

..........................................................


THE HUNTINGTON WV CLIMATE NORMALS FOR TOMORROW
                         NORMAL    RECORD    YEAR
 MAXIMUM TEMPERATURE (F)   71        91      1921
 MINIMUM TEMPERATURE (F)   47        29      1986


SUNRISE AND SUNSET
APRIL 23 2014.........SUNRISE   643 AM EDT   SUNSET   814 PM EDT
APRIL 24 2014.........SUNRISE   642 AM EDT   SUNSET   815 PM EDT


-  INDICATES NEGATIVE NUMBERS.
R  INDICATES RECORD WAS SET OR TIED.
MM INDICATES DATA IS MISSING.
T  INDICATES TRACE AMOUNT.




$$
