000
CDUS41 KRLX 312116
CLIHTS


CLIMATE REPORT
NATIONAL WEATHER SERVICE CHARLESTON WV
516 PM EDT WED AUG 31 2016


...................................

...THE HUNTINGTON WV CLIMATE SUMMARY FOR AUGUST 31 2016...
VALID TODAY AS OF 0500 PM LOCAL TIME.

CLIMATE NORMAL PERIOD 1981 TO 2010
CLIMATE RECORD PERIOD 1897 TO 2016


WEATHER ITEM   OBSERVED TIME   RECORD YEAR NORMAL DEPARTURE LAST
                VALUE   (LST)  VALUE       VALUE  FROM      YEAR
                                                  NORMAL
..................................................................
TEMPERATURE (F)
 TODAY
  MAXIMUM         93    218 PM 101    1953  84      9       89
  MINIMUM         63    624 AM  48    1946  62      1       63
  AVERAGE         78                        73      5       76

PRECIPITATION (IN)
  TODAY            0.00          1.73 1991   0.11  -0.11      T
  MONTH TO DATE    3.19                      3.74  -0.55     1.20
  SINCE JUN 1     16.37                     12.17   4.20    14.37
  SINCE JAN 1     36.01                     30.25   5.76    34.80

DEGREE DAYS
 HEATING
  TODAY            0                         0      0        0
  MONTH TO DATE    0                         0      0        0
  SINCE JUN 1      1                        14    -13       14
  SINCE JUL 1      0                         2     -2        0

 COOLING
  TODAY           13                         8      5       11
  MONTH TO DATE  438                       307    131      232
  SINCE JUN 1   1110                       864    246      802
  SINCE JAN 1   1250                       977    273      968
..................................................................


WIND (MPH)
  HIGHEST WIND SPEED    10   HIGHEST WIND DIRECTION    NW (310)
  HIGHEST GUST SPEED    13   HIGHEST GUST DIRECTION    NW (310)
  AVERAGE WIND SPEED     1.7


SKY COVER
  POSSIBLE SUNSHINE  MM
  AVERAGE SKY COVER 0.2


WEATHER CONDITIONS
 THE FOLLOWING WEATHER WAS RECORDED TODAY.
  FOG
  FOG W/VISIBILITY <= 1/4 MILE


RELATIVE HUMIDITY (PERCENT)
 HIGHEST   100           600 AM
 LOWEST     32           300 PM
 AVERAGE    66

..........................................................


THE HUNTINGTON WV CLIMATE NORMALS FOR TOMORROW
                         NORMAL    RECORD    YEAR
 MAXIMUM TEMPERATURE (F)   84       103      1953
                                             1932
 MINIMUM TEMPERATURE (F)   62        47      1946


SUNRISE AND SUNSET
AUGUST 31 2016........SUNRISE   659 AM EDT   SUNSET   801 PM EDT
SEPTEMBER  1 2016.....SUNRISE   700 AM EDT   SUNSET   759 PM EDT


-  INDICATES NEGATIVE NUMBERS.
R  INDICATES RECORD WAS SET OR TIED.
MM INDICATES DATA IS MISSING.
T  INDICATES TRACE AMOUNT.




$$
