000
CDUS41 KRLX 240720
CLIHTS


CLIMATE REPORT
NATIONAL WEATHER SERVICE CHARLESTON WV
319 AM EDT FRI MAR 24 2017


...................................

...THE HUNTINGTON WV CLIMATE SUMMARY FOR MARCH 23 2017...

CLIMATE NORMAL PERIOD 1981 TO 2010
CLIMATE RECORD PERIOD 1897 TO 2017


WEATHER ITEM   OBSERVED TIME   RECORD YEAR NORMAL DEPARTURE LAST
                VALUE   (LST)  VALUE       VALUE  FROM      YEAR
                                                  NORMAL
..................................................................
TEMPERATURE (F)
 YESTERDAY
  MAXIMUM         63    606 PM  87    1907  59      4       71
  MINIMUM         28    648 AM  19    1959  37     -9       55
  AVERAGE         46                        48     -2       63

PRECIPITATION (IN)
  YESTERDAY        0.00          1.28 1904   0.13  -0.13     0.00
  MONTH TO DATE    2.10                      2.91  -0.81     1.92
  SINCE JAN 1      8.90                      8.95  -0.05     9.38

SNOWFALL (IN)
  YESTERDAY        0.0
  MONTH TO DATE    T
  SINCE SEP 1      5.9
  SNOW DEPTH       0

DEGREE DAYS
 HEATING
  YESTERDAY       19                        17      2        2
  MONTH TO DATE  528                       474     54      307
  SINCE MAR 1    528                       474     54      307
  SINCE JUL 1   3177                      3975   -798     3342

 COOLING
  YESTERDAY        0                         0      0        0
  MONTH TO DATE    0                         0      0        5
  SINCE MAR 1      0                         0      0        5
  SINCE JAN 1      1                         0      1        5
..................................................................


WIND (MPH)
  HIGHEST WIND SPEED    10   HIGHEST WIND DIRECTION    NE (40)
  HIGHEST GUST SPEED    13   HIGHEST GUST DIRECTION     E (70)
  AVERAGE WIND SPEED     4.7


SKY COVER
  POSSIBLE SUNSHINE  MM


WEATHER CONDITIONS
 THE FOLLOWING WEATHER WAS RECORDED YESTERDAY.
  NO SIGNIFICANT WEATHER WAS OBSERVED.


RELATIVE HUMIDITY (PERCENT)
 HIGHEST    53           300 AM
 LOWEST     23           400 PM
 AVERAGE    38

..........................................................


THE HUNTINGTON WV CLIMATE NORMALS FOR TODAY
                         NORMAL    RECORD    YEAR
 MAXIMUM TEMPERATURE (F)   60        88      1929
 MINIMUM TEMPERATURE (F)   38        19      2014


SUNRISE AND SUNSET
MARCH 24 2017.........SUNRISE   727 AM EDT   SUNSET   746 PM EDT
MARCH 25 2017.........SUNRISE   726 AM EDT   SUNSET   747 PM EDT


-  INDICATES NEGATIVE NUMBERS.
R  INDICATES RECORD WAS SET OR TIED.
MM INDICATES DATA IS MISSING.
T  INDICATES TRACE AMOUNT.




$$
