000
CDUS43 KIND 250534
CLIHUF


CLIMATE REPORT
NATIONAL WEATHER SERVICE INDIANAPOLIS IN
132 AM EDT SAT MAR 25 2017


...................................

...THE TERRE HAUTE IN CLIMATE SUMMARY FOR MARCH 24 2017...

CLIMATE NORMAL PERIOD 1981 TO 2010
CLIMATE RECORD PERIOD 9999 TO 9999


WEATHER ITEM   OBSERVED TIME   NORMAL DEPARTURE LAST
                VALUE   (LST)  VALUE  FROM      YEAR
                                      NORMAL
......................................................
TEMPERATURE (F)
 YESTERDAY
  MAXIMUM         74    409 PM  57     17       65
  MINIMUM         54    105 AM  35     19       37
  AVERAGE         64            46     18       51

PRECIPITATION (IN)
  YESTERDAY        0.00          0.10  -0.10     0.59
  MONTH TO DATE    2.00          2.52  -0.52     2.36
  SINCE MAR 1      2.00          2.52  -0.52     2.36
  SINCE JAN 1      6.34          6.81  -0.47     4.81

DEGREE DAYS
 HEATING
  YESTERDAY        1            19    -18       14
  MONTH TO DATE  511           565    -54      380
  SINCE MAR 1    511           565    -54      380
  SINCE JUL 1   3846          4728   -882     3842

 COOLING
  YESTERDAY        0             0      0        0
  MONTH TO DATE    0             0      0        0
  SINCE MAR 1      0             0      0        0
  SINCE JAN 1      0             0      0        0
......................................................


WIND (MPH)
  HIGHEST WIND SPEED    28   HIGHEST WIND DIRECTION     S (200)
  HIGHEST GUST SPEED    37   HIGHEST GUST DIRECTION    SW (220)
  AVERAGE WIND SPEED    15.9


SKY COVER
  AVERAGE SKY COVER 0.3


WEATHER CONDITIONS
 THE FOLLOWING WEATHER WAS RECORDED YESTERDAY.
  NO SIGNIFICANT WEATHER WAS OBSERVED.


RELATIVE HUMIDITY (PERCENT)
 HIGHEST    72           700 AM
 LOWEST     49           400 PM
 AVERAGE    61

..........................................................


THE TERRE HAUTE IN CLIMATE NORMALS FOR TODAY
                         NORMAL
 MAXIMUM TEMPERATURE (F)   57
 MINIMUM TEMPERATURE (F)   35


SUNRISE AND SUNSET
MARCH 25 2017.........SUNRISE   744 AM EDT   SUNSET   806 PM EDT
MARCH 26 2017.........SUNRISE   743 AM EDT   SUNSET   807 PM EDT


-  INDICATES NEGATIVE NUMBERS.
R  INDICATES RECORD WAS SET OR TIED.
MM INDICATES DATA IS MISSING.
T  INDICATES TRACE AMOUNT.




$$
