000
CDUS43 KIND 300535
CLIHUF


CLIMATE REPORT
NATIONAL WEATHER SERVICE INDIANAPOLIS IN
133 AM EDT SUN APR 30 2017


...................................

...THE TERRE HAUTE IN CLIMATE SUMMARY FOR APRIL 29 2017...

CLIMATE NORMAL PERIOD 1981 TO 2010
CLIMATE RECORD PERIOD 9999 TO 9999


WEATHER ITEM   OBSERVED TIME   NORMAL DEPARTURE LAST
                VALUE   (LST)  VALUE  FROM      YEAR
                                      NORMAL
......................................................
TEMPERATURE (F)
 YESTERDAY
  MAXIMUM         76    516 PM  69      7       66
  MINIMUM         56    354 AM  46     10       46
  AVERAGE         66            58      8       56

PRECIPITATION (IN)
  YESTERDAY        2.36          0.26   2.10     0.00
  MONTH TO DATE    7.41          3.88   3.53     4.76
  SINCE MAR 1     10.98          7.25   3.73     8.76
  SINCE JAN 1     15.32         11.54   3.78    11.21

DEGREE DAYS
 HEATING
  YESTERDAY        0             8     -8        9
  MONTH TO DATE  211           358   -147      323
  SINCE MAR 1    782          1049   -267      811
  SINCE JUL 1   4117          5212  -1095     4273

 COOLING
  YESTERDAY        1             1      0        0
  MONTH TO DATE   26            15     11        9
  SINCE MAR 1     28            16     12        9
  SINCE JAN 1     28            16     12        9
......................................................


WIND (MPH)
  HIGHEST WIND SPEED    24   HIGHEST WIND DIRECTION     W (270)
  HIGHEST GUST SPEED    30   HIGHEST GUST DIRECTION     W (250)
  AVERAGE WIND SPEED     6.8


SKY COVER
  AVERAGE SKY COVER 0.8


WEATHER CONDITIONS
 THE FOLLOWING WEATHER WAS RECORDED YESTERDAY.
  THUNDERSTORM
  HEAVY RAIN
  RAIN
  LIGHT RAIN
  FOG


RELATIVE HUMIDITY (PERCENT)
 HIGHEST    93          1200 AM
 LOWEST     68           300 PM
 AVERAGE    81

..........................................................


THE TERRE HAUTE IN CLIMATE NORMALS FOR TODAY
                         NORMAL
 MAXIMUM TEMPERATURE (F)   69
 MINIMUM TEMPERATURE (F)   47


SUNRISE AND SUNSET
APRIL 30 2017.........SUNRISE   651 AM EDT   SUNSET   842 PM EDT
MAY  1 2017...........SUNRISE   650 AM EDT   SUNSET   843 PM EDT


-  INDICATES NEGATIVE NUMBERS.
R  INDICATES RECORD WAS SET OR TIED.
MM INDICATES DATA IS MISSING.
T  INDICATES TRACE AMOUNT.




$$
