000
CDUS43 KIND 270530
CLIHUF


CLIMATE REPORT
NATIONAL WEATHER SERVICE INDIANAPOLIS IN
1230 AM EST SAT DEC 27 2014


...................................

...THE TERRE HAUTE IN CLIMATE SUMMARY FOR DECEMBER 26 2014...

CLIMATE NORMAL PERIOD 1981 TO 2010
CLIMATE RECORD PERIOD 9999 TO 9999


WEATHER ITEM   OBSERVED TIME   NORMAL DEPARTURE LAST
                VALUE   (LST)  VALUE  FROM      YEAR
                                      NORMAL
......................................................
TEMPERATURE (F)
 YESTERDAY
  MAXIMUM         52    256 PM  37     15       38
  MINIMUM         36    838 AM  21     15       25
  AVERAGE         44            29     15       32

PRECIPITATION (IN)
  YESTERDAY        0.00          0.12  -0.12     0.00
  MONTH TO DATE    2.52          2.44   0.08     3.65
  SINCE DEC 1      2.52          2.44   0.08     3.65
  SINCE JAN 1     43.00         44.55  -1.55    45.01

DEGREE DAYS
 HEATING
  YESTERDAY       21            36    -15       33
  MONTH TO DATE  751           853   -102      914
  SINCE DEC 1    751           853   -102      914
  SINCE JUL 1   2051          1931    120     2036

 COOLING
  YESTERDAY        0             0      0        0
  MONTH TO DATE    0             0      0        0
  SINCE DEC 1      0             0      0        0
  SINCE JAN 1    939           993    -54     1056
......................................................


WIND (MPH)
  HIGHEST WIND SPEED    18   HIGHEST WIND DIRECTION     S (180)
  HIGHEST GUST SPEED    24   HIGHEST GUST DIRECTION     S (190)
  AVERAGE WIND SPEED    10.8


SKY COVER
  AVERAGE SKY COVER 0.2


WEATHER CONDITIONS
 THE FOLLOWING WEATHER WAS RECORDED YESTERDAY.
  NO SIGNIFICANT WEATHER WAS OBSERVED.


RELATIVE HUMIDITY (PERCENT)
 HIGHEST    89           800 AM
 LOWEST     63           200 PM
 AVERAGE    76

..........................................................


THE TERRE HAUTE IN CLIMATE NORMALS FOR TODAY
                         NORMAL
 MAXIMUM TEMPERATURE (F)   37
 MINIMUM TEMPERATURE (F)   21


SUNRISE AND SUNSET
DECEMBER 27 2014......SUNRISE   808 AM EST   SUNSET   532 PM EST
DECEMBER 28 2014......SUNRISE   809 AM EST   SUNSET   533 PM EST


-  INDICATES NEGATIVE NUMBERS.
R  INDICATES RECORD WAS SET OR TIED.
MM INDICATES DATA IS MISSING.
T  INDICATES TRACE AMOUNT.




$$
