000
CDUS41 KCAR 070530
CLIHUL


CLIMATE REPORT
NATIONAL WEATHER SERVICE CARIBOU, ME
1230 AM EST SUN FEB 7 2016


...................................

...THE HOULTON ME CLIMATE SUMMARY FOR FEBRUARY 6 2016...

CLIMATE NORMAL PERIOD 1981 TO 2010
CLIMATE RECORD PERIOD 1948 TO 2016


WEATHER ITEM   OBSERVED TIME   RECORD YEAR NORMAL DEPARTURE LAST
                VALUE   (LST)  VALUE       VALUE  FROM      YEAR
                                                  NORMAL
..................................................................
TEMPERATURE (F)
 YESTERDAY
  MAXIMUM         28    352 PM  41    2005  24      4        9
                                      1991
  MINIMUM         -4    618 AM -28    1969   1     -5      -16
  AVERAGE         12                        13     -1       -3

PRECIPITATION (IN)
  YESTERDAY        T             0.39 2011   0.07  -0.07      T
  MONTH TO DATE    0.54                      0.45   0.09     0.12
  SINCE DEC 1      6.15                      6.60  -0.45     7.06
  SINCE JAN 1      1.96                      3.31  -1.35     1.56

SNOWFALL (IN)
  YESTERDAY       MM             3.6  1975   0.6   MM       MM
  MONTH TO DATE   MM                         4.0   MM       MM
  SINCE DEC 1     MM                        43.7   MM       MM
  SINCE JUL 1     MM                        51.8   MM       MM
  SNOW DEPTH      MM

DEGREE DAYS
 HEATING
  YESTERDAY       53                        52      1       68
  MONTH TO DATE  232                       317    -85      385
  SINCE DEC 1   2755                      3384   -629     3322
  SINCE JUL 1   4550                      5492   -942     5219

 COOLING
  YESTERDAY        0                         0      0        0
  MONTH TO DATE    0                         0      0        0
  SINCE DEC 1      0                         0      0        0
  SINCE JAN 1      0                         0      0        0
..................................................................


WIND (MPH)
  HIGHEST WIND SPEED    16   HIGHEST WIND DIRECTION    SW (230)
  HIGHEST GUST SPEED    20   HIGHEST GUST DIRECTION     S (200)
  AVERAGE WIND SPEED     6.2


SKY COVER
  POSSIBLE SUNSHINE  MM
  AVERAGE SKY COVER 0.4


WEATHER CONDITIONS
 THE FOLLOWING WEATHER WAS RECORDED YESTERDAY.
  LIGHT SNOW


RELATIVE HUMIDITY (PERCENT)
 HIGHEST    87           300 AM
 LOWEST     63           200 PM
 AVERAGE    75

..........................................................


THE HOULTON ME CLIMATE NORMALS FOR TODAY
                         NORMAL    RECORD    YEAR
 MAXIMUM TEMPERATURE (F)   24        47      2005
                                             1951
 MINIMUM TEMPERATURE (F)    1       -33      1993


SUNRISE AND SUNSET
FEBRUARY  7 2016......SUNRISE   647 AM EST   SUNSET   445 PM EST
FEBRUARY  8 2016......SUNRISE   645 AM EST   SUNSET   446 PM EST


-  INDICATES NEGATIVE NUMBERS.
R  INDICATES RECORD WAS SET OR TIED.
MM INDICATES DATA IS MISSING.
T  INDICATES TRACE AMOUNT.




$$
