000
CDUS41 KCAR 242034
CLIHUL


CLIMATE REPORT
NATIONAL WEATHER SERVICE CARIBOU, ME
432 PM EDT SUN JUL 24 2016


...................................

...THE HOULTON ME CLIMATE SUMMARY FOR JULY 24 2016...
VALID TODAY AS OF 0400 PM LOCAL TIME.

CLIMATE NORMAL PERIOD 1981 TO 2010
CLIMATE RECORD PERIOD 1948 TO 2016


WEATHER ITEM   OBSERVED TIME   RECORD YEAR NORMAL DEPARTURE LAST
                VALUE   (LST)  VALUE       VALUE  FROM      YEAR
                                                  NORMAL
..................................................................
TEMPERATURE (F)
 TODAY
  MAXIMUM         84    227 PM  95    1970  78      6       67
  MINIMUM         55    345 AM  41    2004  54      1       52
                                      2002
  AVERAGE         70                        66      4       60

PRECIPITATION (IN)
  TODAY            0.00          1.18 1976   0.12  -0.12     0.05
  MONTH TO DATE    3.25                      2.82   0.43     1.44
  SINCE JUN 1      5.91                      6.47  -0.56     5.46
  SINCE JAN 1     20.29                     21.10  -0.81    14.81

SNOWFALL (IN)
  TODAY           MM             0.0  2003   0.0   MM       MM
  MONTH TO DATE   MM                         0.0   MM       MM
  SINCE JUN 1     MM                         0.0   MM       MM
  SINCE JUL 1     MM                         0.0   MM       MM
  SNOW DEPTH      MM

DEGREE DAYS
 HEATING
  TODAY            0                         2     -2        5
  MONTH TO DATE   41                        51    -10       54
  SINCE JUN 1    216                       232    -16      291
  SINCE JUL 1     41                        51    -10       54

 COOLING
  TODAY            5                         3      2        0
  MONTH TO DATE   70                        70      0       25
  SINCE JUN 1    100                       105     -5       37
  SINCE JAN 1    107                       109     -2       62
..................................................................


WIND (MPH)
  HIGHEST WIND SPEED    13   HIGHEST WIND DIRECTION     N (360)
  HIGHEST GUST SPEED    18   HIGHEST GUST DIRECTION     N (10)
  AVERAGE WIND SPEED     5.4


SKY COVER
  POSSIBLE SUNSHINE  MM
  AVERAGE SKY COVER 0.1


WEATHER CONDITIONS
 THE FOLLOWING WEATHER WAS RECORDED TODAY.
  FOG


RELATIVE HUMIDITY (PERCENT)
 HIGHEST   100          1200 AM
 LOWEST     47           200 PM
 AVERAGE    74

..........................................................


THE HOULTON ME CLIMATE NORMALS FOR TOMORROW
                         NORMAL    RECORD    YEAR
 MAXIMUM TEMPERATURE (F)   78        96      1970
 MINIMUM TEMPERATURE (F)   54        38      2002


SUNRISE AND SUNSET
JULY 24 2016..........SUNRISE   505 AM EDT   SUNSET   810 PM EDT
JULY 25 2016..........SUNRISE   506 AM EDT   SUNSET   809 PM EDT


-  INDICATES NEGATIVE NUMBERS.
R  INDICATES RECORD WAS SET OR TIED.
MM INDICATES DATA IS MISSING.
T  INDICATES TRACE AMOUNT.




$$
