000
CDUS41 KCAR 010536
CLIHUL


CLIMATE REPORT
NATIONAL WEATHER SERVICE CARIBOU, ME
133 AM EDT MON SEP 1 2014


...................................

...THE HOULTON ME CLIMATE SUMMARY FOR AUGUST 31 2014...

CLIMATE NORMAL PERIOD 1981 TO 2010
CLIMATE RECORD PERIOD 1948 TO 2014


WEATHER ITEM   OBSERVED TIME   RECORD YEAR NORMAL DEPARTURE LAST
                VALUE   (LST)  VALUE       VALUE  FROM      YEAR
                                                  NORMAL
..................................................................
TEMPERATURE (F)
 YESTERDAY
  MAXIMUM         76    214 PM  93    2010  73      3       74
  MINIMUM         58    234 AM  32    1965  49      9       59
  AVERAGE         67                        61      6       67

PRECIPITATION (IN)
  YESTERDAY        0.02          1.25 2005   0.09  -0.07     0.35
  MONTH TO DATE    2.27                      3.68  -1.41     4.67
  SINCE JUN 1     12.96                     10.99   1.97    16.30
  SINCE JAN 1     27.66                     25.62   2.04    27.53

SNOWFALL (IN)
  YESTERDAY       MM             0.0  2003   0.0   MM       MM
  MONTH TO DATE   MM                         0.0   MM       MM
  SINCE JUN 1     MM                         0.0   MM       MM
  SINCE JUL 1     MM                         0.0   MM       MM
  SNOW DEPTH      MM

DEGREE DAYS
 HEATING
  YESTERDAY        0                         5     -5        0
  MONTH TO DATE   48                        96    -48       96
  SINCE JUN 1    214                       337   -123      330
  SINCE JUL 1     85                       156    -71      133

 COOLING
  YESTERDAY        2                         1      1        2
  MONTH TO DATE   47                        58    -11       32
  SINCE JUN 1    202                       174     28      175
  SINCE JAN 1    203                       178     25      179
..................................................................


WIND (MPH)
  HIGHEST WIND SPEED    14   HIGHEST WIND DIRECTION    SW (220)
  HIGHEST GUST SPEED    19   HIGHEST GUST DIRECTION    SW (220)
  AVERAGE WIND SPEED     7.9


SKY COVER
  POSSIBLE SUNSHINE  MM
  AVERAGE SKY COVER 0.8


WEATHER CONDITIONS
 THE FOLLOWING WEATHER WAS RECORDED YESTERDAY.
  LIGHT RAIN
  FOG


RELATIVE HUMIDITY (PERCENT)
 HIGHEST    90           600 AM
 LOWEST     68          1100 AM
 AVERAGE    79

..........................................................


THE HOULTON ME CLIMATE NORMALS FOR TODAY
                         NORMAL    RECORD    YEAR
 MAXIMUM TEMPERATURE (F)   73        93      2010
 MINIMUM TEMPERATURE (F)   48        34      1991


SUNRISE AND SUNSET
SEPTEMBER  1 2014.....SUNRISE   552 AM EDT   SUNSET   710 PM EDT
SEPTEMBER  2 2014.....SUNRISE   553 AM EDT   SUNSET   708 PM EDT


-  INDICATES NEGATIVE NUMBERS.
R  INDICATES RECORD WAS SET OR TIED.
MM INDICATES DATA IS MISSING.
T  INDICATES TRACE AMOUNT.




$$
