205
CDUS41 KCAR 230526
CLIHUL


CLIMATE REPORT
NATIONAL WEATHER SERVICE CARIBOU, ME
126 AM EDT SUN JUL 23 2017


...................................

...THE HOULTON ME CLIMATE SUMMARY FOR JULY 22 2017...

CLIMATE NORMAL PERIOD 1981 TO 2010
CLIMATE RECORD PERIOD 1948 TO 2017


WEATHER ITEM   OBSERVED TIME   RECORD YEAR NORMAL DEPARTURE LAST
                VALUE   (LST)  VALUE       VALUE  FROM      YEAR
                                                  NORMAL
..................................................................
TEMPERATURE (F)
 YESTERDAY
  MAXIMUM         73    344 PM  90    1998  78     -5       88
  MINIMUM         48    342 AM  37    1992  54     -6       66
  AVERAGE         61                        66     -5       77

PRECIPITATION (IN)
  YESTERDAY        0.00          1.52 1978   0.12  -0.12     0.00
  MONTH TO DATE    1.28                      2.58  -1.30     2.68
  SINCE JUN 1      4.20                      6.23  -2.03     5.34
  SINCE JAN 1     18.95                     20.86  -1.91    19.72

SNOWFALL (IN)
  YESTERDAY       MM             0.0  2003   0.0   MM       MM
  MONTH TO DATE   MM                         0.0   MM       MM
  SINCE JUN 1     MM                         0.0   MM       MM
  SINCE JUL 1     MM                         0.0   MM       MM
  SNOW DEPTH      MM

DEGREE DAYS
 HEATING
  YESTERDAY        4                         2      2        0
  MONTH TO DATE   21                        47    -26       41
  SINCE JUN 1    181                       228    -47      216
  SINCE JUL 1     21                        47    -26       41

 COOLING
  YESTERDAY        0                         3     -3       12
  MONTH TO DATE   73                        64      9       58
  SINCE JUN 1    116                        99     17       88
  SINCE JAN 1    122                       103     19       95
..................................................................


WIND (MPH)
  HIGHEST WIND SPEED    18   HIGHEST WIND DIRECTION     W (290)
  HIGHEST GUST SPEED    27   HIGHEST GUST DIRECTION     W (290)
  AVERAGE WIND SPEED     5.8


SKY COVER
  POSSIBLE SUNSHINE  MM
  AVERAGE SKY COVER 0.0


WEATHER CONDITIONS
 THE FOLLOWING WEATHER WAS RECORDED YESTERDAY.
  NO SIGNIFICANT WEATHER WAS OBSERVED.


RELATIVE HUMIDITY (PERCENT)
 HIGHEST   100           100 AM
 LOWEST     35           300 PM
 AVERAGE    68

..........................................................


THE HOULTON ME CLIMATE NORMALS FOR TODAY
                         NORMAL    RECORD    YEAR
 MAXIMUM TEMPERATURE (F)   78        97      1952
 MINIMUM TEMPERATURE (F)   54        42      1962


SUNRISE AND SUNSET
JULY 23 2017..........SUNRISE   503 AM EDT   SUNSET   811 PM EDT
JULY 24 2017..........SUNRISE   504 AM EDT   SUNSET   810 PM EDT


-  INDICATES NEGATIVE NUMBERS.
R  INDICATES RECORD WAS SET OR TIED.
MM INDICATES DATA IS MISSING.
T  INDICATES TRACE AMOUNT.




$$
