000
CDUS41 KCAR 232132
CLIHUL


CLIMATE REPORT
NATIONAL WEATHER SERVICE CARIBOU, ME
432 PM EST THU FEB 23 2017


...................................

...THE HOULTON ME CLIMATE SUMMARY FOR FEBRUARY 23 2017...
VALID TODAY AS OF 0400 PM LOCAL TIME.

CLIMATE NORMAL PERIOD 1981 TO 2010
CLIMATE RECORD PERIOD 1948 TO 2017


WEATHER ITEM   OBSERVED TIME   RECORD YEAR NORMAL DEPARTURE LAST
                VALUE   (LST)  VALUE       VALUE  FROM      YEAR
                                                  NORMAL
..................................................................
TEMPERATURE (F)
 TODAY
  MAXIMUM         53    251 PM  58    1981  29     24       24
  MINIMUM         16    557 AM -24    1972   6     10       -4
  AVERAGE         35                        18     17       10

PRECIPITATION (IN)
  TODAY            0.00          1.05 1950   0.08  -0.08     0.00
  MONTH TO DATE    1.00                      1.63  -0.63     1.97
  SINCE DEC 1      6.75                      7.78  -1.03     7.58
  SINCE JAN 1      3.83                      4.49  -0.66     3.39

SNOWFALL (IN)
  TODAY           MM             5.6  1950   0.6   MM       MM
  MONTH TO DATE   MM                        14.6   MM       MM
  SINCE DEC 1     MM                        54.3   MM       MM
  SINCE JUL 1     MM                        62.4   MM       MM
  SNOW DEPTH      MM

DEGREE DAYS
 HEATING
  TODAY           30                        47    -17       55
  MONTH TO DATE 1181                      1165     16     1085
  SINCE DEC 1   4063                      4232   -169     3608
  SINCE JUL 1   5806                      6340   -534     5403

 COOLING
  TODAY            0                         0      0        0
  MONTH TO DATE    0                         0      0        0
  SINCE DEC 1      0                         0      0        0
  SINCE JAN 1      0                         0      0        0
..................................................................


WIND (MPH)
  HIGHEST WIND SPEED    17   HIGHEST WIND DIRECTION     S (190)
  HIGHEST GUST SPEED    27   HIGHEST GUST DIRECTION     S (180)
  AVERAGE WIND SPEED     6.3


SKY COVER
  POSSIBLE SUNSHINE  MM
  AVERAGE SKY COVER 0.3


WEATHER CONDITIONS
 THE FOLLOWING WEATHER WAS RECORDED TODAY.
  NO SIGNIFICANT WEATHER WAS OBSERVED.


RELATIVE HUMIDITY (PERCENT)
 HIGHEST   100          1200 AM
 LOWEST     54           100 PM
 AVERAGE    77

..........................................................


THE HOULTON ME CLIMATE NORMALS FOR TOMORROW
                         NORMAL    RECORD    YEAR
 MAXIMUM TEMPERATURE (F)   29        52      2000
 MINIMUM TEMPERATURE (F)    6       -18      1939


SUNRISE AND SUNSET
FEBRUARY 23 2017......SUNRISE   620 AM EST   SUNSET   509 PM EST
FEBRUARY 24 2017......SUNRISE   619 AM EST   SUNSET   511 PM EST


-  INDICATES NEGATIVE NUMBERS.
R  INDICATES RECORD WAS SET OR TIED.
MM INDICATES DATA IS MISSING.
T  INDICATES TRACE AMOUNT.




$$
