000
CDUS41 KCAR 030528
CLIHUL


CLIMATE REPORT
NATIONAL WEATHER SERVICE CARIBOU, ME
126 AM EDT THU SEP 3 2015


...................................

...THE HOULTON ME CLIMATE SUMMARY FOR SEPTEMBER 2 2015...

CLIMATE NORMAL PERIOD 1981 TO 2010
CLIMATE RECORD PERIOD 1948 TO 2015


WEATHER ITEM   OBSERVED TIME   RECORD YEAR NORMAL DEPARTURE LAST
                VALUE   (LST)  VALUE       VALUE  FROM      YEAR
                                                  NORMAL
..................................................................
TEMPERATURE (F)
 YESTERDAY
  MAXIMUM         82    341 PM  90    1942  72     10       79
  MINIMUM         57   1230 AM  31    1991  48      9       65
  AVERAGE         70                        60     10       72

PRECIPITATION (IN)
  YESTERDAY        0.00          1.83 1967   0.10  -0.10     0.00
  MONTH TO DATE    0.00                      0.20  -0.20      T
  SINCE SEP 1      0.00                      0.20  -0.20      T
  SINCE JAN 1     18.76                     25.82  -7.06    27.66

SNOWFALL (IN)
  YESTERDAY       MM             0.0  2003   0.0   MM       MM
  MONTH TO DATE   MM                         0.0   MM       MM
  SINCE SEP 1     MM                         0.0   MM       MM
  SINCE JUL 1      0.0                       0.0    0.0     MM
  SNOW DEPTH      MM

DEGREE DAYS
 HEATING
  YESTERDAY        0                         6     -6        0
  MONTH TO DATE    2                        12    -10        0
  SINCE SEP 1      2                        12    -10        0
  SINCE JUL 1     89                       168    -79       85

 COOLING
  YESTERDAY        5                         1      4        7
  MONTH TO DATE    5                         2      3       15
  SINCE SEP 1      5                         2      3       15
  SINCE JAN 1    195                       180     15      218
..................................................................


WIND (MPH)
  HIGHEST WIND SPEED    14   HIGHEST WIND DIRECTION    SW (240)
  HIGHEST GUST SPEED    18   HIGHEST GUST DIRECTION     W (250)
  AVERAGE WIND SPEED     5.7


SKY COVER
  POSSIBLE SUNSHINE  MM
  AVERAGE SKY COVER 0.1


WEATHER CONDITIONS
 THE FOLLOWING WEATHER WAS RECORDED YESTERDAY.
  FOG


RELATIVE HUMIDITY (PERCENT)
 HIGHEST    93           400 AM
 LOWEST     58           200 PM
 AVERAGE    76

..........................................................


THE HOULTON ME CLIMATE NORMALS FOR TODAY
                         NORMAL    RECORD    YEAR
 MAXIMUM TEMPERATURE (F)   72        91      2010
                                             1999
 MINIMUM TEMPERATURE (F)   48        30      1976


SUNRISE AND SUNSET
SEPTEMBER  3 2015.....SUNRISE   554 AM EDT   SUNSET   706 PM EDT
SEPTEMBER  4 2015.....SUNRISE   555 AM EDT   SUNSET   704 PM EDT


-  INDICATES NEGATIVE NUMBERS.
R  INDICATES RECORD WAS SET OR TIED.
MM INDICATES DATA IS MISSING.
T  INDICATES TRACE AMOUNT.




$$
