000
CDUS41 KCAR 270534
CLIHUL


CLIMATE REPORT
NATIONAL WEATHER SERVICE CARIBOU, ME
134 AM EDT SAT MAY 27 2017


...................................

...THE HOULTON ME CLIMATE SUMMARY FOR MAY 26 2017...

CLIMATE NORMAL PERIOD 1981 TO 2010
CLIMATE RECORD PERIOD 1948 TO 2017


WEATHER ITEM   OBSERVED TIME   RECORD YEAR NORMAL DEPARTURE LAST
                VALUE   (LST)  VALUE       VALUE  FROM      YEAR
                                                  NORMAL
..................................................................
TEMPERATURE (F)
 YESTERDAY
  MAXIMUM         52   1201 AM  88    1950  67    -15       63
  MINIMUM         46    935 AM  29    1990  41      5       49
  AVERAGE         49                        54     -5       56

PRECIPITATION (IN)
  YESTERDAY        0.98          1.40 1967   0.10   0.88     0.00
  MONTH TO DATE    4.76                      2.76   2.00     2.20
  SINCE MAR 1     10.15                      9.23   0.92     8.96
  SINCE JAN 1     14.60                     14.09   0.51    13.92

SNOWFALL (IN)
  YESTERDAY       MM             T    1998   0.0   MM       MM
  MONTH TO DATE   MM                         0.1   MM       MM
  SINCE MAR 1     MM                        23.9   MM       MM
  SINCE JUL 1     MM                        89.5   MM       MM
  SNOW DEPTH      MM

DEGREE DAYS
 HEATING
  YESTERDAY       16                        11      5        9
  MONTH TO DATE  372                       383    -11      337
  SINCE MAR 1   2400                      2383     17     2365
  SINCE JUL 1   8361                      8956   -595     7983

 COOLING
  YESTERDAY        0                         0      0        0
  MONTH TO DATE    6                         0      6        3
  SINCE MAR 1      6                         0      6        3
  SINCE JAN 1      6                         0      6        3
..................................................................


WIND (MPH)
  HIGHEST WIND SPEED    17   HIGHEST WIND DIRECTION    NE (50)
  HIGHEST GUST SPEED    25   HIGHEST GUST DIRECTION    NE (60)
  AVERAGE WIND SPEED    10.1


SKY COVER
  POSSIBLE SUNSHINE  MM
  AVERAGE SKY COVER 0.9


WEATHER CONDITIONS
 THE FOLLOWING WEATHER WAS RECORDED YESTERDAY.
  HEAVY RAIN
  RAIN
  LIGHT RAIN
  FOG


RELATIVE HUMIDITY (PERCENT)
 HIGHEST   100           900 AM
 LOWEST     80           500 AM
 AVERAGE    90

..........................................................


THE HOULTON ME CLIMATE NORMALS FOR TODAY
                         NORMAL    RECORD    YEAR
 MAXIMUM TEMPERATURE (F)   67        89      1972
 MINIMUM TEMPERATURE (F)   42        27      1977


SUNRISE AND SUNSET
MAY 27 2017...........SUNRISE   447 AM EDT   SUNSET   811 PM EDT
MAY 28 2017...........SUNRISE   446 AM EDT   SUNSET   812 PM EDT


-  INDICATES NEGATIVE NUMBERS.
R  INDICATES RECORD WAS SET OR TIED.
MM INDICATES DATA IS MISSING.
T  INDICATES TRACE AMOUNT.




$$
