000
CDUS41 KCAR 290540
CLIHUL


CLIMATE REPORT
NATIONAL WEATHER SERVICE CARIBOU, ME
1240 AM EST THU JAN 29 2015


...................................

...THE HOULTON ME CLIMATE SUMMARY FOR JANUARY 28 2015...

CLIMATE NORMAL PERIOD 1981 TO 2010
CLIMATE RECORD PERIOD 1948 TO 2015


WEATHER ITEM   OBSERVED TIME   RECORD YEAR NORMAL DEPARTURE LAST
                VALUE   (LST)  VALUE       VALUE  FROM      YEAR
                                                  NORMAL
..................................................................
TEMPERATURE (F)
 YESTERDAY
  MAXIMUM         16    657 PM  51    2011  22     -6       10
  MINIMUM         -2   1156 PM -25    2009   0     -2       -9
  AVERAGE          7                        11     -4        1

PRECIPITATION (IN)
  YESTERDAY        T             1.30 1976   0.09  -0.09     0.00
  MONTH TO DATE    1.32                      2.60  -1.28     4.18
  SINCE DEC 1      6.82                      5.89   0.93     6.55
  SINCE JAN 1      1.32                      2.60  -1.28     4.18

SNOWFALL (IN)
  YESTERDAY       MM            12.0  1966   0.7   MM       MM
  MONTH TO DATE   MM                        21.2   MM       MM
  SINCE DEC 1     MM                        37.6   MM       MM
  SINCE JUL 1     MM                        45.7   MM       MM
  SNOW DEPTH      MM

DEGREE DAYS
 HEATING
  YESTERDAY       58                        54      4       64
  MONTH TO DATE 1532                      1494     38     1410
  SINCE DEC 1   2776                      2906   -130     2971
  SINCE JUL 1   4673                      5014   -341     4972

 COOLING
  YESTERDAY        0                         0      0        0
  MONTH TO DATE    0                         0      0        0
  SINCE DEC 1      0                         0      0        0
  SINCE JAN 1      0                         0      0        0
..................................................................


WIND (MPH)
  HIGHEST WIND SPEED    24   HIGHEST WIND DIRECTION     N (360)
  HIGHEST GUST SPEED    30   HIGHEST GUST DIRECTION     N (350)
  AVERAGE WIND SPEED    13.0


SKY COVER
  POSSIBLE SUNSHINE  MM
  AVERAGE SKY COVER 0.8


WEATHER CONDITIONS
 THE FOLLOWING WEATHER WAS RECORDED YESTERDAY.
  SNOW
  LIGHT SNOW
  FOG
  HAZE


RELATIVE HUMIDITY (PERCENT)
 HIGHEST    83           100 AM
 LOWEST     58           800 PM
 AVERAGE    71

..........................................................


THE HOULTON ME CLIMATE NORMALS FOR TODAY
                         NORMAL    RECORD    YEAR
 MAXIMUM TEMPERATURE (F)   22        44      1994
 MINIMUM TEMPERATURE (F)    0       -34      1971


SUNRISE AND SUNSET
JANUARY 29 2015.......SUNRISE   658 AM EST   SUNSET   431 PM EST
JANUARY 30 2015.......SUNRISE   656 AM EST   SUNSET   433 PM EST


-  INDICATES NEGATIVE NUMBERS.
R  INDICATES RECORD WAS SET OR TIED.
MM INDICATES DATA IS MISSING.
T  INDICATES TRACE AMOUNT.




$$
