000
CDUS41 KCAR 070527
CLIHUL


CLIMATE REPORT
NATIONAL WEATHER SERVICE CARIBOU, ME
126 AM EDT TUE JUL 7 2015


...................................

...THE HOULTON ME CLIMATE SUMMARY FOR JULY 6 2015...

CLIMATE NORMAL PERIOD 1981 TO 2010
CLIMATE RECORD PERIOD 1948 TO 2015


WEATHER ITEM   OBSERVED TIME   RECORD YEAR NORMAL DEPARTURE LAST
                VALUE   (LST)  VALUE       VALUE  FROM      YEAR
                                                  NORMAL
..................................................................
TEMPERATURE (F)
 YESTERDAY
  MAXIMUM         83    347 PM  93    1976  77      6       78
  MINIMUM         50    301 AM  35    1969  53     -3       44
  AVERAGE         67                        65      2       61

PRECIPITATION (IN)
  YESTERDAY        0.00          1.92 1951   0.12  -0.12     0.01
  MONTH TO DATE    0.04                      0.75  -0.71     3.76
  SINCE JUN 1      4.06                      4.40  -0.34     8.02
  SINCE JAN 1     13.41                     19.03  -5.62    22.72

SNOWFALL (IN)
  YESTERDAY       MM             0.0  2003   0.0   MM       MM
  MONTH TO DATE   MM                         0.0   MM       MM
  SINCE JUN 1     MM                         0.0   MM       MM
  SINCE JUL 1     MM                         0.0   MM       MM
  SNOW DEPTH      MM

DEGREE DAYS
 HEATING
  YESTERDAY        0                         2     -2        4
  MONTH TO DATE   10                        17     -7       14
  SINCE JUN 1    247                       198     49      143
  SINCE JUL 1     10                        17     -7       14

 COOLING
  YESTERDAY        2                         3     -1        0
  MONTH TO DATE    2                        16    -14       42
  SINCE JUN 1     14                        51    -37       67
  SINCE JAN 1     39                        55    -16       68
..................................................................


WIND (MPH)
  HIGHEST WIND SPEED     8   HIGHEST WIND DIRECTION    SW (220)
  HIGHEST GUST SPEED    11   HIGHEST GUST DIRECTION    SW (210)
  AVERAGE WIND SPEED     2.9


SKY COVER
  POSSIBLE SUNSHINE  MM
  AVERAGE SKY COVER 0.0


WEATHER CONDITIONS
 THE FOLLOWING WEATHER WAS RECORDED YESTERDAY.
  FOG


RELATIVE HUMIDITY (PERCENT)
 HIGHEST   100           100 AM
 LOWEST     37           400 PM
 AVERAGE    69

..........................................................


THE HOULTON ME CLIMATE NORMALS FOR TODAY
                         NORMAL    RECORD    YEAR
 MAXIMUM TEMPERATURE (F)   77        93      1952
 MINIMUM TEMPERATURE (F)   53        32      1969


SUNRISE AND SUNSET
JULY  7 2015..........SUNRISE   448 AM EDT   SUNSET   824 PM EDT
JULY  8 2015..........SUNRISE   448 AM EDT   SUNSET   824 PM EDT


-  INDICATES NEGATIVE NUMBERS.
R  INDICATES RECORD WAS SET OR TIED.
MM INDICATES DATA IS MISSING.
T  INDICATES TRACE AMOUNT.




$$
