000
CDUS41 KCAR 192026
CLIHUL


CLIMATE REPORT
NATIONAL WEATHER SERVICE CARIBOU, ME
426 PM EDT TUE SEP 19 2017


...................................

...THE HOULTON ME CLIMATE SUMMARY FOR SEPTEMBER 19 2017...
VALID TODAY AS OF 0400 PM LOCAL TIME.

CLIMATE NORMAL PERIOD 1981 TO 2010
CLIMATE RECORD PERIOD 1948 TO 2017


WEATHER ITEM   OBSERVED TIME   RECORD YEAR NORMAL DEPARTURE LAST
                VALUE   (LST)  VALUE       VALUE  FROM      YEAR
                                                  NORMAL
..................................................................
TEMPERATURE (F)
 TODAY
  MAXIMUM         72    245 PM  85    1946  66      6       70
  MINIMUM         59    131 AM  25    2014  42     17       56
                                      1978
  AVERAGE         66                        54     12       63

PRECIPITATION (IN)
  TODAY            0.00          2.16 1981   0.11  -0.11      T
  MONTH TO DATE    1.70                      2.06  -0.36     0.49
  SINCE SEP 1      1.70                      2.06  -0.36     0.49
  SINCE JAN 1     24.04                     27.68  -3.64    27.35

SNOWFALL (IN)
  TODAY           MM             0.0  2003   0.0   MM       MM
  MONTH TO DATE   MM                         0.0   MM       MM
  SINCE SEP 1     MM                         0.0   MM       MM
  SINCE JUL 1     MM                         0.0   MM       MM
  SNOW DEPTH      MM

DEGREE DAYS
 HEATING
  TODAY            0                        11    -11        2
  MONTH TO DATE   84                       159    -75       79
  SINCE SEP 1     84                       159    -75       79
  SINCE JUL 1    232                       315    -83      173

 COOLING
  TODAY            1                         0      1        0
  MONTH TO DATE   12                        12      0       23
  SINCE SEP 1     12                        12      0       23
  SINCE JAN 1    188                       190     -2      229
..................................................................


WIND (MPH)
  HIGHEST WIND SPEED     8   HIGHEST WIND DIRECTION    SW (220)
  HIGHEST GUST SPEED    12   HIGHEST GUST DIRECTION    SW (210)
  AVERAGE WIND SPEED     3.5


SKY COVER
  POSSIBLE SUNSHINE  MM
  AVERAGE SKY COVER 1.0


WEATHER CONDITIONS
 THE FOLLOWING WEATHER WAS RECORDED TODAY.
  FOG


RELATIVE HUMIDITY (PERCENT)
 HIGHEST   100          1200 AM
 LOWEST     79           200 PM
 AVERAGE    90

..........................................................


THE HOULTON ME CLIMATE NORMALS FOR TOMORROW
                         NORMAL    RECORD    YEAR
 MAXIMUM TEMPERATURE (F)   65        84      1985
 MINIMUM TEMPERATURE (F)   42        25      1950


SUNRISE AND SUNSET
SEPTEMBER 19 2017.....SUNRISE   615 AM EDT   SUNSET   634 PM EDT
SEPTEMBER 20 2017.....SUNRISE   616 AM EDT   SUNSET   632 PM EDT


-  INDICATES NEGATIVE NUMBERS.
R  INDICATES RECORD WAS SET OR TIED.
MM INDICATES DATA IS MISSING.
T  INDICATES TRACE AMOUNT.




$$
