000
CDUS41 KCAR 222130
CLIHUL


CLIMATE REPORT
NATIONAL WEATHER SERVICE CARIBOU, ME
429 PM EST WED NOV 22 2017


...................................

...THE HOULTON ME CLIMATE SUMMARY FOR NOVEMBER 22 2017...
VALID TODAY AS OF 0400 PM LOCAL TIME.

CLIMATE NORMAL PERIOD 1981 TO 2010
CLIMATE RECORD PERIOD 1948 TO 2017


WEATHER ITEM   OBSERVED TIME   RECORD YEAR NORMAL DEPARTURE LAST
                VALUE   (LST)  VALUE       VALUE  FROM      YEAR
                                                  NORMAL
..................................................................
TEMPERATURE (F)
 TODAY
  MAXIMUM         45   1118 AM  57    2005  38      7       35
  MINIMUM         29    652 AM  -5    1978  22      7       29
  AVERAGE         37                        30      7       32

PRECIPITATION (IN)
  TODAY            0.14          2.12 2005   0.13   0.01     0.01
  MONTH TO DATE    3.38                      2.97   0.41     1.29
  SINCE SEP 1     11.66                     10.03   1.63     4.72
  SINCE JAN 1     34.00                     35.65  -1.65    31.58

SNOWFALL (IN)
  TODAY           MM            MM      MM   0.3   MM       MM
  MONTH TO DATE   MM                         4.0   MM       MM
  SINCE SEP 1     MM                         4.7   MM       MM
  SINCE JUL 1     MM                         4.7   MM       MM
  SNOW DEPTH      MM

DEGREE DAYS
 HEATING
  TODAY           28                        35     -7       33
  MONTH TO DATE  704                       676     28      566
  SINCE SEP 1   1282                      1656   -374     1382
  SINCE JUL 1   1430                      1812   -382     1476

 COOLING
  TODAY            0                         0      0        0
  MONTH TO DATE    0                         0      0        0
  SINCE SEP 1     35                        13     22       23
  SINCE JAN 1    211                       191     20      229
..................................................................


WIND (MPH)
  HIGHEST WIND SPEED     9   HIGHEST WIND DIRECTION     S (190)
  HIGHEST GUST SPEED    14   HIGHEST GUST DIRECTION     S (200)
  AVERAGE WIND SPEED     3.9


SKY COVER
  POSSIBLE SUNSHINE  MM
  AVERAGE SKY COVER 0.3


WEATHER CONDITIONS
 THE FOLLOWING WEATHER WAS RECORDED TODAY.
  RAIN
  LIGHT RAIN
  FOG


RELATIVE HUMIDITY (PERCENT)
 HIGHEST   100           300 PM
 LOWEST     76          1100 AM
 AVERAGE    88

..........................................................


THE HOULTON ME CLIMATE NORMALS FOR TOMORROW
                         NORMAL    RECORD    YEAR
 MAXIMUM TEMPERATURE (F)   37        60      1953
 MINIMUM TEMPERATURE (F)   22        -8      1989


SUNRISE AND SUNSET
NOVEMBER 22 2017......SUNRISE   642 AM EST   SUNSET   352 PM EST
NOVEMBER 23 2017......SUNRISE   643 AM EST   SUNSET   352 PM EST


-  INDICATES NEGATIVE NUMBERS.
R  INDICATES RECORD WAS SET OR TIED.
MM INDICATES DATA IS MISSING.
T  INDICATES TRACE AMOUNT.




$$
