000
CDUS45 KTFX 062245
CLIHVR


CLIMATE REPORT
NATIONAL WEATHER SERVICE GREAT FALLS MT
444 PM MDT MON JUL 6 2015


...................................

...THE HAVRE MT CLIMATE SUMMARY FOR JULY 6 2015...
VALID TODAY AS OF 0400 PM LOCAL TIME.

CLIMATE NORMAL PERIOD 1981 TO 2010
CLIMATE RECORD PERIOD 1880 TO 2015


WEATHER ITEM   OBSERVED TIME   RECORD YEAR NORMAL DEPARTURE LAST
                VALUE   (LST)  VALUE       VALUE  FROM      YEAR
                                                  NORMAL
..................................................................
TEMPERATURE (F)
 TODAY
  MAXIMUM         76    259 PM 105    2007  82     -6       91
  MINIMUM         48    511 AM  40    1999  52     -4       53
                                      1893
  AVERAGE         62                        67     -5       72

PRECIPITATION (IN)
  TODAY            0.00          1.70 1993   0.07  -0.07      T
  MONTH TO DATE    0.06                      0.42  -0.36      T
  SINCE OCT 1      6.13                      7.75  -1.62     8.39
  SINCE JAN 1      4.56                      6.34  -1.78     6.38

SNOWFALL (IN)
  TODAY            0.0           0.0  1999   0.0    0.0      0.0
                                      1998
  MONTH TO DATE    0.0                       0.0    0.0      0.0
  SINCE JUN 1      0.0                       0.0    0.0      0.0
  SINCE JUL 1      0.0                       0.0    0.0      0.0
  SNOW DEPTH       0

DEGREE DAYS
 HEATING
  TODAY            3                         2      1        0
  MONTH TO DATE    9                        12     -3        0
  SINCE JUN 1     66                       145    -79      175
  SINCE JUL 1      9                        12     -3        0

 COOLING
  TODAY            0                         4     -4        7
  MONTH TO DATE   26                        20      6       41
  SINCE JUN 1    136                        68     68       47
  SINCE JAN 1    136                        79     57       54
..................................................................


WIND (MPH)
  HIGHEST WIND SPEED    10   HIGHEST WIND DIRECTION    SW (220)
  HIGHEST GUST SPEED    13   HIGHEST GUST DIRECTION    NW (330)
  AVERAGE WIND SPEED     2.6


SKY COVER
  AVERAGE SKY COVER 0.2


WEATHER CONDITIONS
 THE FOLLOWING WEATHER WAS RECORDED TODAY.
  NO SIGNIFICANT WEATHER WAS OBSERVED.


RELATIVE HUMIDITY (PERCENT)
 HIGHEST   100           400 AM
 LOWEST     33           300 PM
 AVERAGE    67

..........................................................


THE HAVRE MT CLIMATE NORMALS FOR TOMORROW
                         NORMAL    RECORD    YEAR
 MAXIMUM TEMPERATURE (F)   83       100      1989
 MINIMUM TEMPERATURE (F)   52        40      1952


SUNRISE AND SUNSET
JULY  6 2015..........SUNRISE   525 AM MDT   SUNSET   923 PM MDT
JULY  7 2015..........SUNRISE   525 AM MDT   SUNSET   922 PM MDT


-  INDICATES NEGATIVE NUMBERS.
R  INDICATES RECORD WAS SET OR TIED.
MM INDICATES DATA IS MISSING.
T  INDICATES TRACE AMOUNT.




$$
