000
CDUS45 KTFX 270725
CLIHVR


CLIMATE REPORT
NATIONAL WEATHER SERVICE GREAT FALLS MT
125 AM MDT SAT MAY 27 2017


...................................

...THE HAVRE MT CLIMATE SUMMARY FOR MAY 26 2017...

CLIMATE NORMAL PERIOD 1981 TO 2010
CLIMATE RECORD PERIOD 1880 TO 2017


WEATHER ITEM   OBSERVED TIME   RECORD YEAR NORMAL DEPARTURE LAST
                VALUE   (LST)  VALUE       VALUE  FROM      YEAR
                                                  NORMAL
..................................................................
TEMPERATURE (F)
 YESTERDAY
  MAXIMUM         70    251 PM  96    1936  70      0       65
  MINIMUM         39   1242 AM  25    1918  44     -5       53
  AVERAGE         55                        57     -2       59

PRECIPITATION (IN)
  YESTERDAY        0.01          1.08 1912   0.06  -0.05     0.00
  MONTH TO DATE    0.34                      1.39  -1.05     3.12
  SINCE OCT 1      6.52                      4.79   1.73     9.46
  SINCE JAN 1      2.53                      3.38  -0.85     7.53

SNOWFALL (IN)
  YESTERDAY        0.0           T    1916   0.1   -0.1      0.0
                                      1998
  MONTH TO DATE    0.0                       1.6   -1.6      0.0
  SINCE MAR 1      1.0                      10.9   -9.9      3.0
  SINCE JUL 1     32.9                      38.8   -5.9     17.3
  SNOW DEPTH       0

DEGREE DAYS
 HEATING
  YESTERDAY       10                         8      2        6
  MONTH TO DATE  264                       313    -49      307
  SINCE MAR 1   1760                      1930   -170     1601
  SINCE JUL 1   7759                      8050   -291     7026

 COOLING
  YESTERDAY        0                         1     -1        0
  MONTH TO DATE    6                         1      5        1
  SINCE MAR 1      6                         2      4        1
  SINCE JAN 1      6                         2      4        1
..................................................................


WIND (MPH)
  HIGHEST WIND SPEED    20   HIGHEST WIND DIRECTION     N (20)
  HIGHEST GUST SPEED    25   HIGHEST GUST DIRECTION    NE (30)
  AVERAGE WIND SPEED    10.8


SKY COVER
  AVERAGE SKY COVER 0.5


WEATHER CONDITIONS
 THE FOLLOWING WEATHER WAS RECORDED YESTERDAY.
  LIGHT RAIN


RELATIVE HUMIDITY (PERCENT)
 HIGHEST   100           200 AM
 LOWEST     23           200 PM
 AVERAGE    62

..........................................................


THE HAVRE MT CLIMATE NORMALS FOR TODAY
                         NORMAL    RECORD    YEAR
 MAXIMUM TEMPERATURE (F)   70        98      1936
 MINIMUM TEMPERATURE (F)   45        28      2005


SUNRISE AND SUNSET
MAY 27 2017...........SUNRISE   525 AM MDT   SUNSET   908 PM MDT
MAY 28 2017...........SUNRISE   524 AM MDT   SUNSET   909 PM MDT


-  INDICATES NEGATIVE NUMBERS.
R  INDICATES RECORD WAS SET OR TIED.
MM INDICATES DATA IS MISSING.
T  INDICATES TRACE AMOUNT.




$$
