000
CDUS45 KTFX 020747
CLIHVR


CLIMATE REPORT
NATIONAL WEATHER SERVICE GREAT FALLS MT
147 AM MDT MON MAY 2 2016


...................................

...THE HAVRE MT CLIMATE SUMMARY FOR MAY 1 2016...

CLIMATE NORMAL PERIOD 1981 TO 2010
CLIMATE RECORD PERIOD 1880 TO 2016


WEATHER ITEM   OBSERVED TIME   RECORD YEAR NORMAL DEPARTURE LAST
                VALUE   (LST)  VALUE       VALUE  FROM      YEAR
                                                  NORMAL
..................................................................
TEMPERATURE (F)
 YESTERDAY
  MAXIMUM         67    447 PM  86    2000  63      4       74
  MINIMUM         33    423 AM  16    2013  35     -2       42
  AVERAGE         50                        49      1       58

PRECIPITATION (IN)
  YESTERDAY        0.00          0.96 1951   0.04  -0.04     0.00
  MONTH TO DATE    0.00                      0.04  -0.04     0.00
  SINCE OCT 1      6.34                      3.44   2.90     4.06
  SINCE JAN 1      4.41                      2.03   2.38     2.49

SNOWFALL (IN)
  YESTERDAY        0.0           7.4  1899   0.1   -0.1      0.0
  MONTH TO DATE    0.0                       0.1   -0.1      0.0
  SINCE MAR 1      T                         9.4   -9.4      0.2
  SINCE JUL 1     14.3                      37.3  -23.0     20.8
  SNOW DEPTH       0

DEGREE DAYS
 HEATING
  YESTERDAY       15                        16     -1        7
  MONTH TO DATE   15                        16     -1        7
  SINCE MAR 1   1309                      1633   -324     1347
  SINCE JUL 1   6734                      7753  -1019     7015

 COOLING
  YESTERDAY        0                         0      0        0
  MONTH TO DATE    0                         0      0        0
  SINCE MAR 1      0                         1     -1        0
  SINCE JAN 1      0                         1     -1        0
..................................................................


WIND (MPH)
  HIGHEST WIND SPEED    12   HIGHEST WIND DIRECTION    SW (230)
  HIGHEST GUST SPEED    14   HIGHEST GUST DIRECTION    SW (230)
  AVERAGE WIND SPEED     3.4


SKY COVER
  AVERAGE SKY COVER 0.0


WEATHER CONDITIONS
 THE FOLLOWING WEATHER WAS RECORDED YESTERDAY.
  NO SIGNIFICANT WEATHER WAS OBSERVED.


RELATIVE HUMIDITY (PERCENT)
 HIGHEST   100           600 AM
 LOWEST     28           600 PM
 AVERAGE    64

..........................................................


THE HAVRE MT CLIMATE NORMALS FOR TODAY
                         NORMAL    RECORD    YEAR
 MAXIMUM TEMPERATURE (F)   64        88      1957
 MINIMUM TEMPERATURE (F)   35        14      2005
                                             1954


SUNRISE AND SUNSET
MAY  2 2016...........SUNRISE   557 AM MDT   SUNSET   836 PM MDT
MAY  3 2016...........SUNRISE   555 AM MDT   SUNSET   837 PM MDT


-  INDICATES NEGATIVE NUMBERS.
R  INDICATES RECORD WAS SET OR TIED.
MM INDICATES DATA IS MISSING.
T  INDICATES TRACE AMOUNT.




$$
