000
CDUS45 KTFX 060733
CLIHVR


CLIMATE REPORT
NATIONAL WEATHER SERVICE GREAT FALLS MT
1231 AM MST FRI MAR 6 2015


...................................

...THE HAVRE MT CLIMATE SUMMARY FOR MARCH 5 2015...

CLIMATE NORMAL PERIOD 1981 TO 2010
CLIMATE RECORD PERIOD 1880 TO 2015


WEATHER ITEM   OBSERVED TIME   RECORD YEAR NORMAL DEPARTURE LAST
                VALUE   (LST)  VALUE       VALUE  FROM      YEAR
                                                  NORMAL
..................................................................
TEMPERATURE (F)
 YESTERDAY
  MAXIMUM         53    159 PM  75    1987  40     13       29
  MINIMUM         20    646 AM -32    1947  16      4        0
  AVERAGE         37                        28      9       15

PRECIPITATION (IN)
  YESTERDAY        0.00          0.21 1935   0.01  -0.01     0.00
  MONTH TO DATE    T                         0.06  -0.06     0.18
  SINCE OCT 1      3.20                      2.08   1.12     2.85
  SINCE JAN 1      1.63                      0.67   0.96     0.84

SNOWFALL (IN)
  YESTERDAY        0.0           2.4  1935   0.2   -0.2      0.0
  MONTH TO DATE    T                         1.0   -1.0      1.0
  SINCE MAR 1      T                         1.0   -1.0      1.0
  SINCE JUL 1     20.6                      28.9   -8.3     38.4
  SNOW DEPTH       0

DEGREE DAYS
 HEATING
  YESTERDAY       28                        37     -9       50
  MONTH TO DATE  221                       190     31      307
  SINCE MAR 1    221                       190     31      307
  SINCE JUL 1   5889                      6310   -421     6548

 COOLING
  YESTERDAY        0                         0      0        0
  MONTH TO DATE    0                         0      0        0
  SINCE MAR 1      0                         0      0        0
  SINCE JAN 1      0                         0      0        0
..................................................................


WIND (MPH)
  HIGHEST WIND SPEED    23   HIGHEST WIND DIRECTION    NW (300)
  HIGHEST GUST SPEED    28   HIGHEST GUST DIRECTION    SW (220)
  AVERAGE WIND SPEED    13.2


SKY COVER
  AVERAGE SKY COVER 0.1


WEATHER CONDITIONS
 THE FOLLOWING WEATHER WAS RECORDED YESTERDAY.
  NO SIGNIFICANT WEATHER WAS OBSERVED.


RELATIVE HUMIDITY (PERCENT)
 HIGHEST    68           500 AM
 LOWEST     19           200 PM
 AVERAGE    44

..........................................................


THE HAVRE MT CLIMATE NORMALS FOR TODAY
                         NORMAL    RECORD    YEAR
 MAXIMUM TEMPERATURE (F)   40        68      1987
 MINIMUM TEMPERATURE (F)   17       -32      1947


SUNRISE AND SUNSET
MARCH  6 2015.........SUNRISE   651 AM MST   SUNSET   610 PM MST
MARCH  7 2015.........SUNRISE   649 AM MST   SUNSET   612 PM MST


-  INDICATES NEGATIVE NUMBERS.
R  INDICATES RECORD WAS SET OR TIED.
MM INDICATES DATA IS MISSING.
T  INDICATES TRACE AMOUNT.




$$
