000
CDUS45 KTFX 100945
CLIHVR


CLIMATE REPORT
NATIONAL WEATHER SERVICE GREAT FALLS MT
345 AM MDT THU JUL 10 2014


...................................

...THE HAVRE MT CLIMATE SUMMARY FOR JULY 9 2014...

CLIMATE NORMAL PERIOD 1981 TO 2010
CLIMATE RECORD PERIOD 1880 TO 2014


WEATHER ITEM   OBSERVED TIME   RECORD YEAR NORMAL DEPARTURE LAST
                VALUE   (LST)  VALUE       VALUE  FROM      YEAR
                                                  NORMAL
..................................................................
TEMPERATURE (F)
 YESTERDAY
  MAXIMUM         94    509 PM 102    2001  83     11       78
                                      1886
  MINIMUM         55    450 AM  36    1881  53      2       55
  AVERAGE         75                        68      7       67

PRECIPITATION (IN)
  YESTERDAY        0.00          0.81 1909   0.06  -0.06     0.00
  MONTH TO DATE    T                         0.60  -0.60     1.29
  SINCE OCT 1      8.39                      7.93   0.46    14.98
  SINCE JAN 1      6.38                      6.52  -0.14    12.50

SNOWFALL (IN)
  YESTERDAY        0.0           0.0  1999   0.0    0.0      0.0
                                      2001
                                      1998
  MONTH TO DATE    0.0                       0.0    0.0      0.0
  SINCE JUN 1      0.0                       0.0    0.0      0.0
  SINCE JUL 1      0.0                       0.0    0.0      0.0
  SNOW DEPTH       0

DEGREE DAYS
 HEATING
  YESTERDAY        0                         1     -1        0
  MONTH TO DATE    0                        16    -16        1
  SINCE JUN 1    175                       149     26      114
  SINCE JUL 1      0                        16    -16        1

 COOLING
  YESTERDAY       10                         4      6        2
  MONTH TO DATE   54                        32     22       52
  SINCE JUN 1     60                        80    -20       95
  SINCE JAN 1     67                        91    -24      102
..................................................................


WIND (MPH)
  HIGHEST WIND SPEED    14   HIGHEST WIND DIRECTION    SW (220)
  HIGHEST GUST SPEED    17   HIGHEST GUST DIRECTION     S (190)
  AVERAGE WIND SPEED     5.2


SKY COVER
  AVERAGE SKY COVER 0.1


WEATHER CONDITIONS
 THE FOLLOWING WEATHER WAS RECORDED YESTERDAY.
  NO SIGNIFICANT WEATHER WAS OBSERVED.


RELATIVE HUMIDITY (PERCENT)
 HIGHEST    86           500 AM
 LOWEST     18           400 PM
 AVERAGE    52

..........................................................


THE HAVRE MT CLIMATE NORMALS FOR TODAY
                         NORMAL    RECORD    YEAR
 MAXIMUM TEMPERATURE (F)   84       105      1973
 MINIMUM TEMPERATURE (F)   53        41      1999
                                             1881


SUNRISE AND SUNSET
JULY 10 2014..........SUNRISE   528 AM MDT   SUNSET   920 PM MDT
JULY 11 2014..........SUNRISE   529 AM MDT   SUNSET   920 PM MDT


-  INDICATES NEGATIVE NUMBERS.
R  INDICATES RECORD WAS SET OR TIED.
MM INDICATES DATA IS MISSING.
T  INDICATES TRACE AMOUNT.




$$
