000
CDUS45 KTFX 210732
CLIHVR


CLIMATE REPORT
NATIONAL WEATHER SERVICE GREAT FALLS MT
130 AM MDT FRI JUL 21 2017


...................................

...THE HAVRE MT CLIMATE SUMMARY FOR JULY 20 2017...

CLIMATE NORMAL PERIOD 1981 TO 2010
CLIMATE RECORD PERIOD 1880 TO 2017


WEATHER ITEM   OBSERVED TIME   RECORD YEAR NORMAL DEPARTURE LAST
                VALUE   (LST)  VALUE       VALUE  FROM      YEAR
                                                  NORMAL
..................................................................
TEMPERATURE (F)
 YESTERDAY
  MAXIMUM         98    522 PM 102    1921  86     12       87
                                      1893
  MINIMUM         55    118 AM  36    1895  55      0       57
  AVERAGE         77                        70      7       72

PRECIPITATION (IN)
  YESTERDAY        0.00          1.85 1881   0.05  -0.05     0.05
  MONTH TO DATE    0.23                      1.22  -0.99     2.10
  SINCE OCT 1      7.43                      8.55  -1.12    13.85
  SINCE JAN 1      3.44                      7.14  -3.70    11.92

SNOWFALL (IN)
  YESTERDAY        0.0           0.0  1999   0.0    0.0      0.0
                                      2001
                                      1998
  MONTH TO DATE    0.0                       0.0    0.0      0.0
  SINCE JUN 1      0.0                       0.0    0.0      0.0
  SINCE JUL 1      0.0                       0.0    0.0      0.0
  SNOW DEPTH       0

DEGREE DAYS
 HEATING
  YESTERDAY        0                         1     -1        0
  MONTH TO DATE    1                        27    -26       19
  SINCE JUN 1     84                       160    -76      104
  SINCE JUL 1      1                        27    -26       19

 COOLING
  YESTERDAY       12                         6      6        7
  MONTH TO DATE  206                        90    116       66
  SINCE JUN 1    269                       138    131      120
  SINCE JAN 1    280                       149    131      121
..................................................................


WIND (MPH)
  HIGHEST WIND SPEED    21   HIGHEST WIND DIRECTION     E (70)
  HIGHEST GUST SPEED    27   HIGHEST GUST DIRECTION     E (90)
  AVERAGE WIND SPEED     9.3


SKY COVER
  AVERAGE SKY COVER 0.0


WEATHER CONDITIONS
 THE FOLLOWING WEATHER WAS RECORDED YESTERDAY.
  NO SIGNIFICANT WEATHER WAS OBSERVED.


RELATIVE HUMIDITY (PERCENT)
 HIGHEST    51           500 AM
 LOWEST      9           500 PM
 AVERAGE    30

..........................................................


THE HAVRE MT CLIMATE NORMALS FOR TODAY
                         NORMAL    RECORD    YEAR
 MAXIMUM TEMPERATURE (F)   87       103      1931
 MINIMUM TEMPERATURE (F)   55        42      1968


SUNRISE AND SUNSET
JULY 21 2017..........SUNRISE   540 AM MDT   SUNSET   910 PM MDT
JULY 22 2017..........SUNRISE   541 AM MDT   SUNSET   909 PM MDT


-  INDICATES NEGATIVE NUMBERS.
R  INDICATES RECORD WAS SET OR TIED.
MM INDICATES DATA IS MISSING.
T  INDICATES TRACE AMOUNT.




$$
