000
CDUS45 KTFX 240912
CLIHVR


CLIMATE REPORT
NATIONAL WEATHER SERVICE GREAT FALLS MT
311 AM MDT SUN JUL 24 2016


...................................

...THE HAVRE MT CLIMATE SUMMARY FOR JULY 23 2016...

CLIMATE NORMAL PERIOD 1981 TO 2010
CLIMATE RECORD PERIOD 1880 TO 2016


WEATHER ITEM   OBSERVED TIME   RECORD YEAR NORMAL DEPARTURE LAST
                VALUE   (LST)  VALUE       VALUE  FROM      YEAR
                                                  NORMAL
..................................................................
TEMPERATURE (F)
 YESTERDAY
  MAXIMUM         82        MM 106    2007  87     -5       83
  MINIMUM         60        MM  44    1918  55      5       54
  AVERAGE         71                        71      0       69

PRECIPITATION (IN)
  YESTERDAY        T             1.53 1884   0.04  -0.04     0.00
  MONTH TO DATE    2.10                      1.34   0.76     0.80
  SINCE OCT 1     13.85                      8.67   5.18     6.93
  SINCE JAN 1     11.92                      7.26   4.66     5.36

SNOWFALL (IN)
  YESTERDAY        0.0           T    1992   0.0    0.0      0.0
                                      1998
  MONTH TO DATE    0.0                       0.0    0.0       T
  SINCE JUN 1      0.0                       0.0    0.0       T
  SINCE JUL 1      0.0                       0.0    0.0       T
  SNOW DEPTH       0

DEGREE DAYS
 HEATING
  YESTERDAY        0                         0      0        0
  MONTH TO DATE   19                        29    -10       18
  SINCE JUN 1    104                       162    -58       75
  SINCE JUL 1     19                        29    -10       18

 COOLING
  YESTERDAY        6                         6      0        4
  MONTH TO DATE   95                       108    -13      115
  SINCE JUN 1    149                       156     -7      225
  SINCE JAN 1    150                       167    -17      225
..................................................................


WIND (MPH)
  HIGHEST WIND SPEED    27   HIGHEST WIND DIRECTION     W (290)
  HIGHEST GUST SPEED    37   HIGHEST GUST DIRECTION     W (270)
  AVERAGE WIND SPEED    15.5


SKY COVER
  AVERAGE SKY COVER 0.1


WEATHER CONDITIONS
 THE FOLLOWING WEATHER WAS RECORDED YESTERDAY.
  LIGHT RAIN


RELATIVE HUMIDITY (PERCENT)
 HIGHEST    72          1000 PM
 LOWEST     30           500 PM
 AVERAGE    51

..........................................................


THE HAVRE MT CLIMATE NORMALS FOR TODAY
                         NORMAL    RECORD    YEAR
 MAXIMUM TEMPERATURE (F)   87       104      1929
 MINIMUM TEMPERATURE (F)   55        40      1896


SUNRISE AND SUNSET
JULY 24 2016..........SUNRISE   544 AM MDT   SUNSET   906 PM MDT
JULY 25 2016..........SUNRISE   545 AM MDT   SUNSET   905 PM MDT


-  INDICATES NEGATIVE NUMBERS.
R  INDICATES RECORD WAS SET OR TIED.
MM INDICATES DATA IS MISSING.
T  INDICATES TRACE AMOUNT.




$$
