000
CDUS45 KTFX 161020
CLIHVR


CLIMATE REPORT
NATIONAL WEATHER SERVICE GREAT FALLS MT
319 AM MST MON JAN 16 2017


...................................

...THE HAVRE MT CLIMATE SUMMARY FOR JANUARY 15 2017...

CLIMATE NORMAL PERIOD 1981 TO 2010
CLIMATE RECORD PERIOD 1880 TO 2017


WEATHER ITEM   OBSERVED TIME   RECORD YEAR NORMAL DEPARTURE LAST
                VALUE   (LST)  VALUE       VALUE  FROM      YEAR
                                                  NORMAL
..................................................................
TEMPERATURE (F)
 YESTERDAY
  MAXIMUM         30    231 PM  61    1973  29      1       29
  MINIMUM          6    150 AM -43    1907   7     -1        9
  AVERAGE         18                        18      0       19

PRECIPITATION (IN)
  YESTERDAY        0.00          0.41 1943   0.01  -0.01     0.06
  MONTH TO DATE    0.54                      0.19   0.35     0.22
  SINCE OCT 1      4.53                      1.60   2.93     2.15
  SINCE JAN 1      0.54                      0.19   0.35     0.22

SNOWFALL (IN)
  YESTERDAY        0.0           5.6  1943   0.2   -0.2      1.7
  MONTH TO DATE    6.0                       4.0    2.0      4.1
  SINCE DEC 1     13.2                      11.4    1.8      9.5
  SINCE JUL 1     18.7                      19.0   -0.3     12.5
  SNOW DEPTH       8

DEGREE DAYS
 HEATING
  YESTERDAY       47                        47      0       46
  MONTH TO DATE  965                       716    249      763
  SINCE DEC 1   2531                      2139    392     2072
  SINCE JUL 1   4278                      4182     96     3925

 COOLING
  YESTERDAY        0                         0      0        0
  MONTH TO DATE    0                         0      0        0
  SINCE DEC 1      0                         0      0        0
  SINCE JAN 1      0                         0      0        0
..................................................................


WIND (MPH)
  HIGHEST WIND SPEED    29   HIGHEST WIND DIRECTION    SW (220)
  HIGHEST GUST SPEED    34   HIGHEST GUST DIRECTION    SW (220)
  AVERAGE WIND SPEED    15.0


SKY COVER
  AVERAGE SKY COVER 0.0


WEATHER CONDITIONS
 THE FOLLOWING WEATHER WAS RECORDED YESTERDAY.
  NO SIGNIFICANT WEATHER WAS OBSERVED.


RELATIVE HUMIDITY (PERCENT)
 HIGHEST    80          1200 AM
 LOWEST     65          1100 AM
 AVERAGE    73

..........................................................


THE HAVRE MT CLIMATE NORMALS FOR TODAY
                         NORMAL    RECORD    YEAR
 MAXIMUM TEMPERATURE (F)   29        60      1973
 MINIMUM TEMPERATURE (F)    7       -34      1982
                                             1907


SUNRISE AND SUNSET
JANUARY 16 2017.......SUNRISE   805 AM MST   SUNSET   453 PM MST
JANUARY 17 2017.......SUNRISE   804 AM MST   SUNSET   455 PM MST


-  INDICATES NEGATIVE NUMBERS.
R  INDICATES RECORD WAS SET OR TIED.
MM INDICATES DATA IS MISSING.
T  INDICATES TRACE AMOUNT.




$$
