000
CDUS45 KTFX 241038
CLIHVR


CLIMATE REPORT
NATIONAL WEATHER SERVICE GREAT FALLS MT
437 AM MDT WED AUG 24 2016


...................................

...THE HAVRE MT CLIMATE SUMMARY FOR AUGUST 23 2016...

CLIMATE NORMAL PERIOD 1981 TO 2010
CLIMATE RECORD PERIOD 1880 TO 2016


WEATHER ITEM   OBSERVED TIME   RECORD YEAR NORMAL DEPARTURE LAST
                VALUE   (LST)  VALUE       VALUE  FROM      YEAR
                                                  NORMAL
..................................................................
TEMPERATURE (F)
 YESTERDAY
  MAXIMUM         69    242 PM 106    1969  82    -13       79
  MINIMUM         47    255 AM  33    2015  50     -3       33
  AVERAGE         58                        66     -8       56

PRECIPITATION (IN)
  YESTERDAY        0.01          1.77 1965   0.03  -0.02     0.00
  MONTH TO DATE    1.00                      0.82   0.18     0.67
  SINCE OCT 1     15.18                      9.79   5.39    10.07
  SINCE JAN 1     13.25                      8.38   4.87     8.50

SNOWFALL (IN)
  YESTERDAY        0.0           0.0  1999   0.0    0.0      0.0
                                      2001
                                      1998
  MONTH TO DATE    0.0                       0.0    0.0      0.0
  SINCE JUN 1      0.0                       0.0    0.0       T
  SINCE JUL 1      0.0                       0.0    0.0       T
  SNOW DEPTH       0

DEGREE DAYS
 HEATING
  YESTERDAY        7                         2      5        9
  MONTH TO DATE   19                        27     -8       49
  SINCE JUN 1    123                       190    -67      131
  SINCE JUL 1     38                        57    -19       74

 COOLING
  YESTERDAY        0                         3     -3        0
  MONTH TO DATE   90                       127    -37      104
  SINCE JUN 1    295                       337    -42      367
  SINCE JAN 1    296                       348    -52      367
..................................................................


WIND (MPH)
  HIGHEST WIND SPEED    37   HIGHEST WIND DIRECTION    NW (300)
  HIGHEST GUST SPEED    45   HIGHEST GUST DIRECTION     W (280)
  AVERAGE WIND SPEED    18.6


SKY COVER
  AVERAGE SKY COVER 0.6


WEATHER CONDITIONS
 THE FOLLOWING WEATHER WAS RECORDED YESTERDAY.
  LIGHT RAIN


RELATIVE HUMIDITY (PERCENT)
 HIGHEST    80           800 PM
 LOWEST     33          1200 AM
 AVERAGE    57

..........................................................


THE HAVRE MT CLIMATE NORMALS FOR TODAY
                         NORMAL    RECORD    YEAR
 MAXIMUM TEMPERATURE (F)   82       110      1969
 MINIMUM TEMPERATURE (F)   50        35      1910


SUNRISE AND SUNSET
AUGUST 24 2016........SUNRISE   626 AM MDT   SUNSET   816 PM MDT
AUGUST 25 2016........SUNRISE   627 AM MDT   SUNSET   814 PM MDT


-  INDICATES NEGATIVE NUMBERS.
R  INDICATES RECORD WAS SET OR TIED.
MM INDICATES DATA IS MISSING.
T  INDICATES TRACE AMOUNT.




$$
