000
CDUS45 KTFX 270739
CLIHVR


CLIMATE REPORT
NATIONAL WEATHER SERVICE GREAT FALLS MT
1234 AM MST TUE JAN 27 2015


...................................

...THE HAVRE MT CLIMATE SUMMARY FOR JANUARY 26 2015...

CLIMATE NORMAL PERIOD 1981 TO 2010
CLIMATE RECORD PERIOD 1880 TO 2015


WEATHER ITEM   OBSERVED TIME   RECORD YEAR NORMAL DEPARTURE LAST
                VALUE   (LST)  VALUE       VALUE  FROM      YEAR
                                                  NORMAL
..................................................................
TEMPERATURE (F)
 YESTERDAY
  MAXIMUM         54R   343 PM  51    1934  30     24       40
  MINIMUM         36    550 AM -42    1916   8     28        6
  AVERAGE         45                        19     26       23

PRECIPITATION (IN)
  YESTERDAY        0.00          0.18 1916   0.01  -0.01      T
                                      1912
  MONTH TO DATE    1.17                      0.29   0.88     0.18
  SINCE OCT 1      2.74                      1.70   1.04     2.19
  SINCE JAN 1      1.17                      0.29   0.88     0.18

SNOWFALL (IN)
  YESTERDAY        0.0           3.8  1916   0.2   -0.2     MM
  MONTH TO DATE    5.7                       6.2   -0.5      2.2
  SINCE DEC 1      5.8                      13.6   -7.8     22.4
  SINCE JUL 1     10.4                      21.2  -10.8     28.2
  SNOW DEPTH       T

DEGREE DAYS
 HEATING
  YESTERDAY       20                        46    -26       42
  MONTH TO DATE 1199                      1228    -29      968
  SINCE DEC 1   2452                      2651   -199     2585
  SINCE JUL 1   4389                      4694   -305     4511

 COOLING
  YESTERDAY        0                         0      0        0
  MONTH TO DATE    0                         0      0        0
  SINCE DEC 1      0                         0      0        0
  SINCE JAN 1      0                         0      0        0
..................................................................


WIND (MPH)
  HIGHEST WIND SPEED    28   HIGHEST WIND DIRECTION    SW (220)
  HIGHEST GUST SPEED    35   HIGHEST GUST DIRECTION    SW (210)
  AVERAGE WIND SPEED    15.7


SKY COVER
  AVERAGE SKY COVER 0.0


WEATHER CONDITIONS
 THE FOLLOWING WEATHER WAS RECORDED YESTERDAY.
  NO SIGNIFICANT WEATHER WAS OBSERVED.


RELATIVE HUMIDITY (PERCENT)
 HIGHEST    79           800 PM
 LOWEST     50           100 PM
 AVERAGE    65

..........................................................


THE HAVRE MT CLIMATE NORMALS FOR TODAY
                         NORMAL    RECORD    YEAR
 MAXIMUM TEMPERATURE (F)   30        55      1988
                                             1976
 MINIMUM TEMPERATURE (F)    8       -57      1916


SUNRISE AND SUNSET
JANUARY 27 2015.......SUNRISE   755 AM MST   SUNSET   509 PM MST
JANUARY 28 2015.......SUNRISE   754 AM MST   SUNSET   511 PM MST


-  INDICATES NEGATIVE NUMBERS.
R  INDICATES RECORD WAS SET OR TIED.
MM INDICATES DATA IS MISSING.
T  INDICATES TRACE AMOUNT.




$$
