000
CDUS45 KTFX 251010
CLIHVR


CLIMATE REPORT
NATIONAL WEATHER SERVICE GREAT FALLS MT
409 AM MDT SAT OCT 25 2014


...................................

...THE HAVRE MT CLIMATE SUMMARY FOR OCTOBER 24 2014...

CLIMATE NORMAL PERIOD 1981 TO 2010
CLIMATE RECORD PERIOD 1880 TO 2014


WEATHER ITEM   OBSERVED TIME   RECORD YEAR NORMAL DEPARTURE LAST
                VALUE   (LST)  VALUE       VALUE  FROM      YEAR
                                                  NORMAL
..................................................................
TEMPERATURE (F)
 YESTERDAY
  MAXIMUM         58    237 PM  82    2007  54      4       59
  MINIMUM         37   1046 PM  -3    1887  28      9       32
  AVERAGE         48                        41      7       46

PRECIPITATION (IN)
  YESTERDAY        0.00          0.19 2001   0.01  -0.01     0.00
  MONTH TO DATE    0.61                      0.47   0.14     0.16
  SINCE OCT 1      0.61                      0.47   0.14     0.16
  SINCE JAN 1     11.77                     10.26   1.51    17.31

SNOWFALL (IN)
  YESTERDAY        0.0           1.6  1898   0.1   -0.1      0.0
  MONTH TO DATE    T                         1.4   -1.4      0.0
  SINCE SEP 1      T                         1.7   -1.7      0.0
  SINCE JUL 1      T                         1.7   -1.7      0.0
  SNOW DEPTH       0

DEGREE DAYS
 HEATING
  YESTERDAY       17                        24     -7       19
  MONTH TO DATE  300                       460   -160      463
  SINCE SEP 1    541                       734   -193      613
  SINCE JUL 1    585                       817   -232      631

 COOLING
  YESTERDAY        0                         0      0        0
  MONTH TO DATE    0                         0      0        0
  SINCE SEP 1     12                        19     -7       70
  SINCE JAN 1    402                       386     16      445
..................................................................


WIND (MPH)
  HIGHEST WIND SPEED    25   HIGHEST WIND DIRECTION     W (270)
  HIGHEST GUST SPEED    32   HIGHEST GUST DIRECTION     W (280)
  AVERAGE WIND SPEED    12.8


SKY COVER
  AVERAGE SKY COVER 0.0


WEATHER CONDITIONS
 THE FOLLOWING WEATHER WAS RECORDED YESTERDAY.
  NO SIGNIFICANT WEATHER WAS OBSERVED.


RELATIVE HUMIDITY (PERCENT)
 HIGHEST    76          1100 PM
 LOWEST     33           200 PM
 AVERAGE    55

..........................................................


THE HAVRE MT CLIMATE NORMALS FOR TODAY
                         NORMAL    RECORD    YEAR
 MAXIMUM TEMPERATURE (F)   54        82      1924
 MINIMUM TEMPERATURE (F)   27        -7      1919


SUNRISE AND SUNSET
OCTOBER 25 2014.......SUNRISE   754 AM MDT   SUNSET   611 PM MDT
OCTOBER 26 2014.......SUNRISE   756 AM MDT   SUNSET   609 PM MDT


-  INDICATES NEGATIVE NUMBERS.
R  INDICATES RECORD WAS SET OR TIED.
MM INDICATES DATA IS MISSING.
T  INDICATES TRACE AMOUNT.




$$
