000
CDUS45 KTFX 231021
CLIHVR


CLIMATE REPORT
NATIONAL WEATHER SERVICE GREAT FALLS MT
420 AM MDT SAT AUG 23 2014


...................................

...THE HAVRE MT CLIMATE SUMMARY FOR AUGUST 22 2014...

CLIMATE NORMAL PERIOD 1981 TO 2010
CLIMATE RECORD PERIOD 1880 TO 2014


WEATHER ITEM   OBSERVED TIME   RECORD YEAR NORMAL DEPARTURE LAST
                VALUE   (LST)  VALUE       VALUE  FROM      YEAR
                                                  NORMAL
..................................................................
TEMPERATURE (F)
 YESTERDAY
  MAXIMUM         65   1254 PM 102    1976  82    -17       90
  MINIMUM         56   1159 PM  35    1992  51      5       53
  AVERAGE         61                        66     -5       72

PRECIPITATION (IN)
  YESTERDAY        0.51          1.45 1933   0.04   0.47     0.00
  MONTH TO DATE    1.06                      0.79   0.27     0.93
  SINCE OCT 1      9.71                      9.76  -0.05    17.37
  SINCE JAN 1      7.70                      8.35  -0.65    14.89

SNOWFALL (IN)
  YESTERDAY        0.0           T    1992   0.0    0.0      0.0
                                      2001
                                      1998
  MONTH TO DATE    0.0                       0.0    0.0      0.0
  SINCE JUN 1      0.0                       0.0    0.0      0.0
  SINCE JUL 1      0.0                       0.0    0.0      0.0
  SNOW DEPTH       0

DEGREE DAYS
 HEATING
  YESTERDAY        4                         2      2        0
  MONTH TO DATE    6                        25    -19        8
  SINCE JUN 1    181                       188     -7      129
  SINCE JUL 1      6                        55    -49       16

 COOLING
  YESTERDAY        0                         4     -4        7
  MONTH TO DATE  164                       124     40      104
  SINCE JUN 1    371                       334     37      293
  SINCE JAN 1    378                       345     33      300
..................................................................


WIND (MPH)
  HIGHEST WIND SPEED    21   HIGHEST WIND DIRECTION    NE (50)
  HIGHEST GUST SPEED    28   HIGHEST GUST DIRECTION    NE (60)
  AVERAGE WIND SPEED    11.2


SKY COVER
  AVERAGE SKY COVER 1.0


WEATHER CONDITIONS
 THE FOLLOWING WEATHER WAS RECORDED YESTERDAY.
  HEAVY RAIN
  RAIN
  LIGHT RAIN
  FOG
  HAZE


RELATIVE HUMIDITY (PERCENT)
 HIGHEST    93           400 PM
 LOWEST     72          1100 AM
 AVERAGE    83

..........................................................


THE HAVRE MT CLIMATE NORMALS FOR TODAY
                         NORMAL    RECORD    YEAR
 MAXIMUM TEMPERATURE (F)   82       106      1969
 MINIMUM TEMPERATURE (F)   50        35      1992


SUNRISE AND SUNSET
AUGUST 23 2014........SUNRISE   624 AM MDT   SUNSET   818 PM MDT
AUGUST 24 2014........SUNRISE   625 AM MDT   SUNSET   817 PM MDT


-  INDICATES NEGATIVE NUMBERS.
R  INDICATES RECORD WAS SET OR TIED.
MM INDICATES DATA IS MISSING.
T  INDICATES TRACE AMOUNT.




$$
