000
CDUS43 KUNR 260832
CLIICR


CLIMATE REPORT
NATIONAL WEATHER SERVICE RAPID CITY SD
232 AM MDT FRI MAY 26 2017


...................................

...THE WINNER REGIONAL AIRPORT SD CLIMATE SUMMARY FOR MAY 25 2017...

CLIMATE NORMAL PERIOD 1981 TO 2010
CLIMATE RECORD PERIOD 9999 TO 9999


WEATHER ITEM   OBSERVED TIME   NORMAL DEPARTURE LAST
                VALUE   (LST)  VALUE  FROM      YEAR
                                      NORMAL
......................................................
TEMPERATURE (F)
 YESTERDAY
  MAXIMUM         75    534 PM  73      2       80
  MINIMUM         54   1156 PM  49      5       55
  AVERAGE         65            61      4       68

PRECIPITATION (IN)
  YESTERDAY        T             0.13  -0.13     0.43
  MONTH TO DATE    2.97          2.65   0.32     2.02
  SINCE MAR 1      5.39          6.52  -1.13     8.16
  SINCE JAN 1      7.03          7.28  -0.25     8.55

DEGREE DAYS
 HEATING
  YESTERDAY        0             5     -5        0
  MONTH TO DATE  181           214    -33      175
  SINCE MAR 1   1372          1609   -237     1274
  SINCE JUL 1   5524          6618  -1094     5567

 COOLING
  YESTERDAY        0             1     -1        3
  MONTH TO DATE   26            20      6       29
  SINCE MAR 1     28            22      6       38
  SINCE JAN 1     28            22      6       38
......................................................


WIND (MPH)
  HIGHEST WIND SPEED    28   HIGHEST WIND DIRECTION     S (170)
  HIGHEST GUST SPEED    39   HIGHEST GUST DIRECTION     S (170)
  AVERAGE WIND SPEED    11.0


SKY COVER
  AVERAGE SKY COVER 0.1


WEATHER CONDITIONS
 THE FOLLOWING WEATHER WAS RECORDED YESTERDAY.
  NO SIGNIFICANT WEATHER WAS OBSERVED.


RELATIVE HUMIDITY (PERCENT)
 HIGHEST    72          1000 PM
 LOWEST     35           400 PM
 AVERAGE    54

..........................................................




SUNRISE AND SUNSET
MAY 26 2017...........SUNRISE   605 AM CDT   SUNSET   908 PM CDT
MAY 27 2017...........SUNRISE   604 AM CDT   SUNSET   909 PM CDT


-  INDICATES NEGATIVE NUMBERS.
R  INDICATES RECORD WAS SET OR TIED.
MM INDICATES DATA IS MISSING.
T  INDICATES TRACE AMOUNT.




$$
