000
CDUS43 KUNR 300841
CLIICR


CLIMATE REPORT
NATIONAL WEATHER SERVICE RAPID CITY SD
238 AM MDT THU MAR 30 2017


...................................

...THE WINNER REGIONAL AIRPORT SD CLIMATE SUMMARY FOR MARCH 29 2017...

CLIMATE NORMAL PERIOD 1981 TO 2010
CLIMATE RECORD PERIOD 9999 TO 9999


WEATHER ITEM   OBSERVED TIME   NORMAL DEPARTURE LAST
                VALUE   (LST)  VALUE  FROM      YEAR
                                      NORMAL
......................................................
TEMPERATURE (F)
 YESTERDAY
  MAXIMUM         57   1258 PM  53      4       63
  MINIMUM         41   1159 PM  30     11       41
  AVERAGE         49            42      7       52

PRECIPITATION (IN)
  YESTERDAY        0.02          0.09  -0.07     0.06
  MONTH TO DATE    0.32          1.21  -0.89     0.43
  SINCE MAR 1      0.32          1.21  -0.89     0.43
  SINCE JAN 1      1.96          1.97  -0.01     0.82

DEGREE DAYS
 HEATING
  YESTERDAY       16            23     -7       13
  MONTH TO DATE  698           829   -131      594
  SINCE MAR 1    698           829   -131      594
  SINCE JUL 1   4850          5838   -988     4887

 COOLING
  YESTERDAY        0             0      0        0
  MONTH TO DATE    0             0      0        1
  SINCE MAR 1      0             0      0        1
  SINCE JAN 1      0             0      0        1
......................................................


WIND (MPH)
  HIGHEST WIND SPEED    21   HIGHEST WIND DIRECTION     E (100)
  HIGHEST GUST SPEED    27   HIGHEST GUST DIRECTION     E (110)
  AVERAGE WIND SPEED     8.6


SKY COVER
  AVERAGE SKY COVER 0.9


WEATHER CONDITIONS
 THE FOLLOWING WEATHER WAS RECORDED YESTERDAY.
  LIGHT RAIN
  FOG
  FOG W/VISIBILITY <= 1/4 MILE


RELATIVE HUMIDITY (PERCENT)
 HIGHEST   100           700 AM
 LOWEST     59           300 PM
 AVERAGE    80

..........................................................




SUNRISE AND SUNSET
MARCH 30 2017.........SUNRISE   724 AM CDT   SUNSET   804 PM CDT
MARCH 31 2017.........SUNRISE   722 AM CDT   SUNSET   805 PM CDT


-  INDICATES NEGATIVE NUMBERS.
R  INDICATES RECORD WAS SET OR TIED.
MM INDICATES DATA IS MISSING.
T  INDICATES TRACE AMOUNT.




$$
