000
CDUS43 KUNR 230831
CLIICR


CLIMATE REPORT
NATIONAL WEATHER SERVICE RAPID CITY SD
131 AM MST THU FEB 23 2017


...................................

...THE WINNER REGIONAL AIRPORT SD CLIMATE SUMMARY FOR FEBRUARY 22 2017...

CLIMATE NORMAL PERIOD 1981 TO 2010
CLIMATE RECORD PERIOD 9999 TO 9999


WEATHER ITEM   OBSERVED TIME   NORMAL DEPARTURE LAST
                VALUE   (LST)  VALUE  FROM      YEAR
                                      NORMAL
......................................................
TEMPERATURE (F)
 YESTERDAY
  MAXIMUM         62    323 PM  39     23       47
  MINIMUM         35   1159 PM  19     16       28
  AVERAGE         49            29     20       38

PRECIPITATION (IN)
  YESTERDAY        T             0.02  -0.02      T
  MONTH TO DATE    0.09          0.41  -0.32     0.26
  SINCE DEC 1      1.72          1.00   0.72     1.78
  SINCE JAN 1      1.17          0.66   0.51     0.33

DEGREE DAYS
 HEATING
  YESTERDAY       16            36    -20       27
  MONTH TO DATE  614           845   -231      648
  SINCE DEC 1   3066          3329   -263     3023
  SINCE JUL 1   3936          4800   -864     4118

 COOLING
  YESTERDAY        0             0      0        0
  MONTH TO DATE    0             0      0        0
  SINCE DEC 1      0             0      0        0
  SINCE JAN 1      0             0      0        0
......................................................


WIND (MPH)
  HIGHEST WIND SPEED    28   HIGHEST WIND DIRECTION    NW (310)
  HIGHEST GUST SPEED    33   HIGHEST GUST DIRECTION    NW (310)
  AVERAGE WIND SPEED    15.1


SKY COVER
  AVERAGE SKY COVER 0.3


WEATHER CONDITIONS
 THE FOLLOWING WEATHER WAS RECORDED YESTERDAY.
  LIGHT RAIN
  FOG


RELATIVE HUMIDITY (PERCENT)
 HIGHEST    85          1000 PM
 LOWEST     29           300 PM
 AVERAGE    57

..........................................................




SUNRISE AND SUNSET
FEBRUARY 23 2017......SUNRISE   725 AM CST   SUNSET   621 PM CST
FEBRUARY 24 2017......SUNRISE   723 AM CST   SUNSET   622 PM CST


-  INDICATES NEGATIVE NUMBERS.
R  INDICATES RECORD WAS SET OR TIED.
MM INDICATES DATA IS MISSING.
T  INDICATES TRACE AMOUNT.




$$
