000
CDUS43 KUNR 280832
CLIICR


CLIMATE REPORT
NATIONAL WEATHER SERVICE RAPID CITY SD
231 AM MDT THU APR 28 2016


...................................

...THE WINNER REGIONAL AIRPORT SD CLIMATE SUMMARY FOR APRIL 27 2016...

CLIMATE NORMAL PERIOD 1981 TO 2010
CLIMATE RECORD PERIOD 9999 TO 9999


WEATHER ITEM   OBSERVED TIME   NORMAL DEPARTURE LAST
                VALUE   (LST)  VALUE  FROM      YEAR
                                      NORMAL
......................................................
TEMPERATURE (F)
 YESTERDAY
  MAXIMUM         46   1230 AM  64    -18       73
  MINIMUM         39   1155 PM  40     -1       36
  AVERAGE         43            52     -9       55

PRECIPITATION (IN)
  YESTERDAY        2.04          0.11   1.93     0.00
  MONTH TO DATE    4.52          2.15   2.37     0.64
  SINCE MAR 1      5.29          3.53   1.76     0.75
  SINCE JAN 1      5.68          4.29   1.39     0.84

DEGREE DAYS
 HEATING
  YESTERDAY       22            13      9       10
  MONTH TO DATE  392           481    -89      368
  SINCE MAR 1   1033          1357   -324      993
  SINCE JUL 1   5326          6366  -1040     5753

 COOLING
  YESTERDAY        0             0      0        0
  MONTH TO DATE    8             0      8        3
  SINCE MAR 1      9             0      9        9
  SINCE JAN 1      9             0      9        9
......................................................


WIND (MPH)
  HIGHEST WIND SPEED    26   HIGHEST WIND DIRECTION     N (20)
  HIGHEST GUST SPEED    34   HIGHEST GUST DIRECTION     N (350)
  AVERAGE WIND SPEED    15.5


SKY COVER
  AVERAGE SKY COVER 1.0


WEATHER CONDITIONS
 THE FOLLOWING WEATHER WAS RECORDED YESTERDAY.
  HEAVY RAIN
  RAIN
  LIGHT RAIN
  FOG


RELATIVE HUMIDITY (PERCENT)
 HIGHEST    92           100 AM
 LOWEST     79           200 PM
 AVERAGE    86

..........................................................




SUNRISE AND SUNSET
APRIL 28 2016.........SUNRISE   636 AM CDT   SUNSET   838 PM CDT
APRIL 29 2016.........SUNRISE   634 AM CDT   SUNSET   840 PM CDT


-  INDICATES NEGATIVE NUMBERS.
R  INDICATES RECORD WAS SET OR TIED.
MM INDICATES DATA IS MISSING.
T  INDICATES TRACE AMOUNT.




$$
