000
CDUS43 KUNR 190856
CLIICR


CLIMATE REPORT
NATIONAL WEATHER SERVICE RAPID CITY SD
255 AM MDT SUN OCT 19 2014


...................................

...THE WINNER REGIONAL AIRPORT SD CLIMATE SUMMARY FOR OCTOBER 18 2014...

CLIMATE NORMAL PERIOD 1981 TO 2010
CLIMATE RECORD PERIOD 9999 TO 9999


WEATHER ITEM   OBSERVED TIME   NORMAL DEPARTURE LAST
                VALUE   (LST)  VALUE  FROM      YEAR
                                      NORMAL
......................................................
TEMPERATURE (F)
 YESTERDAY
  MAXIMUM         70    443 PM  62      8       48
  MINIMUM         27    650 AM  38    -11       31
  AVERAGE         49            50     -1       40

PRECIPITATION (IN)
  YESTERDAY        0.00          0.06  -0.06      T
  MONTH TO DATE    0.17          1.04  -0.87     3.93
  SINCE SEP 1      1.21          3.03  -1.82     4.67
  SINCE JAN 1     14.28         20.03  -5.75    20.66

DEGREE DAYS
 HEATING
  YESTERDAY       16            15      1       25
  MONTH TO DATE  181           219    -38      244
  SINCE SEP 1    288           347    -59      292
  SINCE JUL 1    301           361    -60      299

 COOLING
  YESTERDAY        0             0      0        0
  MONTH TO DATE    0             9     -9        2
  SINCE SEP 1    124           109     15      223
  SINCE JAN 1    854           915    -61     1014
......................................................


WIND (MPH)
  HIGHEST WIND SPEED    25   HIGHEST WIND DIRECTION     S (190)
  HIGHEST GUST SPEED    38   HIGHEST GUST DIRECTION     S (190)
  AVERAGE WIND SPEED    12.9


SKY COVER
  AVERAGE SKY COVER 0.0


WEATHER CONDITIONS
 THE FOLLOWING WEATHER WAS RECORDED YESTERDAY.
  NO SIGNIFICANT WEATHER WAS OBSERVED.


RELATIVE HUMIDITY (PERCENT)
 HIGHEST    96           800 AM
 LOWEST     31           300 PM
 AVERAGE    64

..........................................................




SUNRISE AND SUNSET
OCTOBER 19 2014.......SUNRISE   758 AM CDT   SUNSET   650 PM CDT
OCTOBER 20 2014.......SUNRISE   759 AM CDT   SUNSET   648 PM CDT


-  INDICATES NEGATIVE NUMBERS.
R  INDICATES RECORD WAS SET OR TIED.
MM INDICATES DATA IS MISSING.
T  INDICATES TRACE AMOUNT.




$$
