000
CDUS43 KUNR 240839
CLIICR


CLIMATE REPORT
NATIONAL WEATHER SERVICE RAPID CITY SD
136 AM MST FRI NOV 24 2017


...................................

...THE WINNER REGIONAL AIRPORT SD CLIMATE SUMMARY FOR NOVEMBER 23 2017...

CLIMATE NORMAL PERIOD 1981 TO 2010
CLIMATE RECORD PERIOD 9999 TO 9999


WEATHER ITEM   OBSERVED TIME   NORMAL DEPARTURE LAST
                VALUE   (LST)  VALUE  FROM      YEAR
                                      NORMAL
......................................................
TEMPERATURE (F)
 YESTERDAY
  MAXIMUM         76   1255 PM  42     34       40
  MINIMUM         40    348 AM  22     18       34
  AVERAGE         58            32     26       37

PRECIPITATION (IN)
  YESTERDAY        0.00          0.01  -0.01    MM
  MONTH TO DATE    0.35          0.51  -0.16     0.08
  SINCE SEP 1      3.70          4.14  -0.44     3.40
  SINCE JAN 1     19.22         21.14  -1.92    18.26

DEGREE DAYS
 HEATING
  YESTERDAY        7            33    -26       28
  MONTH TO DATE  584           627    -43      350
  SINCE SEP 1   1109          1211   -102      664
  SINCE JUL 1   1111          1225   -114      672

 COOLING
  YESTERDAY        0             0      0        0
  MONTH TO DATE    0             0      0        0
  SINCE SEP 1    137           110     27      149
  SINCE JAN 1   1113           916    197     1193
......................................................


WIND (MPH)
  HIGHEST WIND SPEED    18   HIGHEST WIND DIRECTION    SW (220)
  HIGHEST GUST SPEED    23   HIGHEST GUST DIRECTION    SW (220)
  AVERAGE WIND SPEED     8.6


SKY COVER
  AVERAGE SKY COVER 0.0


WEATHER CONDITIONS
 THE FOLLOWING WEATHER WAS RECORDED YESTERDAY.
  NO SIGNIFICANT WEATHER WAS OBSERVED.


RELATIVE HUMIDITY (PERCENT)
 HIGHEST    79           400 AM
 LOWEST     31           100 PM
 AVERAGE    55

..........................................................




SUNRISE AND SUNSET
NOVEMBER 24 2017......SUNRISE   744 AM CST   SUNSET   508 PM CST
NOVEMBER 25 2017......SUNRISE   746 AM CST   SUNSET   507 PM CST


-  INDICATES NEGATIVE NUMBERS.
R  INDICATES RECORD WAS SET OR TIED.
MM INDICATES DATA IS MISSING.
T  INDICATES TRACE AMOUNT.




$$
