000
CDUS43 KICT 230626
CLIICT


CLIMATE REPORT
NATIONAL WEATHER SERVICE WICHITA KS
125 AM CDT SAT SEP 23 2017


...................................

...THE WICHITA EISENHOWER NATIONAL CLIMATE SUMMARY FOR SEPTEMBER 22 2017...

CLIMATE NORMAL PERIOD 1981 TO 2010
CLIMATE RECORD PERIOD 1888 TO 2017


WEATHER ITEM   OBSERVED TIME   RECORD YEAR NORMAL DEPARTURE LAST
                VALUE   (LST)  VALUE       VALUE  FROM      YEAR
                                                  NORMAL
..................................................................
TEMPERATURE (F)
 YESTERDAY
  MAXIMUM         94    326 PM  97    1988  80     14       92
  MINIMUM         72    636 AM  32    1995  57     15       70
  AVERAGE         83                        68     15       81

PRECIPITATION (IN)
  YESTERDAY        0.00          2.96 1968   0.11  -0.11     0.00
  MONTH TO DATE    0.34                      2.34  -2.00     9.65
  SINCE SEP 1      0.34                      2.34  -2.00     9.65
  SINCE JAN 1     27.69                     26.43   1.26    45.99

SNOWFALL (IN)
  YESTERDAY        0.0           0.0  2007   0.0    0.0      0.0
  MONTH TO DATE    0.0                       0.0    0.0      0.0
  SINCE SEP 1      0.0                       0.0    0.0      0.0
  SINCE JUL 1      0.0                       0.0    0.0      0.0
  SNOW DEPTH       0

DEGREE DAYS
 HEATING
  YESTERDAY        0                         2     -2        0
  MONTH TO DATE    1                        16    -15        0
  SINCE SEP 1      1                        16    -15        0
  SINCE JUL 1      1                        17    -16        0

 COOLING
  YESTERDAY       18                         5     13       16
  MONTH TO DATE  226                       187     39      253
  SINCE SEP 1    226                       187     39      253
  SINCE JAN 1   1665                      1614     51     1925
..................................................................


WIND (MPH)
  HIGHEST WIND SPEED    26   HIGHEST WIND DIRECTION     S (160)
  HIGHEST GUST SPEED    36   HIGHEST GUST DIRECTION     S (180)
  AVERAGE WIND SPEED    17.1


SKY COVER
  POSSIBLE SUNSHINE  MM
  AVERAGE SKY COVER 0.2


WEATHER CONDITIONS
 THE FOLLOWING WEATHER WAS RECORDED YESTERDAY.
  NO SIGNIFICANT WEATHER WAS OBSERVED.


RELATIVE HUMIDITY (PERCENT)
 HIGHEST    87           400 AM
 LOWEST     44           300 PM
 AVERAGE    66

..........................................................


THE WICHITA EISENHOWER NATIONAL CLIMATE NORMALS FOR TODAY
                         NORMAL    RECORD    YEAR
 MAXIMUM TEMPERATURE (F)   79        96      1933
                                             1926
 MINIMUM TEMPERATURE (F)   56        36      1995


SUNRISE AND SUNSET
SEPTEMBER 23 2017.....SUNRISE   719 AM CDT   SUNSET   725 PM CDT
SEPTEMBER 24 2017.....SUNRISE   719 AM CDT   SUNSET   723 PM CDT


-  INDICATES NEGATIVE NUMBERS.
R  INDICATES RECORD WAS SET OR TIED.
MM INDICATES DATA IS MISSING.
T  INDICATES TRACE AMOUNT.




$$
