000
CDUS43 KICT 242203
CLIICT


CLIMATE REPORT
NATIONAL WEATHER SERVICE WICHITA KS
502 PM CDT TUE MAY 24 2016


...................................

...THE WICHITA EISENHOWER NATIONAL CLIMATE SUMMARY FOR MAY 24 2016...
VALID TODAY AS OF 0500 PM LOCAL TIME.

CLIMATE NORMAL PERIOD 1981 TO 2010
CLIMATE RECORD PERIOD 1888 TO 2016


WEATHER ITEM   OBSERVED TIME   RECORD YEAR NORMAL DEPARTURE LAST
                VALUE   (LST)  VALUE       VALUE  FROM      YEAR
                                                  NORMAL
..................................................................
TEMPERATURE (F)
 TODAY
  MAXIMUM         83    338 PM  97    1967  79      4       70
  MINIMUM         63    911 AM  41    1924  58      5       58
  AVERAGE         73                        68      5       64

PRECIPITATION (IN)
  TODAY            0.25          3.19 1891   0.15   0.10     0.13
  MONTH TO DATE    3.83                      3.43   0.40    10.58
  SINCE MAR 1     11.59                      8.71   2.88    13.48
  SINCE JAN 1     12.33                     10.72   1.61    15.25

SNOWFALL (IN)
  TODAY            0.0           T    2004   0.0    0.0      0.0
  MONTH TO DATE    0.0                       0.0    0.0      0.0
  SINCE MAR 1      3.5                       2.5    1.0      1.1
  SINCE JUL 1      4.3                      14.9  -10.6     18.0
  SNOW DEPTH       0

DEGREE DAYS
 HEATING
  TODAY            0                         1     -1        1
  MONTH TO DATE   91                        73     18       74
  SINCE MAR 1    654                       941   -287      711
  SINCE JUL 1   3504                      4581  -1077     4276

 COOLING
  TODAY            8                         5      3        0
  MONTH TO DATE   41                        70    -29       55
  SINCE MAR 1     78                        96    -18       83
  SINCE JAN 1     78                        96    -18       83
..................................................................


WIND (MPH)
  HIGHEST WIND SPEED    26   HIGHEST WIND DIRECTION    NE (40)
  HIGHEST GUST SPEED    31   HIGHEST GUST DIRECTION    NE (30)
  AVERAGE WIND SPEED    12.5


SKY COVER
  POSSIBLE SUNSHINE  MM
  AVERAGE SKY COVER 0.8


WEATHER CONDITIONS
 THE FOLLOWING WEATHER WAS RECORDED TODAY.
  THUNDERSTORM
  HEAVY RAIN
  RAIN
  LIGHT RAIN
  FOG


RELATIVE HUMIDITY (PERCENT)
 HIGHEST    90           100 AM
 LOWEST     67          1200 PM
 AVERAGE    79

..........................................................


THE WICHITA EISENHOWER NATIONAL CLIMATE NORMALS FOR TOMORROW
                         NORMAL    RECORD    YEAR
 MAXIMUM TEMPERATURE (F)   79       100      1962
 MINIMUM TEMPERATURE (F)   58        42      1925


SUNRISE AND SUNSET
MAY 24 2016...........SUNRISE   613 AM CDT   SUNSET   840 PM CDT
MAY 25 2016...........SUNRISE   613 AM CDT   SUNSET   841 PM CDT


-  INDICATES NEGATIVE NUMBERS.
R  INDICATES RECORD WAS SET OR TIED.
MM INDICATES DATA IS MISSING.
T  INDICATES TRACE AMOUNT.




$$
