000
CDUS43 KICT 282206
CLIICT


CLIMATE REPORT
NATIONAL WEATHER SERVICE WICHITA KS
506 PM CDT SUN MAY 28 2017


...................................

...THE WICHITA EISENHOWER NATIONAL CLIMATE SUMMARY FOR MAY 28 2017...
VALID TODAY AS OF 0500 PM LOCAL TIME.

CLIMATE NORMAL PERIOD 1981 TO 2010
CLIMATE RECORD PERIOD 1888 TO 2017


WEATHER ITEM   OBSERVED TIME   RECORD YEAR NORMAL DEPARTURE LAST
                VALUE   (LST)  VALUE       VALUE  FROM      YEAR
                                                  NORMAL
..................................................................
TEMPERATURE (F)
 TODAY
  MAXIMUM         83    332 PM  96    1974  80      3       83
  MINIMUM         61    624 AM  39    1947  59      2       56
  AVERAGE         72                        70      2       70

PRECIPITATION (IN)
  TODAY            0.00          2.17 1975   0.16  -0.16     0.00
  MONTH TO DATE    4.30                      4.05   0.25     6.70
  SINCE MAR 1     15.08                      9.33   5.75    14.46
  SINCE JAN 1     18.70                     11.34   7.36    15.20

SNOWFALL (IN)
  TODAY            0.0           0.0  2007   0.0    0.0      0.0
                                      2001
  MONTH TO DATE    0.0                       0.0    0.0      0.0
  SINCE MAR 1      T                         2.5   -2.5      3.5
  SINCE JUL 1      2.0                      14.9  -12.9      4.3
  SNOW DEPTH       0

DEGREE DAYS
 HEATING
  TODAY            0                         1     -1        0
  MONTH TO DATE   75                        77     -2       91
  SINCE MAR 1    740                       945   -205      654
  SINCE JUL 1   3584                      4585  -1001     3504

 COOLING
  TODAY            7                         6      1        5
  MONTH TO DATE   91                        92     -1       70
  SINCE MAR 1    136                       118     18      107
  SINCE JAN 1    136                       118     18      107
..................................................................


WIND (MPH)
  HIGHEST WIND SPEED    18   HIGHEST WIND DIRECTION     N (10)
  HIGHEST GUST SPEED    25   HIGHEST GUST DIRECTION     N (10)
  AVERAGE WIND SPEED    10.9


SKY COVER
  POSSIBLE SUNSHINE  MM
  AVERAGE SKY COVER 0.3


WEATHER CONDITIONS
 THE FOLLOWING WEATHER WAS RECORDED TODAY.
  NO SIGNIFICANT WEATHER WAS OBSERVED.


RELATIVE HUMIDITY (PERCENT)
 HIGHEST    93           100 AM
 LOWEST     28           200 PM
 AVERAGE    61

..........................................................


THE WICHITA EISENHOWER NATIONAL CLIMATE NORMALS FOR TOMORROW
                         NORMAL    RECORD    YEAR
 MAXIMUM TEMPERATURE (F)   81       100      1913
 MINIMUM TEMPERATURE (F)   60        37      1947


SUNRISE AND SUNSET
MAY 28 2017...........SUNRISE   611 AM CDT   SUNSET   843 PM CDT
MAY 29 2017...........SUNRISE   611 AM CDT   SUNSET   844 PM CDT


-  INDICATES NEGATIVE NUMBERS.
R  INDICATES RECORD WAS SET OR TIED.
MM INDICATES DATA IS MISSING.
T  INDICATES TRACE AMOUNT.




$$
