000
CDUS43 KICT 250634
CLIICT

CLIMATE REPORT
NATIONAL WEATHER SERVICE WICHITA KS
131 AM CDT TUE JUL 25 2017

...................................

...THE WICHITA EISENHOWER NATIONAL CLIMATE SUMMARY FOR JULY 24 2017...

CLIMATE NORMAL PERIOD 1981 TO 2010
CLIMATE RECORD PERIOD 1888 TO 2017


WEATHER ITEM   OBSERVED TIME   RECORD YEAR NORMAL DEPARTURE LAST
                VALUE   (LST)  VALUE       VALUE  FROM      YEAR
                                                  NORMAL
..................................................................
TEMPERATURE (F)
 YESTERDAY
  MAXIMUM         98    341 PM 109    1981  93      5      101
                                      1936
  MINIMUM         70    459 AM  58    1911  70      0       76
  AVERAGE         84                        81      3       89

PRECIPITATION (IN)
  YESTERDAY        0.00          1.42 1969   0.09  -0.09      T
  MONTH TO DATE    1.38                      2.66  -1.28     8.40
  SINCE JUN 1      5.96                      7.86  -1.90    11.23
  SINCE JAN 1     24.80                     19.72   5.08    26.79

SNOWFALL (IN)
  YESTERDAY        0.0           0.0  2007   0.0    0.0      0.0
  MONTH TO DATE    0.0                       0.0    0.0      0.0
  SINCE JUN 1      0.0                       0.0    0.0      0.0
  SINCE JUL 1      0.0                       0.0    0.0      0.0
  SNOW DEPTH       0

DEGREE DAYS
 HEATING
  YESTERDAY        0                         0      0        0
  MONTH TO DATE    0                         0      0        0
  SINCE JUN 1      0                         6     -6        0
  SINCE JUL 1      0                         0      0        0

 COOLING
  YESTERDAY       19                        16      3       24
  MONTH TO DATE  434                       379     55      467
  SINCE JUN 1    804                       708     96      953
  SINCE JAN 1    960                       844    116     1083
..................................................................


WIND (MPH)
  HIGHEST WIND SPEED    15   HIGHEST WIND DIRECTION    SE (150)
  HIGHEST GUST SPEED    18   HIGHEST GUST DIRECTION     S (160)
  AVERAGE WIND SPEED     5.0


SKY COVER
  AVERAGE SKY COVER 0.1


WEATHER CONDITIONS
 THE FOLLOWING WEATHER WAS RECORDED YESTERDAY.
  NO SIGNIFICANT WEATHER WAS OBSERVED.


RELATIVE HUMIDITY (PERCENT)
 HIGHEST    93           500 AM
 LOWEST     35           400 PM
 AVERAGE    64

..........................................................


THE WICHITA EISENHOWER NATIONAL CLIMATE NORMALS FOR TODAY
                         NORMAL    RECORD    YEAR
 MAXIMUM TEMPERATURE (F)   93       108      2012
 MINIMUM TEMPERATURE (F)   70        58      1890


SUNRISE AND SUNSET
JULY 25 2017..........SUNRISE   628 AM CDT   SUNSET   844 PM CDT
JULY 26 2017..........SUNRISE   629 AM CDT   SUNSET   843 PM CDT


-  INDICATES NEGATIVE NUMBERS.
R  INDICATES RECORD WAS SET OR TIED.
MM INDICATES DATA IS MISSING.
T  INDICATES TRACE AMOUNT.

$$
