000
CDUS45 KPIH 210731
CLIIDA


CLIMATE REPORT
NATIONAL WEATHER SERVICE POCATELLO ID
130 AM MDT SAT OCT 21 2017


...................................

...THE IDAHO FALLS ID CLIMATE SUMMARY FOR OCTOBER 20 2017...

CLIMATE NORMAL PERIOD 1981 TO 2010
CLIMATE RECORD PERIOD 1948 TO 2017


WEATHER ITEM   OBSERVED TIME   RECORD YEAR NORMAL DEPARTURE LAST
                VALUE   (LST)  VALUE       VALUE  FROM      YEAR
                                                  NORMAL
..................................................................
TEMPERATURE (F)
 YESTERDAY
  MAXIMUM         57    530 AM  78    2003  58     -1       53
  MINIMUM         32   1100 PM  15    1982  30      2       24
  AVERAGE         45                        44      1       39

PRECIPITATION (IN)
  YESTERDAY        T             0.45 1972   0.03  -0.03     0.00
  MONTH TO DATE    0.84                      0.55   0.29     1.56
  SINCE OCT 1      0.84                      0.55   0.29     1.56
  SINCE JAN 1      9.83                      8.37   1.46     8.78

SNOWFALL (IN)
  YESTERDAY       MM
  MONTH TO DATE   MM
  SINCE SEP 1     MM
  SINCE JUL 1     MM
  SNOW DEPTH      MM

DEGREE DAYS
 HEATING
  YESTERDAY       20                        21     -1       26
  MONTH TO DATE  452                       356     96      364
  SINCE SEP 1    727                       599    128      604
  SINCE JUL 1    736                       664     72      681

 COOLING
  YESTERDAY        0                         0      0        0
  MONTH TO DATE    0                         0      0        0
  SINCE SEP 1     40                        12     28       16
  SINCE JAN 1    362                       264     98      260
..................................................................


WIND (MPH)
  HIGHEST WIND SPEED    43   HIGHEST WIND DIRECTION    SW (220)
  HIGHEST GUST SPEED    53   HIGHEST GUST DIRECTION    SW (220)
  AVERAGE WIND SPEED    19.1


SKY COVER
  POSSIBLE SUNSHINE  MM
  AVERAGE SKY COVER 0.5


WEATHER CONDITIONS
 THE FOLLOWING WEATHER WAS RECORDED YESTERDAY.
  HAZE
  SANDSTORM


RELATIVE HUMIDITY (PERCENT)
 HIGHEST    78          1100 PM
 LOWEST     32           100 AM
 AVERAGE    55

..........................................................


THE IDAHO FALLS ID CLIMATE NORMALS FOR TODAY
                         NORMAL    RECORD    YEAR
 MAXIMUM TEMPERATURE (F)   57        77      2003
 MINIMUM TEMPERATURE (F)   30        19      1999


SUNRISE AND SUNSET
OCTOBER 21 2017.......SUNRISE   750 AM MDT   SUNSET   635 PM MDT
OCTOBER 22 2017.......SUNRISE   751 AM MDT   SUNSET   633 PM MDT


-  INDICATES NEGATIVE NUMBERS.
R  INDICATES RECORD WAS SET OR TIED.
MM INDICATES DATA IS MISSING.
T  INDICATES TRACE AMOUNT.




$$
