098
CDUS45 KPIH 170733
CLIIDA


CLIMATE REPORT
NATIONAL WEATHER SERVICE POCATELLO ID
1233 AM MST SUN DEC 17 2017


...................................

...THE IDAHO FALLS ID CLIMATE SUMMARY FOR DECEMBER 16 2017...

CLIMATE NORMAL PERIOD 1981 TO 2010
CLIMATE RECORD PERIOD 1948 TO 2017


WEATHER ITEM   OBSERVED TIME   RECORD YEAR NORMAL DEPARTURE LAST
                VALUE   (LST)  VALUE       VALUE  FROM      YEAR
                                                  NORMAL
..................................................................
TEMPERATURE (F)
 YESTERDAY
  MAXIMUM         25    627 AM  50    1957  29     -4       36
  MINIMUM         21   1159 PM -14    1964  12      9        4
  AVERAGE         23                        20      3       20

PRECIPITATION (IN)
  YESTERDAY        0.07          0.62 2016   0.02   0.05     0.62
  MONTH TO DATE    0.21                      0.47  -0.26     1.09
  SINCE OCT 1      1.82                      2.17  -0.35     4.04
  SINCE JAN 1     10.81                      9.99   0.82    11.26

SNOWFALL (IN)
  YESTERDAY       MM
  MONTH TO DATE   MM
  SINCE DEC 1     MM
  SINCE JUL 1     MM
  SNOW DEPTH      MM

DEGREE DAYS
 HEATING
  YESTERDAY       42                        45     -3       45
  MONTH TO DATE  701                       688     13      686
  SINCE DEC 1    701                       688     13      686
  SINCE JUL 1   2525                      2591    -66     2304

 COOLING
  YESTERDAY        0                         0      0        0
  MONTH TO DATE    0                         0      0        0
  SINCE DEC 1      0                         0      0        0
  SINCE JAN 1    362                       264     98      260
..................................................................


WIND (MPH)
  HIGHEST WIND SPEED    13   HIGHEST WIND DIRECTION     S (200)
  HIGHEST GUST SPEED    19   HIGHEST GUST DIRECTION    SW (240)
  AVERAGE WIND SPEED     8.3


SKY COVER
  POSSIBLE SUNSHINE  MM
  AVERAGE SKY COVER 1.0


WEATHER CONDITIONS
 THE FOLLOWING WEATHER WAS RECORDED YESTERDAY.
  LIGHT SNOW
  FOG


RELATIVE HUMIDITY (PERCENT)
 HIGHEST   100           600 AM
 LOWEST     88           100 AM
 AVERAGE    94

..........................................................


THE IDAHO FALLS ID CLIMATE NORMALS FOR TODAY
                         NORMAL    RECORD    YEAR
 MAXIMUM TEMPERATURE (F)   28        48      1962
 MINIMUM TEMPERATURE (F)   12       -21      2016
                                             1964


SUNRISE AND SUNSET
DECEMBER 17 2017......SUNRISE   756 AM MST   SUNSET   453 PM MST
DECEMBER 18 2017......SUNRISE   757 AM MST   SUNSET   454 PM MST


-  INDICATES NEGATIVE NUMBERS.
R  INDICATES RECORD WAS SET OR TIED.
MM INDICATES DATA IS MISSING.
T  INDICATES TRACE AMOUNT.




$$
