000
CDUS45 KPIH 232331
CLIIDA


CLIMATE REPORT
NATIONAL WEATHER SERVICE POCATELLO ID
529 PM MDT SAT JUL 23 2016


...................................

...THE IDAHO FALLS ID CLIMATE SUMMARY FOR JULY 23 2016...
VALID TODAY AS OF 0500 PM LOCAL TIME.

CLIMATE NORMAL PERIOD 1981 TO 2010
CLIMATE RECORD PERIOD 1948 TO 2016


WEATHER ITEM   OBSERVED TIME   RECORD YEAR NORMAL DEPARTURE LAST
                VALUE   (LST)  VALUE       VALUE  FROM      YEAR
                                                  NORMAL
..................................................................
TEMPERATURE (F)
 TODAY
  MAXIMUM         84    335 PM 100    2007  88     -4       82
                                      2003
  MINIMUM         50    521 AM  40    1954  51     -1       58
  AVERAGE         67                        69     -2       70

PRECIPITATION (IN)
  TODAY            0.00          0.61 1993   0.02  -0.02     0.03
  MONTH TO DATE    0.19                      0.38  -0.19     0.78
  SINCE OCT 1      7.67                      8.89  -1.22     7.65
  SINCE JAN 1      5.35                      6.32  -0.97     6.19

SNOWFALL (IN)
  TODAY           MM
  MONTH TO DATE   MM
  SINCE JUN 1     MM
  SINCE JUL 1     MM
  SNOW DEPTH      MM

DEGREE DAYS
 HEATING
  TODAY            0                         0      0        0
  MONTH TO DATE   32                        25      7       18
  SINCE JUN 1    106                       178    -72       64
  SINCE JUL 1     32                        25      7       18

 COOLING
  TODAY            2                         5     -3        5
  MONTH TO DATE   69                        88    -19       84
  SINCE JUN 1    129                       118     11      180
  SINCE JAN 1    129                       120      9      181
..................................................................


WIND (MPH)
  HIGHEST WIND SPEED    21   HIGHEST WIND DIRECTION     S (200)
  HIGHEST GUST SPEED    28   HIGHEST GUST DIRECTION     S (200)
  AVERAGE WIND SPEED    13.5


SKY COVER
  POSSIBLE SUNSHINE  MM
  AVERAGE SKY COVER 0.0


WEATHER CONDITIONS
 THE FOLLOWING WEATHER WAS RECORDED TODAY.
  NO SIGNIFICANT WEATHER WAS OBSERVED.


RELATIVE HUMIDITY (PERCENT)
 HIGHEST    59           600 AM
 LOWEST     15           400 PM
 AVERAGE    37

..........................................................


THE IDAHO FALLS ID CLIMATE NORMALS FOR TOMORROW
                         NORMAL    RECORD    YEAR
 MAXIMUM TEMPERATURE (F)   88        97      1978
 MINIMUM TEMPERATURE (F)   51        43      2010
                                             1981


SUNRISE AND SUNSET
JULY 23 2016..........SUNRISE   609 AM MDT   SUNSET   900 PM MDT
JULY 24 2016..........SUNRISE   610 AM MDT   SUNSET   859 PM MDT


-  INDICATES NEGATIVE NUMBERS.
R  INDICATES RECORD WAS SET OR TIED.
MM INDICATES DATA IS MISSING.
T  INDICATES TRACE AMOUNT.




$$
