000
CDUS45 KPIH 280809
CLIIDA


CLIMATE REPORT
NATIONAL WEATHER SERVICE POCATELLO ID
206 AM MDT TUE JUL 28 2015


...................................

...THE IDAHO FALLS ID CLIMATE SUMMARY FOR JULY 27 2015...

CLIMATE NORMAL PERIOD 1981 TO 2010
CLIMATE RECORD PERIOD 1948 TO 2015


WEATHER ITEM   OBSERVED TIME   RECORD YEAR NORMAL DEPARTURE LAST
                VALUE   (LST)  VALUE       VALUE  FROM      YEAR
                                                  NORMAL
..................................................................
TEMPERATURE (F)
 YESTERDAY
  MAXIMUM         68    349 PM  97    1975  88    -20       95
  MINIMUM         45   1155 PM  39    2005  51     -6       44
  AVERAGE         57                        69    -12       70

PRECIPITATION (IN)
  YESTERDAY        0.16          0.31 1962   0.02   0.14     0.00
  MONTH TO DATE    0.94                      0.44   0.50      T
  SINCE OCT 1      7.81                      8.95  -1.14     5.14
  SINCE JAN 1      6.35                      6.38  -0.03     3.84

SNOWFALL (IN)
  YESTERDAY       MM
  MONTH TO DATE   MM
  SINCE JUN 1     MM
  SINCE JUL 1     MM
  SNOW DEPTH      MM

DEGREE DAYS
 HEATING
  YESTERDAY        8                         0      8        0
  MONTH TO DATE   26                        25      1        2
  SINCE JUN 1     72                       178   -106      130
  SINCE JUL 1     26                        25      1        2

 COOLING
  YESTERDAY        0                         5     -5        5
  MONTH TO DATE   96                       108    -12      177
  SINCE JUN 1    192                       138     54      186
  SINCE JAN 1    193                       140     53      187
..................................................................


WIND (MPH)
  HIGHEST WIND SPEED    36   HIGHEST WIND DIRECTION    SW (220)
  HIGHEST GUST SPEED    43   HIGHEST GUST DIRECTION    SW (210)
  AVERAGE WIND SPEED    15.1


SKY COVER
  POSSIBLE SUNSHINE  MM
  AVERAGE SKY COVER 0.6


WEATHER CONDITIONS
 THE FOLLOWING WEATHER WAS RECORDED YESTERDAY.
  RAIN
  LIGHT RAIN
  FOG
  SANDSTORM


RELATIVE HUMIDITY (PERCENT)
 HIGHEST    93          1200 PM
 LOWEST     34           400 PM
 AVERAGE    64

..........................................................


THE IDAHO FALLS ID CLIMATE NORMALS FOR TODAY
                         NORMAL    RECORD    YEAR
 MAXIMUM TEMPERATURE (F)   88        98      2006
 MINIMUM TEMPERATURE (F)   51        41      2005


SUNRISE AND SUNSET
JULY 28 2015..........SUNRISE   613 AM MDT   SUNSET   856 PM MDT
JULY 29 2015..........SUNRISE   614 AM MDT   SUNSET   854 PM MDT


-  INDICATES NEGATIVE NUMBERS.
R  INDICATES RECORD WAS SET OR TIED.
MM INDICATES DATA IS MISSING.
T  INDICATES TRACE AMOUNT.




$$
