000
CDUS45 KPIH 270732
CLIIDA


CLIMATE REPORT
NATIONAL WEATHER SERVICE POCATELLO ID
1232 AM MST MON FEB 27 2017


...................................

...THE IDAHO FALLS ID CLIMATE SUMMARY FOR FEBRUARY 26 2017...

CLIMATE NORMAL PERIOD 1981 TO 2010
CLIMATE RECORD PERIOD 1948 TO 2017


WEATHER ITEM   OBSERVED TIME   RECORD YEAR NORMAL DEPARTURE LAST
                VALUE   (LST)  VALUE       VALUE  FROM      YEAR
                                                  NORMAL
..................................................................
TEMPERATURE (F)
 YESTERDAY
  MAXIMUM         29    511 PM  59    1950  38     -9       40
  MINIMUM          6    459 AM -14    1964  18    -12       19
  AVERAGE         18                        28    -10       30

PRECIPITATION (IN)
  YESTERDAY        T             0.23 1983   0.03  -0.03     0.00
  MONTH TO DATE    1.15                      0.61   0.54     0.11
  SINCE OCT 1      6.32                      3.87   2.45     3.38
  SINCE JAN 1      2.04                      1.30   0.74     1.06

SNOWFALL (IN)
  YESTERDAY       MM
  MONTH TO DATE   MM
  SINCE DEC 1     MM
  SINCE JUL 1     MM
  SNOW DEPTH      MM

DEGREE DAYS
 HEATING
  YESTERDAY       47                        37     10       35
  MONTH TO DATE  929                      1068   -139     1063
  SINCE DEC 1   4088                      3828    260     3799
  SINCE JUL 1   5706                      5731    -25     5499

 COOLING
  YESTERDAY        0                         0      0        0
  MONTH TO DATE    0                         0      0        0
  SINCE DEC 1      0                         0      0        0
  SINCE JAN 1      0                         0      0        0
..................................................................


WIND (MPH)
  HIGHEST WIND SPEED    18   HIGHEST WIND DIRECTION     S (200)
  HIGHEST GUST SPEED    24   HIGHEST GUST DIRECTION     S (190)
  AVERAGE WIND SPEED     6.9


SKY COVER
  POSSIBLE SUNSHINE  MM
  AVERAGE SKY COVER 0.7


WEATHER CONDITIONS
 THE FOLLOWING WEATHER WAS RECORDED YESTERDAY.
  LIGHT SNOW
  FOG


RELATIVE HUMIDITY (PERCENT)
 HIGHEST    92          1200 AM
 LOWEST     58           300 PM
 AVERAGE    75

..........................................................


THE IDAHO FALLS ID CLIMATE NORMALS FOR TODAY
                         NORMAL    RECORD    YEAR
 MAXIMUM TEMPERATURE (F)   39        58      1980
 MINIMUM TEMPERATURE (F)   19       -18      1960


SUNRISE AND SUNSET
FEBRUARY 27 2017......SUNRISE   707 AM MST   SUNSET   615 PM MST
FEBRUARY 28 2017......SUNRISE   706 AM MST   SUNSET   616 PM MST


-  INDICATES NEGATIVE NUMBERS.
R  INDICATES RECORD WAS SET OR TIED.
MM INDICATES DATA IS MISSING.
T  INDICATES TRACE AMOUNT.




$$
