000
CDUS45 KPIH 250733
CLIIDA


CLIMATE REPORT
NATIONAL WEATHER SERVICE POCATELLO ID
131 AM MDT SUN JUN 25 2017


...................................

...THE IDAHO FALLS ID CLIMATE SUMMARY FOR JUNE 24 2017...

CLIMATE NORMAL PERIOD 1981 TO 2010
CLIMATE RECORD PERIOD 1948 TO 2017


WEATHER ITEM   OBSERVED TIME   RECORD YEAR NORMAL DEPARTURE LAST
                VALUE   (LST)  VALUE       VALUE  FROM      YEAR
                                                  NORMAL
..................................................................
TEMPERATURE (F)
 YESTERDAY
  MAXIMUM         81    556 PM  97    1988  80      1       80
  MINIMUM         42    520 AM  34    1976  47     -5       44
  AVERAGE         62                        63     -1       62

PRECIPITATION (IN)
  YESTERDAY        0.00          0.44 1952   0.02  -0.02     0.00
  MONTH TO DATE    0.67                      0.98  -0.31     0.05
  SINCE OCT 1      8.96                      8.40   0.56     7.48
  SINCE JAN 1      4.68                      5.83  -1.15     5.16

SNOWFALL (IN)
  YESTERDAY       MM
  MONTH TO DATE   MM
  SINCE JUN 1     MM
  SINCE JUL 1     MM
  SNOW DEPTH      MM

DEGREE DAYS
 HEATING
  YESTERDAY        3                         3      0        3
  MONTH TO DATE   92                       137    -45       59
  SINCE JUN 1     92                       137    -45       59
  SINCE JUL 1   7621                      7828   -207     7297

 COOLING
  YESTERDAY        0                         2     -2        0
  MONTH TO DATE   30                        16     14       42
  SINCE JUN 1     30                        16     14       42
  SINCE JAN 1     32                        18     14       42
..................................................................


WIND (MPH)
  HIGHEST WIND SPEED    10   HIGHEST WIND DIRECTION     N (360)
  HIGHEST GUST SPEED    13   HIGHEST GUST DIRECTION     S (160)
  AVERAGE WIND SPEED     3.5


SKY COVER
  POSSIBLE SUNSHINE  MM
  AVERAGE SKY COVER 0.0


WEATHER CONDITIONS
 THE FOLLOWING WEATHER WAS RECORDED YESTERDAY.
  NO SIGNIFICANT WEATHER WAS OBSERVED.


RELATIVE HUMIDITY (PERCENT)
 HIGHEST    96           400 AM
 LOWEST     20           500 PM
 AVERAGE    58

..........................................................


THE IDAHO FALLS ID CLIMATE NORMALS FOR TODAY
                         NORMAL    RECORD    YEAR
 MAXIMUM TEMPERATURE (F)   80       102      1988
 MINIMUM TEMPERATURE (F)   47        32      1966


SUNRISE AND SUNSET
JUNE 25 2017..........SUNRISE   549 AM MDT   SUNSET   913 PM MDT
JUNE 26 2017..........SUNRISE   549 AM MDT   SUNSET   913 PM MDT


-  INDICATES NEGATIVE NUMBERS.
R  INDICATES RECORD WAS SET OR TIED.
MM INDICATES DATA IS MISSING.
T  INDICATES TRACE AMOUNT.




$$
