000
CDUS43 KUNR 270854
CLIIEN


CLIMATE REPORT
NATIONAL WEATHER SERVICE RAPID CITY SD
247 AM MDT MON MAR 27 2017


...................................

...THE PINE RIDGE SD CLIMATE SUMMARY FOR MARCH 26 2017...

CLIMATE NORMAL PERIOD 1981 TO 2010
CLIMATE RECORD PERIOD 9999 TO 9999


WEATHER ITEM   OBSERVED TIME   NORMAL DEPARTURE LAST
                VALUE   (LST)  VALUE  FROM      YEAR
                                      NORMAL
......................................................
TEMPERATURE (F)
 YESTERDAY
  MAXIMUM         54   1156 AM  54      0       36
  MINIMUM         42   1154 PM  26     16       21
  AVERAGE         48            40      8       29

PRECIPITATION (IN)
  YESTERDAY        0.00          0.04  -0.04     0.01
  MONTH TO DATE    0.41          0.68  -0.27     0.95
  SINCE MAR 1      0.41          0.68  -0.27     0.95
  SINCE JAN 1      1.55          1.47   0.08     1.45

DEGREE DAYS
 HEATING
  YESTERDAY       17            25     -8       36
  MONTH TO DATE  586           765   -179      627
  SINCE MAR 1    586           765   -179      627
  SINCE JUL 1   5752          6115   -363     5496

 COOLING
  YESTERDAY        0             0      0        0
  MONTH TO DATE    0             0      0        0
  SINCE MAR 1      0             0      0        0
  SINCE JAN 1      0             0      0        0
......................................................


WIND (MPH)
  HIGHEST WIND SPEED    17   HIGHEST WIND DIRECTION     N (360)
  HIGHEST GUST SPEED    22   HIGHEST GUST DIRECTION     N (360)
  AVERAGE WIND SPEED     6.4


SKY COVER
  AVERAGE SKY COVER 0.8


WEATHER CONDITIONS
 THE FOLLOWING WEATHER WAS RECORDED YESTERDAY.
  NO SIGNIFICANT WEATHER WAS OBSERVED.


RELATIVE HUMIDITY (PERCENT)
 HIGHEST    89          1000 PM
 LOWEST     42          1200 AM
 AVERAGE    66

..........................................................




SUNRISE AND SUNSET
MARCH 27 2017.........SUNRISE   640 AM MDT   SUNSET   711 PM MDT
MARCH 28 2017.........SUNRISE   639 AM MDT   SUNSET   712 PM MDT


-  INDICATES NEGATIVE NUMBERS.
R  INDICATES RECORD WAS SET OR TIED.
MM INDICATES DATA IS MISSING.
T  INDICATES TRACE AMOUNT.




$$
