000
CDUS43 KUNR 250834
CLIIEN


CLIMATE REPORT
NATIONAL WEATHER SERVICE RAPID CITY SD
233 AM MDT MON JUL 25 2016


...................................

...THE PINE RIDGE SD CLIMATE SUMMARY FOR JULY 24 2016...

CLIMATE NORMAL PERIOD 1981 TO 2010
CLIMATE RECORD PERIOD 9999 TO 9999


WEATHER ITEM   OBSERVED TIME   NORMAL DEPARTURE LAST
                VALUE   (LST)  VALUE  FROM      YEAR
                                      NORMAL
......................................................
TEMPERATURE (F)
 YESTERDAY
  MAXIMUM         89    312 PM  91     -2       91
  MINIMUM         54    433 AM  59     -5       55
  AVERAGE         72            75     -3       73

PRECIPITATION (IN)
  YESTERDAY        0.00          0.06  -0.06     0.00
  MONTH TO DATE    2.22          1.68   0.54     2.64
  SINCE JUN 1      3.72          5.11  -1.39     6.41
  SINCE JAN 1      9.80         11.35  -1.55    16.09

DEGREE DAYS
 HEATING
  YESTERDAY        0             0      0        0
  MONTH TO DATE    2             4     -2        3
  SINCE JUN 1     28            91    -63       13
  SINCE JUL 1      2             4     -2        3

 COOLING
  YESTERDAY        7            10     -3        8
  MONTH TO DATE  228           209     19      149
  SINCE JUN 1    445           319    126      270
  SINCE JAN 1    453           336    117      270
......................................................


WIND (MPH)
  HIGHEST WIND SPEED    20   HIGHEST WIND DIRECTION     S (170)
  HIGHEST GUST SPEED    26   HIGHEST GUST DIRECTION     S (160)
  AVERAGE WIND SPEED     8.6


SKY COVER
  AVERAGE SKY COVER 0.1


WEATHER CONDITIONS
 THE FOLLOWING WEATHER WAS RECORDED YESTERDAY.
  NO SIGNIFICANT WEATHER WAS OBSERVED.


RELATIVE HUMIDITY (PERCENT)
 HIGHEST    93           400 AM
 LOWEST     24           300 PM
 AVERAGE    59

..........................................................




SUNRISE AND SUNSET
JULY 25 2016..........SUNRISE   534 AM MDT   SUNSET   818 PM MDT
JULY 26 2016..........SUNRISE   535 AM MDT   SUNSET   817 PM MDT


-  INDICATES NEGATIVE NUMBERS.
R  INDICATES RECORD WAS SET OR TIED.
MM INDICATES DATA IS MISSING.
T  INDICATES TRACE AMOUNT.




$$
