000
CDUS43 KUNR 250836
CLIIEN


CLIMATE REPORT
NATIONAL WEATHER SERVICE RAPID CITY SD
236 AM MDT MON SEP 25 2017


...................................

...THE PINE RIDGE SD CLIMATE SUMMARY FOR SEPTEMBER 24 2017...

CLIMATE NORMAL PERIOD 1981 TO 2010
CLIMATE RECORD PERIOD 9999 TO 9999


WEATHER ITEM   OBSERVED TIME   NORMAL DEPARTURE LAST
                VALUE   (LST)  VALUE  FROM      YEAR
                                      NORMAL
......................................................
TEMPERATURE (F)
 YESTERDAY
  MAXIMUM         52   1250 PM  74    -22       71
  MINIMUM         45    621 AM  41      4       47
  AVERAGE         49            57     -8       59

PRECIPITATION (IN)
  YESTERDAY        0.08          0.04   0.04     0.00
  MONTH TO DATE    0.70          1.34  -0.64     0.68
  SINCE SEP 1      0.70          1.34  -0.64     0.68
  SINCE JAN 1     13.87         15.13  -1.26    13.60

DEGREE DAYS
 HEATING
  YESTERDAY       16             9      7        6
  MONTH TO DATE  105           125    -20       92
  SINCE SEP 1    105           125    -20       92
  SINCE JUL 1    117           162    -45      125

 COOLING
  YESTERDAY        0             1     -1        0
  MONTH TO DATE   98            63     35       52
  SINCE SEP 1     98            63     35       52
  SINCE JAN 1    771           711     60      764
......................................................


WIND (MPH)
  HIGHEST WIND SPEED    15   HIGHEST WIND DIRECTION     N (20)
  HIGHEST GUST SPEED    19   HIGHEST GUST DIRECTION     N (20)
  AVERAGE WIND SPEED     8.2


SKY COVER
  AVERAGE SKY COVER 1.0


WEATHER CONDITIONS
 THE FOLLOWING WEATHER WAS RECORDED YESTERDAY.
  RAIN
  LIGHT RAIN
  FOG


RELATIVE HUMIDITY (PERCENT)
 HIGHEST   100           100 AM
 LOWEST     77           100 PM
 AVERAGE    89

..........................................................




SUNRISE AND SUNSET
SEPTEMBER 25 2017.....SUNRISE   641 AM MDT   SUNSET   641 PM MDT
SEPTEMBER 26 2017.....SUNRISE   642 AM MDT   SUNSET   640 PM MDT


-  INDICATES NEGATIVE NUMBERS.
R  INDICATES RECORD WAS SET OR TIED.
MM INDICATES DATA IS MISSING.
T  INDICATES TRACE AMOUNT.




$$
