134
CDUS43 KUNR 190831
CLIIEN


CLIMATE REPORT
NATIONAL WEATHER SERVICE RAPID CITY SD
130 AM MST SUN NOV 19 2017


...................................

...THE PINE RIDGE SD CLIMATE SUMMARY FOR NOVEMBER 18 2017...

CLIMATE NORMAL PERIOD 1981 TO 2010
CLIMATE RECORD PERIOD 9999 TO 9999


WEATHER ITEM   OBSERVED TIME   NORMAL DEPARTURE LAST
                VALUE   (LST)  VALUE  FROM      YEAR
                                      NORMAL
......................................................
TEMPERATURE (F)
 YESTERDAY
  MAXIMUM         47    226 PM  46      1       33
  MINIMUM         17   1038 PM  19     -2        6
  AVERAGE         32            32      0       20

PRECIPITATION (IN)
  YESTERDAY        0.00          0.02  -0.02     0.03
  MONTH TO DATE    0.28          0.44  -0.16     0.13
  SINCE SEP 1      2.02          3.25  -1.23     1.35
  SINCE JAN 1     15.19         17.04  -1.85    14.27

DEGREE DAYS
 HEATING
  YESTERDAY       33            33      0       45
  MONTH TO DATE  486           505    -19      327
  SINCE SEP 1   1204          1223    -19      773
  SINCE JUL 1   1216          1260    -44      806

 COOLING
  YESTERDAY        0             0      0        0
  MONTH TO DATE    0             0      0        0
  SINCE SEP 1    107            69     38       62
  SINCE JAN 1    780           717     63      774
......................................................


WIND (MPH)
  HIGHEST WIND SPEED    21   HIGHEST WIND DIRECTION     W (280)
  HIGHEST GUST SPEED    31   HIGHEST GUST DIRECTION    NW (310)
  AVERAGE WIND SPEED     6.4


SKY COVER
  AVERAGE SKY COVER 0.1


WEATHER CONDITIONS
 THE FOLLOWING WEATHER WAS RECORDED YESTERDAY.
  FOG
  FOG W/VISIBILITY <= 1/4 MILE


RELATIVE HUMIDITY (PERCENT)
 HIGHEST   100          1200 AM
 LOWEST     31           300 PM
 AVERAGE    66

..........................................................




SUNRISE AND SUNSET
NOVEMBER 19 2017......SUNRISE   648 AM MST   SUNSET   423 PM MST
NOVEMBER 20 2017......SUNRISE   649 AM MST   SUNSET   422 PM MST


-  INDICATES NEGATIVE NUMBERS.
R  INDICATES RECORD WAS SET OR TIED.
MM INDICATES DATA IS MISSING.
T  INDICATES TRACE AMOUNT.




$$
