592
CDUS43 KUNR 110832
CLIIEN


CLIMATE REPORT
NATIONAL WEATHER SERVICE RAPID CITY SD
132 AM MST SUN DEC 11 2016


...................................

...THE PINE RIDGE SD CLIMATE SUMMARY FOR DECEMBER 10 2016...

CLIMATE NORMAL PERIOD 1981 TO 2010
CLIMATE RECORD PERIOD 9999 TO 9999


WEATHER ITEM   OBSERVED TIME   NORMAL DEPARTURE LAST
                VALUE   (LST)  VALUE  FROM      YEAR
                                      NORMAL
......................................................
TEMPERATURE (F)
 YESTERDAY
  MAXIMUM         19    259 PM  36    -17       50
  MINIMUM          4    545 AM  10     -6       29
  AVERAGE         12            23    -11       40

PRECIPITATION (IN)
  YESTERDAY        0.01          0.01   0.00     0.01
  MONTH TO DATE    0.12          0.10   0.02     0.18
  SINCE DEC 1      0.12          0.10   0.02     0.18
  SINCE JAN 1     14.68         17.27  -2.59    18.87

DEGREE DAYS
 HEATING
  YESTERDAY       53            42     11       25
  MONTH TO DATE  493           404     89      302
  SINCE DEC 1    493           404     89      302
  SINCE JUL 1   1666          2094   -428     1790

 COOLING
  YESTERDAY        0             0      0        0
  MONTH TO DATE    0             0      0        0
  SINCE DEC 1      0             0      0        0
  SINCE JAN 1    774           717     57      615
......................................................


WIND (MPH)
  HIGHEST WIND SPEED    13   HIGHEST WIND DIRECTION    NW (330)
  HIGHEST GUST SPEED    17   HIGHEST GUST DIRECTION    NW (320)
  AVERAGE WIND SPEED     7.6


SKY COVER
  AVERAGE SKY COVER 0.7


WEATHER CONDITIONS
 THE FOLLOWING WEATHER WAS RECORDED YESTERDAY.
  LIGHT SNOW
  FOG


RELATIVE HUMIDITY (PERCENT)
 HIGHEST    96           800 PM
 LOWEST     74          1200 PM
 AVERAGE    85

..........................................................




SUNRISE AND SUNSET
DECEMBER 11 2016......SUNRISE   712 AM MST   SUNSET   415 PM MST
DECEMBER 12 2016......SUNRISE   713 AM MST   SUNSET   415 PM MST


-  INDICATES NEGATIVE NUMBERS.
R  INDICATES RECORD WAS SET OR TIED.
MM INDICATES DATA IS MISSING.
T  INDICATES TRACE AMOUNT.




$$
