000
CDUS43 KUNR 310843
CLIIEN


CLIMATE REPORT
NATIONAL WEATHER SERVICE RAPID CITY SD
243 AM MDT TUE MAY 31 2016


...................................

...THE PINE RIDGE SD CLIMATE SUMMARY FOR MAY 30 2016...

CLIMATE NORMAL PERIOD 1981 TO 2010
CLIMATE RECORD PERIOD 9999 TO 9999


WEATHER ITEM   OBSERVED TIME   NORMAL DEPARTURE LAST
                VALUE   (LST)  VALUE  FROM      YEAR
                                      NORMAL
......................................................
TEMPERATURE (F)
 YESTERDAY
  MAXIMUM         82    217 PM  74      8       67
  MINIMUM         50   1118 PM  47      3       30
  AVERAGE         66            60      6       49

PRECIPITATION (IN)
  YESTERDAY        0.11          0.13  -0.02     0.00
  MONTH TO DATE    0.73          2.54  -1.81     7.16
  SINCE MAR 1      5.58          5.32   0.26     9.22
  SINCE JAN 1      6.08          6.11  -0.03     9.68

DEGREE DAYS
 HEATING
  YESTERDAY        0             6     -6       16
  MONTH TO DATE  340           299     41      394
  SINCE MAR 1   1603          1769   -166     1654
  SINCE JUL 1   6472          7119   -647     6864

 COOLING
  YESTERDAY        1             1      0        0
  MONTH TO DATE    7            13     -6        0
  SINCE MAR 1      8            13     -5        0
  SINCE JAN 1      8            13     -5        0
......................................................


WIND (MPH)
  HIGHEST WIND SPEED    25   HIGHEST WIND DIRECTION     N (360)
  HIGHEST GUST SPEED    34   HIGHEST GUST DIRECTION     N (360)
  AVERAGE WIND SPEED    11.6


SKY COVER
  AVERAGE SKY COVER 0.1


WEATHER CONDITIONS
 THE FOLLOWING WEATHER WAS RECORDED YESTERDAY.
  NO SIGNIFICANT WEATHER WAS OBSERVED.


RELATIVE HUMIDITY (PERCENT)
 HIGHEST    89          1000 PM
 LOWEST     24           200 PM
 AVERAGE    57

..........................................................




SUNRISE AND SUNSET
MAY 31 2016...........SUNRISE   514 AM MDT   SUNSET   822 PM MDT
JUNE  1 2016..........SUNRISE   513 AM MDT   SUNSET   823 PM MDT


-  INDICATES NEGATIVE NUMBERS.
R  INDICATES RECORD WAS SET OR TIED.
MM INDICATES DATA IS MISSING.
T  INDICATES TRACE AMOUNT.




$$
