000
CDUS45 KVEF 180827
CLIIGM


CLIMATE REPORT
NATIONAL WEATHER SERVICE LAS VEGAS, NV
1227 AM PST MON DEC 18 2017


...................................

...THE KINGMAN AZ CLIMATE SUMMARY FOR DECEMBER 17 2017...

CLIMATE NORMAL PERIOD 1981 TO 2010
CLIMATE RECORD PERIOD 1901 TO 2017


WEATHER ITEM   OBSERVED TIME   RECORD YEAR NORMAL DEPARTURE LAST
                VALUE   (LST)  VALUE       VALUE  FROM      YEAR
                                                  NORMAL
..................................................................
TEMPERATURE (F)
 YESTERDAY
  MAXIMUM         53    338 PM  74    1980  54     -1       44
  MINIMUM         33    802 AM  17    2005  31      2       24
  AVERAGE         43                        42      1       34

PRECIPITATION (IN)
  YESTERDAY        0.00          1.23 2008   0.02  -0.02     0.00
  MONTH TO DATE    0.00                      0.40  -0.40     0.04
  SINCE OCT 1      T                         1.76  -1.76     0.97
  SINCE JAN 1      7.97                      8.05  -0.08     8.40

DEGREE DAYS
 HEATING
  YESTERDAY       22                        23     -1       31
  MONTH TO DATE  306                       364    -58      303
  SINCE DEC 1    306                       364    -58      303
  SINCE JUL 1    597                       930   -333      625

 COOLING
  YESTERDAY        0                         0      0        0
  MONTH TO DATE    0                         0      0        0
  SINCE DEC 1      0                         0      0        0
  SINCE JAN 1   2183                      2093     90     2244
..................................................................


WIND (MPH)
  RESULTANT WIND SPEED   8   RESULTANT WIND DIRECTION   E (70)
  HIGHEST WIND SPEED    20   HIGHEST WIND DIRECTION     N (10)
  HIGHEST GUST SPEED    25   HIGHEST GUST DIRECTION     N (10)
  AVERAGE WIND SPEED    11.3


SKY COVER
  POSSIBLE SUNSHINE  MM
  AVERAGE SKY COVER 0.0


WEATHER CONDITIONS
 THE FOLLOWING WEATHER WAS RECORDED YESTERDAY.
  NO SIGNIFICANT WEATHER WAS OBSERVED.


RELATIVE HUMIDITY (PERCENT)
 HIGHEST    56           300 AM
 LOWEST     26           200 PM
 AVERAGE    41

..........................................................


THE KINGMAN AZ CLIMATE NORMALS FOR TODAY
                         NORMAL    RECORD    YEAR
 MAXIMUM TEMPERATURE (F)   53        71      1979
 MINIMUM TEMPERATURE (F)   31        20      2016
                                             1967


SUNRISE AND SUNSET
DECEMBER 18 2017......SUNRISE   739 AM MST   SUNSET   526 PM MST
DECEMBER 19 2017......SUNRISE   740 AM MST   SUNSET   527 PM MST


-  INDICATES NEGATIVE NUMBERS.
R  INDICATES RECORD WAS SET OR TIED.
MM INDICATES DATA IS MISSING.
T  INDICATES TRACE AMOUNT.




$$
