000
CDUS45 KVEF 010827
CLIIGM


CLIMATE REPORT
NATIONAL WEATHER SERVICE LAS VEGAS, NV
127 AM PDT SAT OCT 1 2016


...................................

...THE KINGMAN AZ CLIMATE SUMMARY FOR SEPTEMBER 30 2016...

CLIMATE NORMAL PERIOD 1981 TO 2010
CLIMATE RECORD PERIOD 1901 TO 2016


WEATHER ITEM   OBSERVED TIME   RECORD YEAR NORMAL DEPARTURE LAST
                VALUE   (LST)  VALUE       VALUE  FROM      YEAR
                                                  NORMAL
..................................................................
TEMPERATURE (F)
 YESTERDAY
  MAXIMUM         84   1250 PM  99    1980  84      0       97
  MINIMUM         59    644 AM  34    1907  56      3       64
  AVERAGE         72                        70      2       81

PRECIPITATION (IN)
  YESTERDAY        0.06          0.97 1921   0.01   0.05     0.00
  MONTH TO DATE    0.29                      1.02  -0.73     0.20
  SINCE OCT 1      8.95                      8.39   0.56     8.81
  SINCE JAN 1      7.43                      6.29   1.14     6.68

DEGREE DAYS
 HEATING
  YESTERDAY        0                         1     -1        0
  MONTH TO DATE   10                         5      5        0
  SINCE SEP 1     10                         6      4        0
  SINCE JUL 1     10                         6      4        0

 COOLING
  YESTERDAY        7                         6      1       16
  MONTH TO DATE  258                       325    -67      431
  SINCE SEP 1    258                       325    -67      431
  SINCE JAN 1   2134                      2026    108     2118
..................................................................


WIND (MPH)
  RESULTANT WIND SPEED  10   RESULTANT WIND DIRECTION  SE (130)
  HIGHEST WIND SPEED    25   HIGHEST WIND DIRECTION     S (160)
  HIGHEST GUST SPEED    30   HIGHEST GUST DIRECTION     S (160)
  AVERAGE WIND SPEED    10.5


SKY COVER
  POSSIBLE SUNSHINE  MM
  AVERAGE SKY COVER 0.2


WEATHER CONDITIONS
 THE FOLLOWING WEATHER WAS RECORDED YESTERDAY.
  HEAVY RAIN
  LIGHT RAIN


RELATIVE HUMIDITY (PERCENT)
 HIGHEST    64           700 AM
 LOWEST     33           100 PM
 AVERAGE    49

..........................................................


THE KINGMAN AZ CLIMATE NORMALS FOR TODAY
                         NORMAL    RECORD    YEAR
 MAXIMUM TEMPERATURE (F)   84       100      1980
 MINIMUM TEMPERATURE (F)   55        37      1971


SUNRISE AND SUNSET
OCTOBER  1 2016.......SUNRISE   631 AM MST   SUNSET   619 PM MST
OCTOBER  2 2016.......SUNRISE   632 AM MST   SUNSET   617 PM MST


-  INDICATES NEGATIVE NUMBERS.
R  INDICATES RECORD WAS SET OR TIED.
MM INDICATES DATA IS MISSING.
T  INDICATES TRACE AMOUNT.




$$
