000
CDUS45 KVEF 280829
CLIIGM


CLIMATE REPORT
NATIONAL WEATHER SERVICE LAS VEGAS, NV
1229 AM PST SUN DEC 28 2014


...................................

...THE KINGMAN AZ CLIMATE SUMMARY FOR DECEMBER 27 2014...

CLIMATE NORMAL PERIOD 1981 TO 2010
CLIMATE RECORD PERIOD 1901 TO 2014


WEATHER ITEM   OBSERVED TIME   RECORD YEAR NORMAL DEPARTURE LAST
                VALUE   (LST)  VALUE       VALUE  FROM      YEAR
                                                  NORMAL
..................................................................
TEMPERATURE (F)
 YESTERDAY
  MAXIMUM         45    337 PM  75    1980  54     -9       63
  MINIMUM         20    644 AM  15    1990  31    -11       26
  AVERAGE         33                        42     -9       45

PRECIPITATION (IN)
  YESTERDAY        0.00          0.72 1906   0.03  -0.03     0.00
  MONTH TO DATE    0.89                      0.63   0.26     0.04
  SINCE OCT 1      1.65                      1.99  -0.34     0.88
  SINCE JAN 1      8.14                      8.28  -0.14     6.72

DEGREE DAYS
 HEATING
  YESTERDAY       32                        23      9       20
  MONTH TO DATE  510                       594    -84      656
  SINCE DEC 1    510                       594    -84      656
  SINCE JUL 1    924                      1160   -236     1289

 COOLING
  YESTERDAY        0                         0      0        0
  MONTH TO DATE    0                         0      0        0
  SINCE DEC 1      0                         0      0        0
  SINCE JAN 1   2070                      2093    -23     2106
..................................................................


WIND (MPH)
  RESULTANT WIND SPEED   6   RESULTANT WIND DIRECTION   E (70)
  HIGHEST WIND SPEED    16   HIGHEST WIND DIRECTION     N (360)
  HIGHEST GUST SPEED    20   HIGHEST GUST DIRECTION     N (360)
  AVERAGE WIND SPEED     8.2


SKY COVER
  POSSIBLE SUNSHINE  MM
  AVERAGE SKY COVER 0.0


WEATHER CONDITIONS
 THE FOLLOWING WEATHER WAS RECORDED YESTERDAY.
  NO SIGNIFICANT WEATHER WAS OBSERVED.


RELATIVE HUMIDITY (PERCENT)
 HIGHEST    71           500 AM
 LOWEST     22           300 PM
 AVERAGE    47

..........................................................


THE KINGMAN AZ CLIMATE NORMALS FOR TODAY
                         NORMAL    RECORD    YEAR
 MAXIMUM TEMPERATURE (F)   54        71      1980
 MINIMUM TEMPERATURE (F)   31        17      2003


SUNRISE AND SUNSET
DECEMBER 28 2014......SUNRISE   743 AM MST   SUNSET   531 PM MST
DECEMBER 29 2014......SUNRISE   744 AM MST   SUNSET   532 PM MST


-  INDICATES NEGATIVE NUMBERS.
R  INDICATES RECORD WAS SET OR TIED.
MM INDICATES DATA IS MISSING.
T  INDICATES TRACE AMOUNT.




$$
