000
CDUS41 KPHI 010634
CLIILG


CLIMATE REPORT
NATIONAL WEATHER SERVICE MOUNT HOLLY NJ
234 AM EDT MON SEP 1 2014


...................................

...THE WILMINGTON DE CLIMATE SUMMARY FOR AUGUST 31 2014...

CLIMATE NORMAL PERIOD 1981 TO 2010
CLIMATE RECORD PERIOD 1894 TO 2014


WEATHER ITEM   OBSERVED TIME   RECORD YEAR NORMAL DEPARTURE LAST
                VALUE   (LST)  VALUE       VALUE  FROM      YEAR
                                                  NORMAL
..................................................................
TEMPERATURE (F)
 YESTERDAY
  MAXIMUM         92   1256 PM 101    1953  82     10       88
  MINIMUM         73    438 AM  47    1934  64      9       71
  AVERAGE         83                        73     10       80

PRECIPITATION (IN)
  YESTERDAY        1.34          3.95 1911   0.10   1.24     0.00
  MONTH TO DATE    4.77                      3.25   1.52     5.22
  SINCE JUN 1     15.74                     11.70   4.04    22.93
  SINCE JAN 1     38.07                     28.76   9.31    36.33

SNOWFALL (IN)
  YESTERDAY        0.0           0.0  1894   0.0    0.0      0.0
  MONTH TO DATE    0.0                       0.0    0.0      0.0
  SINCE JUN 1      0.0                       0.0    0.0      0.0
  SINCE JUL 1      0.0                       0.0    0.0      0.0
  SNOW DEPTH       0

DEGREE DAYS
 HEATING
  YESTERDAY        0                         0      0        0
  MONTH TO DATE    0                         0      0        0
  SINCE JUN 1      2                        17    -15        0
  SINCE JUL 1      0                         2     -2        0

 COOLING
  YESTERDAY       18                         8     10       15
  MONTH TO DATE  247                       316    -69      270
  SINCE JUN 1    839                       914    -75      978
  SINCE JAN 1    906                       993    -87     1085
..................................................................


WIND (MPH)
  HIGHEST WIND SPEED    24   HIGHEST WIND DIRECTION    NW (320)
  HIGHEST GUST SPEED    30   HIGHEST GUST DIRECTION    NW (330)
  AVERAGE WIND SPEED     8.1


SKY COVER
  POSSIBLE SUNSHINE  MM
  AVERAGE SKY COVER 0.7


WEATHER CONDITIONS
 THE FOLLOWING WEATHER WAS RECORDED YESTERDAY.
  THUNDERSTORM
  HEAVY RAIN
  RAIN
  LIGHT RAIN
  FOG


RELATIVE HUMIDITY (PERCENT)
 HIGHEST    94           700 AM
 LOWEST     49           100 PM
 AVERAGE    72

..........................................................


THE WILMINGTON DE CLIMATE NORMALS FOR TODAY
                         NORMAL    RECORD    YEAR
 MAXIMUM TEMPERATURE (F)   82        97      1953
                                             1932
 MINIMUM TEMPERATURE (F)   63        47      1934


SUNRISE AND SUNSET
SEPTEMBER  1 2014.....SUNRISE   630 AM EDT   SUNSET   734 PM EDT
SEPTEMBER  2 2014.....SUNRISE   631 AM EDT   SUNSET   732 PM EDT


-  INDICATES NEGATIVE NUMBERS.
R  INDICATES RECORD WAS SET OR TIED.
MM INDICATES DATA IS MISSING.
T  INDICATES TRACE AMOUNT.




$$
