000
CDUS41 KPHI 180544
CLIILG


CLIMATE REPORT
NATIONAL WEATHER SERVICE MOUNT HOLLY NJ
143 AM EDT WED OCT 18 2017


...................................

...THE WILMINGTON DE CLIMATE SUMMARY FOR OCTOBER 17 2017...

CLIMATE NORMAL PERIOD 1981 TO 2010
CLIMATE RECORD PERIOD 1894 TO 2017


WEATHER ITEM   OBSERVED TIME   RECORD YEAR NORMAL DEPARTURE LAST
                VALUE   (LST)  VALUE       VALUE  FROM      YEAR
                                                  NORMAL
..................................................................
TEMPERATURE (F)
 YESTERDAY
  MAXIMUM         63    339 PM  85    1938  66     -3       81
  MINIMUM         37    505 AM  33    1937  46     -9       57
  AVERAGE         50                        56     -6       69

PRECIPITATION (IN)
  YESTERDAY        0.00          1.19 2009   0.10  -0.10     0.00
  MONTH TO DATE    1.43                      1.99  -0.56     1.32
  SINCE SEP 1      2.55                      6.31  -3.76     6.12
  SINCE JAN 1     34.69                     35.07  -0.38    35.38

SNOWFALL (IN)
  YESTERDAY        0.0           0.0  1894   0.0    0.0      0.0
  MONTH TO DATE    0.0                       0.0    0.0      0.0
  SINCE SEP 1      0.0                       0.0    0.0      0.0
  SINCE JUL 1      0.0                       0.0    0.0      0.0
  SNOW DEPTH       0

DEGREE DAYS
 HEATING
  YESTERDAY       15                        10      5        0
  MONTH TO DATE   45                       124    -79       88
  SINCE SEP 1     70                       174   -104      108
  SINCE JUL 1     70                       176   -106      108

 COOLING
  YESTERDAY        0                         0      0        4
  MONTH TO DATE   70                        15     55        8
  SINCE SEP 1    253                       149    104      243
  SINCE JAN 1   1299                      1142    157     1464
..................................................................


WIND (MPH)
  HIGHEST WIND SPEED    13   HIGHEST WIND DIRECTION     N (360)
  HIGHEST GUST SPEED    17   HIGHEST GUST DIRECTION     N (10)
  AVERAGE WIND SPEED     5.9


SKY COVER
  POSSIBLE SUNSHINE  MM
  AVERAGE SKY COVER 0.0


WEATHER CONDITIONS
 THE FOLLOWING WEATHER WAS RECORDED YESTERDAY.
  NO SIGNIFICANT WEATHER WAS OBSERVED.


RELATIVE HUMIDITY (PERCENT)
 HIGHEST    92           400 AM
 LOWEST     32           300 PM
 AVERAGE    62

..........................................................


THE WILMINGTON DE CLIMATE NORMALS FOR TODAY
                         NORMAL    RECORD    YEAR
 MAXIMUM TEMPERATURE (F)   65        83      2016
 MINIMUM TEMPERATURE (F)   45        28      1982


SUNRISE AND SUNSET
OCTOBER 18 2017.......SUNRISE   716 AM EDT   SUNSET   618 PM EDT
OCTOBER 19 2017.......SUNRISE   717 AM EDT   SUNSET   617 PM EDT


-  INDICATES NEGATIVE NUMBERS.
R  INDICATES RECORD WAS SET OR TIED.
MM INDICATES DATA IS MISSING.
T  INDICATES TRACE AMOUNT.




$$
