000
CDUS41 KPHI 270628
CLIILG


CLIMATE REPORT
NATIONAL WEATHER SERVICE MOUNT HOLLY NJ
128 AM EST MON FEB 27 2017


...................................

...THE WILMINGTON DE CLIMATE SUMMARY FOR FEBRUARY 26 2017...

CLIMATE NORMAL PERIOD 1981 TO 2010
CLIMATE RECORD PERIOD 1894 TO 2017


WEATHER ITEM   OBSERVED TIME   RECORD YEAR NORMAL DEPARTURE LAST
                VALUE   (LST)  VALUE       VALUE  FROM      YEAR
                                                  NORMAL
..................................................................
TEMPERATURE (F)
 YESTERDAY
  MAXIMUM         44    334 PM  76    1930  46     -2       41
  MINIMUM         31   1145 PM   8    1970  29      2       28
  AVERAGE         38                        38      0       35

PRECIPITATION (IN)
  YESTERDAY        0.00          1.30 1929   0.10  -0.10      T
  MONTH TO DATE    1.24                      2.49  -1.25     4.43
  SINCE DEC 1      6.50                      8.98  -2.48    11.94
  SINCE JAN 1      3.91                      5.50  -1.59     6.73

SNOWFALL (IN)
  YESTERDAY        0.0           5.5  1934   0.2   -0.2       T
  MONTH TO DATE    1.1                       7.9   -6.8      5.8
  SINCE DEC 1      5.6                      17.2  -11.6     22.7
  SINCE JUL 1      5.6                      17.6  -12.0     22.7
  SNOW DEPTH       0

DEGREE DAYS
 HEATING
  YESTERDAY       27                        27      0       30
  MONTH TO DATE  571                       782   -211      757
  SINCE DEC 1   2243                      2671   -428     2243
  SINCE JUL 1   2967                      3569   -602     2947

 COOLING
  YESTERDAY        0                         0      0        0
  MONTH TO DATE    0                         0      0        0
  SINCE DEC 1      0                         0      0        1
  SINCE JAN 1      0                         0      0        0
..................................................................


WIND (MPH)
  HIGHEST WIND SPEED    26   HIGHEST WIND DIRECTION    NW (320)
  HIGHEST GUST SPEED    35   HIGHEST GUST DIRECTION    NW (300)
  AVERAGE WIND SPEED    14.3


SKY COVER
  POSSIBLE SUNSHINE  MM
  AVERAGE SKY COVER 0.4


WEATHER CONDITIONS
 THE FOLLOWING WEATHER WAS RECORDED YESTERDAY.
  NO SIGNIFICANT WEATHER WAS OBSERVED.


RELATIVE HUMIDITY (PERCENT)
 HIGHEST    56           800 PM
 LOWEST     36           100 PM
 AVERAGE    46

..........................................................


THE WILMINGTON DE CLIMATE NORMALS FOR TODAY
                         NORMAL    RECORD    YEAR
 MAXIMUM TEMPERATURE (F)   47        73      1997
 MINIMUM TEMPERATURE (F)   29         5      1934


SUNRISE AND SUNSET
FEBRUARY 27 2017......SUNRISE   638 AM EST   SUNSET   553 PM EST
FEBRUARY 28 2017......SUNRISE   637 AM EST   SUNSET   554 PM EST


-  INDICATES NEGATIVE NUMBERS.
R  INDICATES RECORD WAS SET OR TIED.
MM INDICATES DATA IS MISSING.
T  INDICATES TRACE AMOUNT.




$$
