402
CDUS41 KPHI 092133
CLIILG


CLIMATE REPORT
NATIONAL WEATHER SERVICE MOUNT HOLLY NJ
432 PM EST FRI DEC 9 2016


...................................

...THE WILMINGTON DE CLIMATE SUMMARY FOR DECEMBER 9 2016...
VALID TODAY AS OF 0400 PM LOCAL TIME.

CLIMATE NORMAL PERIOD 1981 TO 2010
CLIMATE RECORD PERIOD 1894 TO 2016


WEATHER ITEM   OBSERVED TIME   RECORD YEAR NORMAL DEPARTURE LAST
                VALUE   (LST)  VALUE       VALUE  FROM      YEAR
                                                  NORMAL
..................................................................
TEMPERATURE (F)
 TODAY
  MAXIMUM         39   1234 PM  72    1966  47     -8       55
  MINIMUM         28    708 AM  13    1960  30     -2       32
  AVERAGE         34                        38     -4       44

PRECIPITATION (IN)
  TODAY            0.00          2.28 2009   0.13  -0.13     0.00
  MONTH TO DATE    0.81                      1.12  -0.31     1.26
  SINCE DEC 1      0.81                      1.12  -0.31     1.26
  SINCE JAN 1     39.00                     40.72  -1.72    44.79

SNOWFALL (IN)
  TODAY            0.0           5.0  1928   0.1   -0.1      0.0
  MONTH TO DATE    0.0                       0.8   -0.8      0.0
  SINCE DEC 1      0.0                       0.8   -0.8      0.0
  SINCE JUL 1      0.0                       1.2   -1.2      0.0
  SNOW DEPTH       0

DEGREE DAYS
 HEATING
  TODAY           31                        27      4       21
  MONTH TO DATE  201                       227    -26      183
  SINCE DEC 1    201                       227    -26      183
  SINCE JUL 1    925                      1125   -200      887

 COOLING
  TODAY            0                         0      0        0
  MONTH TO DATE    0                         0      0        0
  SINCE DEC 1      0                         0      0        0
  SINCE JAN 1   1489                      1145    344     1388
..................................................................


WIND (MPH)
  HIGHEST WIND SPEED    26   HIGHEST WIND DIRECTION    NW (300)
  HIGHEST GUST SPEED    35   HIGHEST GUST DIRECTION    NW (300)
  AVERAGE WIND SPEED    16.2


SKY COVER
  POSSIBLE SUNSHINE  MM
  AVERAGE SKY COVER 0.3


WEATHER CONDITIONS
 THE FOLLOWING WEATHER WAS RECORDED TODAY.
  NO SIGNIFICANT WEATHER WAS OBSERVED.


RELATIVE HUMIDITY (PERCENT)
 HIGHEST    58           400 AM
 LOWEST     44           200 PM
 AVERAGE    51

..........................................................


THE WILMINGTON DE CLIMATE NORMALS FOR TOMORROW
                         NORMAL    RECORD    YEAR
 MAXIMUM TEMPERATURE (F)   46        72      1966
 MINIMUM TEMPERATURE (F)   30         8      1910


SUNRISE AND SUNSET
DECEMBER  9 2016......SUNRISE   712 AM EST   SUNSET   438 PM EST
DECEMBER 10 2016......SUNRISE   713 AM EST   SUNSET   438 PM EST


-  INDICATES NEGATIVE NUMBERS.
R  INDICATES RECORD WAS SET OR TIED.
MM INDICATES DATA IS MISSING.
T  INDICATES TRACE AMOUNT.




$$
