000
CDUS41 KPHI 222127
CLIILG


CLIMATE REPORT
NATIONAL WEATHER SERVICE MOUNT HOLLY NJ
527 PM EDT FRI MAY 22 2015


...................................

...THE WILMINGTON DE CLIMATE SUMMARY FOR MAY 22 2015...
VALID TODAY AS OF 0500 PM LOCAL TIME.

CLIMATE NORMAL PERIOD 1981 TO 2010
CLIMATE RECORD PERIOD 1894 TO 2015


WEATHER ITEM   OBSERVED TIME   RECORD YEAR NORMAL DEPARTURE LAST
                VALUE   (LST)  VALUE       VALUE  FROM      YEAR
                                                  NORMAL
..................................................................
TEMPERATURE (F)
 TODAY
  MAXIMUM         75    352 PM  94    1941  75      0       79
  MINIMUM         48    507 AM  37    2002  55     -7       59
  AVERAGE         62                        65     -3       69

PRECIPITATION (IN)
  TODAY            0.00          1.74 1947   0.14  -0.14     0.10
  MONTH TO DATE    1.84                      2.76  -0.92     2.63
  SINCE MAR 1     11.52                     10.18   1.34    13.29
  SINCE JAN 1     18.13                     15.87   2.26    21.87

SNOWFALL (IN)
  TODAY            0.0           0.0  1894   0.0    0.0      0.0
  MONTH TO DATE    0.0                       0.0    0.0      0.0
  SINCE MAR 1      8.6                       2.2    6.4      7.7
  SINCE JUL 1     23.4                      20.2    3.2     56.1
  SNOW DEPTH       0

DEGREE DAYS
 HEATING
  TODAY            3                         3      0        0
  MONTH TO DATE   49                       112    -63       66
  SINCE MAR 1   1211                      1158     53     1260
  SINCE JUL 1   5050                      4781    269     5115

 COOLING
  TODAY            0                         3     -3        4
  MONTH TO DATE   84                        35     49       34
  SINCE MAR 1     88                        47     41       41
  SINCE JAN 1     88                        47     41       41
..................................................................


WIND (MPH)
  HIGHEST WIND SPEED    26   HIGHEST WIND DIRECTION     W (280)
  HIGHEST GUST SPEED    37   HIGHEST GUST DIRECTION     W (290)
  AVERAGE WIND SPEED    12.5


SKY COVER
  POSSIBLE SUNSHINE  MM
  AVERAGE SKY COVER 0.2


WEATHER CONDITIONS
 THE FOLLOWING WEATHER WAS RECORDED TODAY.
  NO SIGNIFICANT WEATHER WAS OBSERVED.


RELATIVE HUMIDITY (PERCENT)
 HIGHEST    93           200 AM
 LOWEST     33           100 PM
 AVERAGE    63

..........................................................


THE WILMINGTON DE CLIMATE NORMALS FOR TOMORROW
                         NORMAL    RECORD    YEAR
 MAXIMUM TEMPERATURE (F)   75        94      1925
 MINIMUM TEMPERATURE (F)   55        36      1935


SUNRISE AND SUNSET
MAY 22 2015...........SUNRISE   542 AM EDT   SUNSET   816 PM EDT
MAY 23 2015...........SUNRISE   542 AM EDT   SUNSET   817 PM EDT


-  INDICATES NEGATIVE NUMBERS.
R  INDICATES RECORD WAS SET OR TIED.
MM INDICATES DATA IS MISSING.
T  INDICATES TRACE AMOUNT.




$$
