000
CDUS41 KPHI 240636
CLIILG


CLIMATE REPORT
NATIONAL WEATHER SERVICE MOUNT HOLLY NJ
234 AM EDT SUN JUL 24 2016


...................................

...THE WILMINGTON DE CLIMATE SUMMARY FOR JULY 23 2016...

CLIMATE NORMAL PERIOD 1981 TO 2010
CLIMATE RECORD PERIOD 1894 TO 2016


WEATHER ITEM   OBSERVED TIME   RECORD YEAR NORMAL DEPARTURE LAST
                VALUE   (LST)  VALUE       VALUE  FROM      YEAR
                                                  NORMAL
..................................................................
TEMPERATURE (F)
 YESTERDAY
  MAXIMUM         95    307 PM 100    2011  86      9       83
  MINIMUM         72   1132 PM  54    1977  68      4       62
                                      1939
  AVERAGE         84                        77      7       73

PRECIPITATION (IN)
  YESTERDAY        T             2.80 1924   0.14  -0.14     0.00
  MONTH TO DATE    3.08                      3.42  -0.34     1.61
  SINCE JUN 1      6.77                      7.30  -0.53    14.13
  SINCE JAN 1     24.44                     24.36   0.08    32.81

SNOWFALL (IN)
  YESTERDAY        0.0           0.0  1894   0.0    0.0      0.0
  MONTH TO DATE    0.0                       0.0    0.0      0.0
  SINCE JUN 1      0.0                       0.0    0.0      0.0
  SINCE JUL 1      0.0                       0.0    0.0      0.0
  SNOW DEPTH       0

DEGREE DAYS
 HEATING
  YESTERDAY        0                         0      0        0
  MONTH TO DATE    0                         0      0        0
  SINCE JUN 1      5                        15    -10       18
  SINCE JUL 1      0                         0      0        0

 COOLING
  YESTERDAY       19                        12      7        8
  MONTH TO DATE  317                       272     45      270
  SINCE JUN 1    545                       503     42      538
  SINCE JAN 1    637                       582     55      706
..................................................................


WIND (MPH)
  HIGHEST WIND SPEED    22   HIGHEST WIND DIRECTION    NW (300)
  HIGHEST GUST SPEED    26   HIGHEST GUST DIRECTION    NW (300)
  AVERAGE WIND SPEED     6.5


SKY COVER
  POSSIBLE SUNSHINE  MM
  AVERAGE SKY COVER 0.1


WEATHER CONDITIONS
 THE FOLLOWING WEATHER WAS RECORDED YESTERDAY.
  THUNDERSTORM
  LIGHT RAIN


RELATIVE HUMIDITY (PERCENT)
 HIGHEST    79          1200 AM
 LOWEST     46           200 PM
 AVERAGE    63

..........................................................


THE WILMINGTON DE CLIMATE NORMALS FOR TODAY
                         NORMAL    RECORD    YEAR
 MAXIMUM TEMPERATURE (F)   86        98      2011
 MINIMUM TEMPERATURE (F)   68        56      1985


SUNRISE AND SUNSET
JULY 24 2016..........SUNRISE   555 AM EDT   SUNSET   822 PM EDT
JULY 25 2016..........SUNRISE   556 AM EDT   SUNSET   822 PM EDT


-  INDICATES NEGATIVE NUMBERS.
R  INDICATES RECORD WAS SET OR TIED.
MM INDICATES DATA IS MISSING.
T  INDICATES TRACE AMOUNT.




$$
