000
CDUS41 KPHI 302133
CLIILG


CLIMATE REPORT
NATIONAL WEATHER SERVICE MOUNT HOLLY NJ
531 PM EDT TUE SEP 30 2014


...................................

...THE WILMINGTON DE CLIMATE SUMMARY FOR SEPTEMBER 30 2014...
VALID TODAY AS OF 0500 PM LOCAL TIME.

CLIMATE NORMAL PERIOD 1981 TO 2010
CLIMATE RECORD PERIOD 1894 TO 2014


WEATHER ITEM   OBSERVED TIME   RECORD YEAR NORMAL DEPARTURE LAST
                VALUE   (LST)  VALUE       VALUE  FROM      YEAR
                                                  NORMAL
..................................................................
TEMPERATURE (F)
 TODAY
  MAXIMUM         77    247 PM  88    1953  72      5       73
  MINIMUM         63    450 AM  34    1942  52     11       47
  AVERAGE         70                        62      8       60

PRECIPITATION (IN)
  TODAY            0.01          4.32 2010   0.16  -0.15     0.00
  MONTH TO DATE    2.84                      4.32  -1.48     1.92
  SINCE SEP 1      2.84                      4.32  -1.48     1.92
  SINCE JAN 1     40.91                     33.08   7.83    38.25

SNOWFALL (IN)
  TODAY            0.0           0.0  1894   0.0    0.0      0.0
  MONTH TO DATE    0.0                       0.0    0.0      0.0
  SINCE SEP 1      0.0                       0.0    0.0      0.0
  SINCE JUL 1      0.0                       0.0    0.0      0.0
  SNOW DEPTH       0

DEGREE DAYS
 HEATING
  TODAY            0                         5     -5        5
  MONTH TO DATE   38                        50    -12       69
  SINCE SEP 1     38                        50    -12       69
  SINCE JUL 1     38                        52    -14       69

 COOLING
  TODAY            5                         2      3        0
  MONTH TO DATE  149                       134     15      107
  SINCE SEP 1    149                       134     15      107
  SINCE JAN 1   1055                      1127    -72     1192
..................................................................


WIND (MPH)
  HIGHEST WIND SPEED     8   HIGHEST WIND DIRECTION     S (160)
  HIGHEST GUST SPEED    12   HIGHEST GUST DIRECTION     S (160)
  AVERAGE WIND SPEED     2.7


SKY COVER
  POSSIBLE SUNSHINE  MM
  AVERAGE SKY COVER 0.3


WEATHER CONDITIONS
 THE FOLLOWING WEATHER WAS RECORDED TODAY.
  LIGHT RAIN
  FOG


RELATIVE HUMIDITY (PERCENT)
 HIGHEST   100           100 AM
 LOWEST     60           200 PM
 AVERAGE    80

..........................................................


THE WILMINGTON DE CLIMATE NORMALS FOR TOMORROW
                         NORMAL    RECORD    YEAR
 MAXIMUM TEMPERATURE (F)   72        90      1927
 MINIMUM TEMPERATURE (F)   52        31      1947


SUNRISE AND SUNSET
SEPTEMBER 30 2014.....SUNRISE   658 AM EDT   SUNSET   646 PM EDT
OCTOBER  1 2014.......SUNRISE   659 AM EDT   SUNSET   645 PM EDT


-  INDICATES NEGATIVE NUMBERS.
R  INDICATES RECORD WAS SET OR TIED.
MM INDICATES DATA IS MISSING.
T  INDICATES TRACE AMOUNT.




$$
