000
CDUS41 KPHI 180627
CLIILG


CLIMATE REPORT
NATIONAL WEATHER SERVICE MOUNT HOLLY NJ
127 AM EST THU DEC 18 2014


...................................

...THE WILMINGTON DE CLIMATE SUMMARY FOR DECEMBER 17 2014...

CLIMATE NORMAL PERIOD 1981 TO 2010
CLIMATE RECORD PERIOD 1894 TO 2014


WEATHER ITEM   OBSERVED TIME   RECORD YEAR NORMAL DEPARTURE LAST
                VALUE   (LST)  VALUE       VALUE  FROM      YEAR
                                                  NORMAL
..................................................................
TEMPERATURE (F)
 YESTERDAY
  MAXIMUM         54   1224 PM  62    2000  44     10       36
  MINIMUM         36   1145 PM   6    1951  28      8       27
  AVERAGE         45                        36      9       32

PRECIPITATION (IN)
  YESTERDAY        0.00          1.61 2000   0.10  -0.10     0.06
  MONTH TO DATE    1.84                      2.05  -0.21     3.22
  SINCE DEC 1      1.84                      2.05  -0.21     3.22
  SINCE JAN 1     49.74                     41.65   8.09    46.35

SNOWFALL (IN)
  YESTERDAY        0.0           2.2  1973   0.1   -0.1       T
  MONTH TO DATE    0.2                       1.7   -1.5     11.9
  SINCE DEC 1      0.2                       1.7   -1.5     11.9
  SINCE JUL 1      0.5                       2.1   -1.6     11.9
  SNOW DEPTH       0

DEGREE DAYS
 HEATING
  YESTERDAY       20                        29     -9       33
  MONTH TO DATE  415                       450    -35      490
  SINCE DEC 1    415                       450    -35      490
  SINCE JUL 1   1304                      1348    -44     1411

 COOLING
  YESTERDAY        0                         0      0        0
  MONTH TO DATE    0                         0      0        0
  SINCE DEC 1      0                         0      0        0
  SINCE JAN 1   1073                      1145    -72     1241
..................................................................


WIND (MPH)
  HIGHEST WIND SPEED    25   HIGHEST WIND DIRECTION     W (290)
  HIGHEST GUST SPEED    31   HIGHEST GUST DIRECTION     W (290)
  AVERAGE WIND SPEED    10.5


SKY COVER
  POSSIBLE SUNSHINE  MM
  AVERAGE SKY COVER 0.6


WEATHER CONDITIONS
 THE FOLLOWING WEATHER WAS RECORDED YESTERDAY.
  FOG


RELATIVE HUMIDITY (PERCENT)
 HIGHEST   100           500 AM
 LOWEST     48           300 PM
 AVERAGE    74

..........................................................


THE WILMINGTON DE CLIMATE NORMALS FOR TODAY
                         NORMAL    RECORD    YEAR
 MAXIMUM TEMPERATURE (F)   44        71      2006
 MINIMUM TEMPERATURE (F)   28         0      1919


SUNRISE AND SUNSET
DECEMBER 18 2014......SUNRISE   718 AM EST   SUNSET   440 PM EST
DECEMBER 19 2014......SUNRISE   719 AM EST   SUNSET   440 PM EST


-  INDICATES NEGATIVE NUMBERS.
R  INDICATES RECORD WAS SET OR TIED.
MM INDICATES DATA IS MISSING.
T  INDICATES TRACE AMOUNT.




$$
