000
CDUS42 KILM 241633
CLIILM

CLIMATE REPORT...CORRECTED
NATIONAL WEATHER SERVICE WILMINGTON NC
446 AM EDT SUN JUL 24 2016


...................................

...THE WILMINGTON NC CLIMATE SUMMARY FOR JULY 23 2016...

CLIMATE NORMAL PERIOD 1981 TO 2010
CLIMATE RECORD PERIOD 1871 TO 2016


WEATHER ITEM   OBSERVED TIME   RECORD YEAR NORMAL DEPARTURE LAST
                VALUE   (LST)  VALUE       VALUE  FROM      YEAR
                                                  NORMAL
..................................................................
TEMPERATURE (F)
 YESTERDAY
  MAXIMUM         92    328 PM  99    1999  90      2       91
  MINIMUM         75    517 AM  63    1890  73      2       73
  AVERAGE         84                        81      3       82

PRECIPITATION (IN)
  YESTERDAY        0.03          4.07 1916   0.25  -0.22     1.57
  MONTH TO DATE    4.60                      5.40  -0.80     3.00
  SINCE JUN 1     11.23                     10.55   0.65    10.11
  SINCE JAN 1     33.92                     29.48   4.44    30.68

DEGREE DAYS
 HEATING
  YESTERDAY        0                         0      0        0
  MONTH TO DATE    0                         0      0        0
  SINCE JUN 1      0                         2     -2        0
  SINCE JUL 1      0                         0      0        0

 COOLING
  YESTERDAY       19                        16      3       17
  MONTH TO DATE  412                       368     44      431
  SINCE JUN 1    830                       753     77      925
  SINCE JAN 1   1165                      1034    131     1218
..................................................................


WIND (MPH)
  HIGHEST WIND SPEED    15   HIGHEST WIND DIRECTION     S (180)
  HIGHEST GUST SPEED    19   HIGHEST GUST DIRECTION     S (180)
  AVERAGE WIND SPEED     5.1


SKY COVER
  POSSIBLE SUNSHINE  MM
  AVERAGE SKY COVER 0.2


WEATHER CONDITIONS
 THE FOLLOWING WEATHER WAS RECORDED YESTERDAY.
  THUNDERSTORM
  FOG


RELATIVE HUMIDITY (PERCENT)
 HIGHEST    94           300 AM
 LOWEST     59          1200 PM
 AVERAGE    77

..........................................................


THE WILMINGTON NC CLIMATE NORMALS FOR TODAY
                         NORMAL    RECORD    YEAR
 MAXIMUM TEMPERATURE (F)   90       100      2012
                                             2011
 MINIMUM TEMPERATURE (F)   73        61      2007


SUNRISE AND SUNSET
JULY 24 2016..........SUNRISE   617 AM EDT   SUNSET   819 PM EDT
JULY 25 2016..........SUNRISE   618 AM EDT   SUNSET   818 PM EDT


-  INDICATES NEGATIVE NUMBERS.
R  INDICATES RECORD WAS SET OR TIED.
MM INDICATES DATA IS MISSING.
T  INDICATES TRACE AMOUNT.




$$
