000
CDUS42 KILM 222148
CLIILM


CLIMATE REPORT
NATIONAL WEATHER SERVICE WILMINGTON NC
448 PM EST WED FEB 22 2017


...................................

...THE WILMINGTON NC CLIMATE SUMMARY FOR FEBRUARY 22 2017...
VALID TODAY AS OF 0400 PM LOCAL TIME.

CLIMATE NORMAL PERIOD 1981 TO 2010
CLIMATE RECORD PERIOD 1871 TO 2017


WEATHER ITEM   OBSERVED TIME   RECORD YEAR NORMAL DEPARTURE LAST
                VALUE   (LST)  VALUE       VALUE  FROM      YEAR
                                                  NORMAL
..................................................................
TEMPERATURE (F)
 TODAY
  MAXIMUM         72    254 PM  78    2003  61     11       69
  MINIMUM         49    711 AM  21    1896  39     10       51
  AVERAGE         61                        50     11       60

PRECIPITATION (IN)
  TODAY            0.00          1.24 1878   0.14  -0.14     0.09
  MONTH TO DATE    1.32                      2.83  -1.51     7.04
  SINCE DEC 1     10.90                     10.21   0.69    16.99
  SINCE JAN 1      5.54                      6.59  -1.05    11.49

SNOWFALL (IN)
  TODAY            0.0           2.0  1968   0.1   -0.1      0.0
  MONTH TO DATE    0.0                       0.3   -0.3       T
  SINCE DEC 1      T                         1.5   -1.5       T
  SINCE JUL 1      T                         1.5   -1.5       T
  SNOW DEPTH       0

DEGREE DAYS
 HEATING
  TODAY            4                        15    -11        5
  MONTH TO DATE  236                       367   -131      379
  SINCE DEC 1   1123                      1473   -350     1182
  SINCE JUL 1   1482                      1842   -360     1412

 COOLING
  TODAY            0                         0      0        0
  MONTH TO DATE    5                         0      5        0
  SINCE DEC 1      8                         7      1       76
  SINCE JAN 1      5                         2      3        0
..................................................................


WIND (MPH)
  HIGHEST WIND SPEED    16   HIGHEST WIND DIRECTION    SE (120)
  HIGHEST GUST SPEED    21   HIGHEST GUST DIRECTION    SE (120)
  AVERAGE WIND SPEED     6.7


SKY COVER
  POSSIBLE SUNSHINE  MM
  AVERAGE SKY COVER 0.1


WEATHER CONDITIONS
 THE FOLLOWING WEATHER WAS RECORDED TODAY.
  NO SIGNIFICANT WEATHER WAS OBSERVED.


RELATIVE HUMIDITY (PERCENT)
 HIGHEST   100           200 AM
 LOWEST     53           200 PM
 AVERAGE    77

..........................................................


THE WILMINGTON NC CLIMATE NORMALS FOR TOMORROW
                         NORMAL    RECORD    YEAR
 MAXIMUM TEMPERATURE (F)   61        80      1975
 MINIMUM TEMPERATURE (F)   39        20      1963


SUNRISE AND SUNSET
FEBRUARY 22 2017......SUNRISE   649 AM EST   SUNSET   602 PM EST
FEBRUARY 23 2017......SUNRISE   647 AM EST   SUNSET   603 PM EST


-  INDICATES NEGATIVE NUMBERS.
R  INDICATES RECORD WAS SET OR TIED.
MM INDICATES DATA IS MISSING.
T  INDICATES TRACE AMOUNT.




$$
