000
CDUS42 KILM 290855
CLIILM


CLIMATE REPORT
NATIONAL WEATHER SERVICE WILMINGTON NC
454 AM EDT FRI AUG 29 2014


...................................

...THE WILMINGTON NC CLIMATE SUMMARY FOR AUGUST 28 2014...

CLIMATE NORMAL PERIOD 1981 TO 2010
CLIMATE RECORD PERIOD 1871 TO 2014


WEATHER ITEM   OBSERVED TIME   RECORD YEAR NORMAL DEPARTURE LAST
                VALUE   (LST)  VALUE       VALUE  FROM      YEAR
                                                  NORMAL
..................................................................
TEMPERATURE (F)
 YESTERDAY
  MAXIMUM         92    345 PM  97    1903  87      5       91
  MINIMUM         63    549 AM  56    1874  70     -7       72
  AVERAGE         78                        79     -1       82

PRECIPITATION (IN)
  YESTERDAY        0.00          3.83 2002   0.24  -0.24      T
  MONTH TO DATE    8.79                      6.68   2.11     8.67
  SINCE JUN 1     23.27                     19.34   3.93    25.77
  SINCE JAN 1     42.51                     38.24   4.27    42.48

DEGREE DAYS
 HEATING
  YESTERDAY        0                         0      0        0
  MONTH TO DATE    0                         0      0        0
  SINCE JUN 1      0                         2     -2        0
  SINCE JUL 1      0                         0      0        0

 COOLING
  YESTERDAY       13                        14     -1       17
  MONTH TO DATE  398                       417    -19      376
  SINCE JUN 1   1306                      1303      3     1223
  SINCE JAN 1   1713                      1584    129     1449
..................................................................


WIND (MPH)
  HIGHEST WIND SPEED    12   HIGHEST WIND DIRECTION    SW (220)
  HIGHEST GUST SPEED    15   HIGHEST GUST DIRECTION    SW (210)
  AVERAGE WIND SPEED     5.0


SKY COVER
  POSSIBLE SUNSHINE  MM
  AVERAGE SKY COVER 0.0


WEATHER CONDITIONS
 THE FOLLOWING WEATHER WAS RECORDED YESTERDAY.
  NO SIGNIFICANT WEATHER WAS OBSERVED.


RELATIVE HUMIDITY (PERCENT)
 HIGHEST    93          1200 AM
 LOWEST     38           300 PM
 AVERAGE    66

..........................................................


THE WILMINGTON NC CLIMATE NORMALS FOR TODAY
                         NORMAL    RECORD    YEAR
 MAXIMUM TEMPERATURE (F)   87        96      1993
                                             1932
                                             1903
 MINIMUM TEMPERATURE (F)   70        57      1968


SUNRISE AND SUNSET
AUGUST 29 2014........SUNRISE   643 AM EDT   SUNSET   742 PM EDT
AUGUST 30 2014........SUNRISE   644 AM EDT   SUNSET   740 PM EDT


-  INDICATES NEGATIVE NUMBERS.
R  INDICATES RECORD WAS SET OR TIED.
MM INDICATES DATA IS MISSING.
T  INDICATES TRACE AMOUNT.




$$
