193
CDUS42 KILM 070941
CLIILM


CLIMATE REPORT
NATIONAL WEATHER SERVICE WILMINGTON NC
441 AM EST WED DEC 7 2016


...................................

...THE WILMINGTON NC CLIMATE SUMMARY FOR DECEMBER 6 2016...

CLIMATE NORMAL PERIOD 1981 TO 2010
CLIMATE RECORD PERIOD 1871 TO 2016


WEATHER ITEM   OBSERVED TIME   RECORD YEAR NORMAL DEPARTURE LAST
                VALUE   (LST)  VALUE       VALUE  FROM      YEAR
                                                  NORMAL
..................................................................
TEMPERATURE (F)
 YESTERDAY
  MAXIMUM         67    518 PM  81    1998  62      5       66
  MINIMUM         47    402 AM  23    1876  40      7       45
  AVERAGE         57                        51      6       56

PRECIPITATION (IN)
  YESTERDAY        1.14          1.61 1982   0.11   1.03     0.00
  MONTH TO DATE    2.49                      0.70   1.79     0.18
  SINCE DEC 1      2.49                      0.70   1.79     0.18
  SINCE JAN 1     68.77                     54.69  14.08    68.15

SNOWFALL (IN)
  YESTERDAY        0.0           0.3  1954   0.0    0.0      0.0
  MONTH TO DATE    0.0                       0.0    0.0      0.0
  SINCE DEC 1      0.0                       0.0    0.0      0.0
  SINCE JUL 1      0.0                       0.0    0.0      0.0
  SNOW DEPTH       0

DEGREE DAYS
 HEATING
  YESTERDAY        8                        14     -6        9
  MONTH TO DATE   67                        82    -15       53
  SINCE DEC 1     67                        82    -15       53
  SINCE JUL 1    426                       451    -25      283

 COOLING
  YESTERDAY        0                         0      0        0
  MONTH TO DATE    0                         0      0        5
  SINCE DEC 1      0                         0      0        5
  SINCE JAN 1   2394                      2037    357     2278
..................................................................


WIND (MPH)
  HIGHEST WIND SPEED    23   HIGHEST WIND DIRECTION     W (260)
  HIGHEST GUST SPEED    30   HIGHEST GUST DIRECTION     W (260)
  AVERAGE WIND SPEED    11.8


SKY COVER
  POSSIBLE SUNSHINE  MM
  AVERAGE SKY COVER 1.0


WEATHER CONDITIONS
 THE FOLLOWING WEATHER WAS RECORDED YESTERDAY.
  HEAVY RAIN
  RAIN
  LIGHT RAIN
  FOG


RELATIVE HUMIDITY (PERCENT)
 HIGHEST   100           200 AM
 LOWEST     93          1200 AM
 AVERAGE    97

..........................................................


THE WILMINGTON NC CLIMATE NORMALS FOR TODAY
                         NORMAL    RECORD    YEAR
 MAXIMUM TEMPERATURE (F)   62        82      1998
 MINIMUM TEMPERATURE (F)   40        20      1954


SUNRISE AND SUNSET
DECEMBER  7 2016......SUNRISE   705 AM EST   SUNSET   502 PM EST
DECEMBER  8 2016......SUNRISE   706 AM EST   SUNSET   502 PM EST


-  INDICATES NEGATIVE NUMBERS.
R  INDICATES RECORD WAS SET OR TIED.
MM INDICATES DATA IS MISSING.
T  INDICATES TRACE AMOUNT.




$$
