000
CDUS42 KILM 252043
CLIILM


CLIMATE REPORT
NATIONAL WEATHER SERVICE WILMINGTON NC
443 PM EDT FRI JUL 25 2014


...................................

...THE WILMINGTON NC CLIMATE SUMMARY FOR JULY 25 2014...
VALID TODAY AS OF 0400 PM LOCAL TIME.

CLIMATE NORMAL PERIOD 1981 TO 2010
CLIMATE RECORD PERIOD 1871 TO 2014


WEATHER ITEM   OBSERVED TIME   RECORD YEAR NORMAL DEPARTURE LAST
                VALUE   (LST)  VALUE       VALUE  FROM      YEAR
                                                  NORMAL
..................................................................
TEMPERATURE (F)
 TODAY
  MAXIMUM         81    111 PM  99    1914  90     -9       88
  MINIMUM         72    816 AM  63    1876  73     -1       72
  AVERAGE         77                        81     -4       80

PRECIPITATION (IN)
  TODAY            T             2.76 1962   0.27  -0.27     0.00
  MONTH TO DATE   10.80                      5.94   4.86     4.64
  SINCE JUN 1     13.28                     11.12   2.16    16.10
  SINCE JAN 1     32.52                     30.02   2.50    32.81

DEGREE DAYS
 HEATING
  TODAY            0                         0      0        0
  MONTH TO DATE    0                         0      0        0
  SINCE JUN 1      0                         2     -2        0
  SINCE JUL 1      0                         0      0        0

 COOLING
  TODAY           12                        16     -4       15
  MONTH TO DATE  376                       400    -24      387
  SINCE JUN 1    816                       785     31      767
  SINCE JAN 1   1223                      1066    157      993
..................................................................


WIND (MPH)
  HIGHEST WIND SPEED    12   HIGHEST WIND DIRECTION     E (100)
  HIGHEST GUST SPEED    15   HIGHEST GUST DIRECTION     E (100)
  AVERAGE WIND SPEED     4.9


SKY COVER
  POSSIBLE SUNSHINE  MM
  AVERAGE SKY COVER 0.8


WEATHER CONDITIONS
 THE FOLLOWING WEATHER WAS RECORDED TODAY.
  LIGHT RAIN
  FOG


RELATIVE HUMIDITY (PERCENT)
 HIGHEST   100           800 AM
 LOWEST     74           100 PM
 AVERAGE    87

..........................................................


THE WILMINGTON NC CLIMATE NORMALS FOR TOMORROW
                         NORMAL    RECORD    YEAR
 MAXIMUM TEMPERATURE (F)   90        98      2012
                                             1999
                                             1968
 MINIMUM TEMPERATURE (F)   73        63      1895


SUNRISE AND SUNSET
JULY 25 2014..........SUNRISE   618 AM EDT   SUNSET   818 PM EDT
JULY 26 2014..........SUNRISE   618 AM EDT   SUNSET   818 PM EDT


-  INDICATES NEGATIVE NUMBERS.
R  INDICATES RECORD WAS SET OR TIED.
MM INDICATES DATA IS MISSING.
T  INDICATES TRACE AMOUNT.




$$
