000
CDUS42 KILM 012044
CLIILM


CLIMATE REPORT
NATIONAL WEATHER SERVICE WILMINGTON NC
442 PM EDT SUN MAY 1 2016


...................................

...THE WILMINGTON NC CLIMATE SUMMARY FOR MAY 1 2016...
VALID TODAY AS OF 0400 PM LOCAL TIME.

CLIMATE NORMAL PERIOD 1981 TO 2010
CLIMATE RECORD PERIOD 1871 TO 2016


WEATHER ITEM   OBSERVED TIME   RECORD YEAR NORMAL DEPARTURE LAST
                VALUE   (LST)  VALUE       VALUE  FROM      YEAR
                                                  NORMAL
..................................................................
TEMPERATURE (F)
 TODAY
  MAXIMUM         80   1252 PM  94    1986  78      2       68
  MINIMUM         64   1244 AM  38    1876  56      8       49
  AVERAGE         72                        67      5       59

PRECIPITATION (IN)
  TODAY            0.15          5.02 1999   0.11   0.04     0.18
  MONTH TO DATE    0.15                      0.11   0.04     0.18
  SINCE MAR 1      4.89                      7.14  -2.25     5.77
  SINCE JAN 1     16.96                     14.52   2.44    15.09

DEGREE DAYS
 HEATING
  TODAY            0                         2     -2        6
  MONTH TO DATE    0                         2     -2        6
  SINCE MAR 1    300                       455   -155      410
  SINCE JUL 1   1787                      2384   -597     2593

 COOLING
  TODAY            7                         4      3        0
  MONTH TO DATE    7                         4      3        0
  SINCE MAR 1    150                        87     63       83
  SINCE JAN 1    153                        92     61       89
..................................................................


WIND (MPH)
  HIGHEST WIND SPEED    17   HIGHEST WIND DIRECTION     S (170)
  HIGHEST GUST SPEED    21   HIGHEST GUST DIRECTION     S (170)
  AVERAGE WIND SPEED     7.8


SKY COVER
  POSSIBLE SUNSHINE  MM
  AVERAGE SKY COVER 0.7


WEATHER CONDITIONS
 THE FOLLOWING WEATHER WAS RECORDED TODAY.
  THUNDERSTORM
  HEAVY RAIN
  RAIN
  LIGHT RAIN
  FOG


RELATIVE HUMIDITY (PERCENT)
 HIGHEST    93           200 AM
 LOWEST     56          1100 AM
 AVERAGE    75

..........................................................


THE WILMINGTON NC CLIMATE NORMALS FOR TOMORROW
                         NORMAL    RECORD    YEAR
 MAXIMUM TEMPERATURE (F)   78        91      1962
 MINIMUM TEMPERATURE (F)   56        35      1963


SUNRISE AND SUNSET
MAY  1 2016...........SUNRISE   622 AM EDT   SUNSET   756 PM EDT
MAY  2 2016...........SUNRISE   621 AM EDT   SUNSET   757 PM EDT


-  INDICATES NEGATIVE NUMBERS.
R  INDICATES RECORD WAS SET OR TIED.
MM INDICATES DATA IS MISSING.
T  INDICATES TRACE AMOUNT.




$$
