000
CDUS43 KILX 180642
CLIILX


CLIMATE REPORT
NATIONAL WEATHER SERVICE LINCOLN IL
134 AM CDT FRI APR 18 2014


...................................

...THE LINCOLN IL CLIMATE SUMMARY FOR APRIL 17 2014...

CLIMATE NORMAL PERIOD 1981 TO 2010
CLIMATE RECORD PERIOD 1905 TO 2014


WEATHER ITEM   OBSERVED TIME   RECORD YEAR NORMAL DEPARTURE LAST
                VALUE   (LST)  VALUE       VALUE  FROM      YEAR
                                                  NORMAL
..................................................................
TEMPERATURE (F)
 YESTERDAY
  MAXIMUM         60        MM  88    2004  65     -5       67
  MINIMUM         37        MM  27    1951  41     -4       44
  AVERAGE         49                        53     -4       56

PRECIPITATION (IN)
  YESTERDAY        0.00          2.00 1982   0.13  -0.13     0.01
  MONTH TO DATE    2.02                      1.92   0.10     3.03
  SINCE MAR 1      3.91                      4.52  -0.61     5.76
  SINCE JAN 1      8.57                      8.27   0.30    10.62

SNOWFALL (IN)
  YESTERDAY        0.0           2.0  1953   0.1   -0.1      0.0
  MONTH TO DATE    T                         0.3   -0.3      0.0
  SINCE MAR 1      4.7                       2.0    2.7     12.7
  SINCE JUL 1     46.3                      20.5   25.8     23.0
  SNOW DEPTH       0

DEGREE DAYS
 HEATING
  YESTERDAY       16                        13      3        9
  MONTH TO DATE  269                       261      8      257
  SINCE MAR 1   1201                      1002    199     1199
  SINCE JUL 1   6445                      5425   1020     5461

 COOLING
  YESTERDAY        0                         0      0        0
  MONTH TO DATE    1                         0      1        3
  SINCE MAR 1      1                         2     -1        3
  SINCE JAN 1      1                         2     -1        3
..................................................................


WIND (MPH)
  HIGHEST WIND SPEED    MM   HIGHEST WIND DIRECTION    MM
  HIGHEST GUST SPEED    MM   HIGHEST GUST DIRECTION    MM
  AVERAGE WIND SPEED    MM


SKY COVER
  POSSIBLE SUNSHINE  MM


WEATHER CONDITIONS
 THE FOLLOWING WEATHER WAS RECORDED YESTERDAY.
  NO SIGNIFICANT WEATHER WAS OBSERVED.


..........................................................


THE LINCOLN IL CLIMATE NORMALS FOR TODAY
                         NORMAL    RECORD    YEAR
 MAXIMUM TEMPERATURE (F)   65        89      2002
 MINIMUM TEMPERATURE (F)   42        25      1990


SUNRISE AND SUNSET
APRIL 18 2014.........SUNRISE   615 AM CDT   SUNSET   739 PM CDT
APRIL 19 2014.........SUNRISE   613 AM CDT   SUNSET   740 PM CDT


-  INDICATES NEGATIVE NUMBERS.
R  INDICATES RECORD WAS SET OR TIED.
MM INDICATES DATA IS MISSING.
T  INDICATES TRACE AMOUNT.




$$
