000
CDUS43 KILX 190659
CLIILX


CLIMATE REPORT
NATIONAL WEATHER SERVICE LINCOLN IL
1258 AM CST THU JAN 19 2017


...................................

...THE LINCOLN IL CLIMATE SUMMARY FOR JANUARY 18 2017...

CLIMATE NORMAL PERIOD 1981 TO 2010
CLIMATE RECORD PERIOD 1905 TO 2017


WEATHER ITEM   OBSERVED TIME   RECORD YEAR NORMAL DEPARTURE LAST
                VALUE   (LST)  VALUE       VALUE  FROM      YEAR
                                                  NORMAL
..................................................................
TEMPERATURE (F)
 YESTERDAY
  MAXIMUM         43        MM  60    1951  34      9       10
  MINIMUM         31        MM -19    1930  18     13       -2
  AVERAGE         37                        26     11        4

PRECIPITATION (IN)
  YESTERDAY        T             1.62 1949   0.07  -0.07      T
  MONTH TO DATE    0.95                      1.25  -0.30     0.73
  SINCE DEC 1      2.31                      3.89  -1.58     7.54
  SINCE JAN 1      0.95                      1.25  -0.30     0.73

SNOWFALL (IN)
  YESTERDAY        0.0           3.0  1987   0.2   -0.2       T
  MONTH TO DATE    0.5                       3.5   -3.0      2.1
  SINCE DEC 1      3.7                       9.7   -6.0      2.2
  SINCE JUL 1      3.7                      10.3   -6.6      3.2
  SNOW DEPTH       0

DEGREE DAYS
 HEATING
  YESTERDAY       28                        39    -11       61
  MONTH TO DATE  667                       702    -35      711
  SINCE DEC 1   1782                      1801    -19     1471
  SINCE JUL 1   2559                      2944   -385     2398

 COOLING
  YESTERDAY        0                         0      0        0
  MONTH TO DATE    0                         0      0        0
  SINCE DEC 1      0                         0      0        0
  SINCE JAN 1      0                         0      0        0
..................................................................


WIND (MPH)
  HIGHEST WIND SPEED    MM   HIGHEST WIND DIRECTION    MM
  HIGHEST GUST SPEED    MM   HIGHEST GUST DIRECTION    MM
  AVERAGE WIND SPEED    MM


SKY COVER
  POSSIBLE SUNSHINE  MM


WEATHER CONDITIONS
 THE FOLLOWING WEATHER WAS RECORDED YESTERDAY.
  LIGHT RAIN
  FOG


..........................................................


THE LINCOLN IL CLIMATE NORMALS FOR TODAY
                         NORMAL    RECORD    YEAR
 MAXIMUM TEMPERATURE (F)   34        67      1952
 MINIMUM TEMPERATURE (F)   18       -20      1994


SUNRISE AND SUNSET
JANUARY 19 2017.......SUNRISE   716 AM CST   SUNSET   501 PM CST
JANUARY 20 2017.......SUNRISE   715 AM CST   SUNSET   502 PM CST


-  INDICATES NEGATIVE NUMBERS.
R  INDICATES RECORD WAS SET OR TIED.
MM INDICATES DATA IS MISSING.
T  INDICATES TRACE AMOUNT.




$$
