000
CDUS43 KILX 230635
CLIILX


CLIMATE REPORT
NATIONAL WEATHER SERVICE LINCOLN IL
135 AM CDT SUN APR 23 2017


...................................

...THE LINCOLN IL CLIMATE SUMMARY FOR APRIL 22 2017...

CLIMATE NORMAL PERIOD 1981 TO 2010
CLIMATE RECORD PERIOD 1905 TO 2017


WEATHER ITEM   OBSERVED TIME   RECORD YEAR NORMAL DEPARTURE LAST
                VALUE   (LST)  VALUE       VALUE  FROM      YEAR
                                                  NORMAL
..................................................................
TEMPERATURE (F)
 YESTERDAY
  MAXIMUM         64        MM  88    1980  67     -3       68
  MINIMUM         40        MM  25    1936  43     -3       46
  AVERAGE         52                        55     -3       57

PRECIPITATION (IN)
  YESTERDAY        0.00          2.66 1961   0.13  -0.13     0.00
  MONTH TO DATE    2.73                      2.57   0.16     1.49
  SINCE MAR 1      6.72                      5.17   1.55     5.36
  SINCE JAN 1      9.37                      8.92   0.45     7.60

SNOWFALL (IN)
  YESTERDAY        0.0           T    1927   0.0    0.0      0.0
  MONTH TO DATE    0.0                       0.3   -0.3       T
  SINCE MAR 1      3.7                       2.0    1.7       T
  SINCE JUL 1     10.9                      20.5   -9.6     12.3
  SNOW DEPTH       0

DEGREE DAYS
 HEATING
  YESTERDAY       13                        11      2        8
  MONTH TO DATE  188                       318   -130      317
  SINCE MAR 1    885                      1059   -174      868
  SINCE JUL 1   4493                      5482   -989     4663

 COOLING
  YESTERDAY        0                         1     -1        0
  MONTH TO DATE   14                         5      9        2
  SINCE MAR 1     14                         7      7        2
  SINCE JAN 1     14                         7      7        2
..................................................................


WIND (MPH)
  HIGHEST WIND SPEED    MM   HIGHEST WIND DIRECTION    MM
  HIGHEST GUST SPEED    MM   HIGHEST GUST DIRECTION    MM
  AVERAGE WIND SPEED    MM


SKY COVER
  POSSIBLE SUNSHINE  MM


WEATHER CONDITIONS
 THE FOLLOWING WEATHER WAS RECORDED YESTERDAY.
  NO SIGNIFICANT WEATHER WAS OBSERVED.


..........................................................


THE LINCOLN IL CLIMATE NORMALS FOR TODAY
                         NORMAL    RECORD    YEAR
 MAXIMUM TEMPERATURE (F)   67        89      1925
 MINIMUM TEMPERATURE (F)   44        22      1909


SUNRISE AND SUNSET
APRIL 23 2017.........SUNRISE   607 AM CDT   SUNSET   744 PM CDT
APRIL 24 2017.........SUNRISE   606 AM CDT   SUNSET   746 PM CDT


-  INDICATES NEGATIVE NUMBERS.
R  INDICATES RECORD WAS SET OR TIED.
MM INDICATES DATA IS MISSING.
T  INDICATES TRACE AMOUNT.




$$
