000
CDUS43 KILX 260634
CLIILX


CLIMATE REPORT
NATIONAL WEATHER SERVICE LINCOLN IL
133 AM CDT SUN MAR 26 2017


...................................

...THE LINCOLN IL CLIMATE SUMMARY FOR MARCH 25 2017...

CLIMATE NORMAL PERIOD 1981 TO 2010
CLIMATE RECORD PERIOD 1905 TO 2017


WEATHER ITEM   OBSERVED TIME   RECORD YEAR NORMAL DEPARTURE LAST
                VALUE   (LST)  VALUE       VALUE  FROM      YEAR
                                                  NORMAL
..................................................................
TEMPERATURE (F)
 YESTERDAY
  MAXIMUM         63        MM  82    1929  55      8       49
  MINIMUM         53        MM   9    1974  34     19       30
  AVERAGE         58                        44     14       40

PRECIPITATION (IN)
  YESTERDAY        0.69          1.78 1913   0.08   0.61     0.00
  MONTH TO DATE    1.91                      2.05  -0.14     1.92
  SINCE MAR 1      1.91                      2.05  -0.14     1.92
  SINCE JAN 1      4.56                      5.80  -1.24     4.16

SNOWFALL (IN)
  YESTERDAY        0.0           6.0  1930   0.1   -0.1      0.0
  MONTH TO DATE    3.7                       1.6    2.1       T
  SINCE MAR 1      3.7                       1.6    2.1       T
  SINCE JUL 1     10.9                      20.1   -9.2     12.3
  SNOW DEPTH       0

DEGREE DAYS
 HEATING
  YESTERDAY        7                        21    -14       25
  MONTH TO DATE  593                       625    -32      455
  SINCE MAR 1    593                       625    -32      455
  SINCE JUL 1   4201                      5048   -847     4250

 COOLING
  YESTERDAY        0                         0      0        0
  MONTH TO DATE    0                         0      0        0
  SINCE MAR 1      0                         0      0        0
  SINCE JAN 1      0                         0      0        0
..................................................................


WIND (MPH)
  HIGHEST WIND SPEED    MM   HIGHEST WIND DIRECTION    MM
  HIGHEST GUST SPEED    MM   HIGHEST GUST DIRECTION    MM
  AVERAGE WIND SPEED    MM


SKY COVER
  POSSIBLE SUNSHINE  MM


WEATHER CONDITIONS
 THE FOLLOWING WEATHER WAS RECORDED YESTERDAY.
  THUNDERSTORM
  HEAVY RAIN
  RAIN
  LIGHT RAIN


..........................................................


THE LINCOLN IL CLIMATE NORMALS FOR TODAY
                         NORMAL    RECORD    YEAR
 MAXIMUM TEMPERATURE (F)   56        79      2007
 MINIMUM TEMPERATURE (F)   34         3      1955


SUNRISE AND SUNSET
MARCH 26 2017.........SUNRISE   651 AM CDT   SUNSET   716 PM CDT
MARCH 27 2017.........SUNRISE   649 AM CDT   SUNSET   717 PM CDT


-  INDICATES NEGATIVE NUMBERS.
R  INDICATES RECORD WAS SET OR TIED.
MM INDICATES DATA IS MISSING.
T  INDICATES TRACE AMOUNT.




$$
