000
CDUS43 KILX 210646
CLIILX


CLIMATE REPORT
NATIONAL WEATHER SERVICE LINCOLN IL
1238 AM CST SUN DEC 21 2014


...................................

...THE LINCOLN IL CLIMATE SUMMARY FOR DECEMBER 20 2014...

CLIMATE NORMAL PERIOD 1981 TO 2010
CLIMATE RECORD PERIOD 1905 TO 2014


WEATHER ITEM   OBSERVED TIME   RECORD YEAR NORMAL DEPARTURE LAST
                VALUE   (LST)  VALUE       VALUE  FROM      YEAR
                                                  NORMAL
..................................................................
TEMPERATURE (F)
 YESTERDAY
  MAXIMUM         36        MM  63    1949  36      0       59
  MINIMUM         29        MM -13    1914  20      9       30
  AVERAGE         33                        28      5       45

PRECIPITATION (IN)
  YESTERDAY        0.00          0.97 1957   0.08  -0.08     0.14
  MONTH TO DATE    0.73                      1.78  -1.05     0.71
  SINCE DEC 1      0.73                      1.78  -1.05     0.71
  SINCE JAN 1     43.66                     38.74   4.92    35.50

SNOWFALL (IN)
  YESTERDAY        0.0           4.0  1973   0.2   -0.2      0.0
  MONTH TO DATE    0.4                       3.5   -3.1      6.4
  SINCE DEC 1      0.4                       3.5   -3.1      6.4
  SINCE JUL 1      1.4                       4.1   -2.7      6.9
  SNOW DEPTH       0

DEGREE DAYS
 HEATING
  YESTERDAY       32                        37     -5       20
  MONTH TO DATE  664                       680    -16      768
  SINCE DEC 1    664                       680    -16      768
  SINCE JUL 1   2062                      1823    239     2046

 COOLING
  YESTERDAY        0                         0      0        0
  MONTH TO DATE    0                         0      0        0
  SINCE DEC 1      0                         0      0        0
  SINCE JAN 1    838                      1017   -179      947
..................................................................


WIND (MPH)
  HIGHEST WIND SPEED    MM   HIGHEST WIND DIRECTION    MM
  HIGHEST GUST SPEED    MM   HIGHEST GUST DIRECTION    MM
  AVERAGE WIND SPEED    MM


SKY COVER
  POSSIBLE SUNSHINE  MM


WEATHER CONDITIONS
 THE FOLLOWING WEATHER WAS RECORDED YESTERDAY.
  FOG


..........................................................


THE LINCOLN IL CLIMATE NORMALS FOR TODAY
                         NORMAL    RECORD    YEAR
 MAXIMUM TEMPERATURE (F)   36        62      1941
 MINIMUM TEMPERATURE (F)   20       -12      1963


SUNRISE AND SUNSET
DECEMBER 21 2014......SUNRISE   716 AM CST   SUNSET   435 PM CST
DECEMBER 22 2014......SUNRISE   717 AM CST   SUNSET   435 PM CST


-  INDICATES NEGATIVE NUMBERS.
R  INDICATES RECORD WAS SET OR TIED.
MM INDICATES DATA IS MISSING.
T  INDICATES TRACE AMOUNT.




$$
