000
CDUS43 KILX 190643
CLIILX


CLIMATE REPORT
NATIONAL WEATHER SERVICE LINCOLN IL
1243 AM CST FRI JAN 19 2018


...................................

...THE LINCOLN IL CLIMATE SUMMARY FOR JANUARY 18 2018...

CLIMATE NORMAL PERIOD 1981 TO 2010
CLIMATE RECORD PERIOD 1905 TO 2018


WEATHER ITEM   OBSERVED TIME   RECORD YEAR NORMAL DEPARTURE LAST
                VALUE   (LST)  VALUE       VALUE  FROM      YEAR
                                                  NORMAL
..................................................................
TEMPERATURE (F)
 YESTERDAY
  MAXIMUM         39        MM  60    1951  34      5       43
  MINIMUM         14        MM -19    1930  18     -4       31
  AVERAGE         27                        26      1       37

PRECIPITATION (IN)
  YESTERDAY        0.00          1.62 1949   0.07  -0.07      T
  MONTH TO DATE    0.34                      1.25  -0.91     0.95
  SINCE DEC 1      0.80                      3.89  -3.09     2.31
  SINCE JAN 1      0.34                      1.25  -0.91     0.95

SNOWFALL (IN)
  YESTERDAY        0.0           3.0  1987   0.2   -0.2      0.0
  MONTH TO DATE    2.9                       3.5   -0.6      0.5
  SINCE DEC 1      7.1                       9.7   -2.6      3.7
  SINCE JUL 1      7.1                      10.3   -3.2      3.7
  SNOW DEPTH       2

DEGREE DAYS
 HEATING
  YESTERDAY       38                        39     -1       28
  MONTH TO DATE  907                       702    205      667
  SINCE DEC 1   2037                      1801    236     1782
  SINCE JUL 1   3090                      2944    146     2559

 COOLING
  YESTERDAY        0                         0      0        0
  MONTH TO DATE    0                         0      0        0
  SINCE DEC 1      0                         0      0        0
  SINCE JAN 1      0                         0      0        0
..................................................................


WIND (MPH)
  HIGHEST WIND SPEED    MM   HIGHEST WIND DIRECTION    MM
  HIGHEST GUST SPEED    MM   HIGHEST GUST DIRECTION    MM
  AVERAGE WIND SPEED    MM


SKY COVER
  POSSIBLE SUNSHINE  MM


WEATHER CONDITIONS
 THE FOLLOWING WEATHER WAS RECORDED YESTERDAY.
  NO SIGNIFICANT WEATHER WAS OBSERVED.


..........................................................


THE LINCOLN IL CLIMATE NORMALS FOR TODAY
                         NORMAL    RECORD    YEAR
 MAXIMUM TEMPERATURE (F)   34        67      1952
 MINIMUM TEMPERATURE (F)   18       -20      1994


SUNRISE AND SUNSET
JANUARY 19 2018.......SUNRISE   716 AM CST   SUNSET   501 PM CST
JANUARY 20 2018.......SUNRISE   715 AM CST   SUNSET   502 PM CST


-  INDICATES NEGATIVE NUMBERS.
R  INDICATES RECORD WAS SET OR TIED.
MM INDICATES DATA IS MISSING.
T  INDICATES TRACE AMOUNT.




$$
