000
CDUS43 KILX 011526
CLIILX


CLIMATE REPORT
NATIONAL WEATHER SERVICE LINCOLN IL
1025 AM CDT SAT AUG 1 2015


...................................

...THE LINCOLN IL CLIMATE SUMMARY FOR JULY 31 2015...

CLIMATE NORMAL PERIOD 1981 TO 2010
CLIMATE RECORD PERIOD 1905 TO 2015


WEATHER ITEM   OBSERVED TIME   RECORD YEAR NORMAL DEPARTURE LAST
                VALUE   (LST)  VALUE       VALUE  FROM      YEAR
                                                  NORMAL
..................................................................
TEMPERATURE (F)
 YESTERDAY
  MAXIMUM         89        MM 102    1916  84      5       82
  MINIMUM         68        MM  46    1918  64      4       54
  AVERAGE         79                        74      5       68

PRECIPITATION (IN)
  YESTERDAY        0.00          3.21 1915   0.14  -0.14     0.00
  MONTH TO DATE    5.93                      5.06   0.87     4.78
  SINCE JUN 1     15.60                      9.38   6.22    11.20
  SINCE JAN 1     29.99                     23.50   6.49    22.52

SNOWFALL (IN)
  YESTERDAY        0.0           0.0    MM   0.0    0.0      0.0
  MONTH TO DATE    0.0                       0.0    0.0      0.0
  SINCE JUN 1      0.0                       0.0    0.0      0.0
  SINCE JUL 1      0.0                       0.0    0.0      0.0
  SNOW DEPTH       0

DEGREE DAYS
 HEATING
  YESTERDAY        0                         0      0        0
  MONTH TO DATE    6                         0      6        9
  SINCE JUN 1     14                        19     -5       16
  SINCE JUL 1      6                         2      4        9

 COOLING
  YESTERDAY       14                         9      5        3
  MONTH TO DATE  260                       311    -51      129
  SINCE JUN 1    486                       543    -57      366
  SINCE JAN 1    597                       634    -37      495
..................................................................


WIND (MPH)
  HIGHEST WIND SPEED    MM   HIGHEST WIND DIRECTION    MM
  HIGHEST GUST SPEED    MM   HIGHEST GUST DIRECTION    MM
  AVERAGE WIND SPEED    MM


SKY COVER
  POSSIBLE SUNSHINE  MM


WEATHER CONDITIONS
 THE FOLLOWING WEATHER WAS RECORDED YESTERDAY.
  NO SIGNIFICANT WEATHER WAS OBSERVED.


..........................................................


THE LINCOLN IL CLIMATE NORMALS FOR TODAY
                         NORMAL    RECORD    YEAR
 MAXIMUM TEMPERATURE (F)   84       100      1935
 MINIMUM TEMPERATURE (F)   63        45      1918


SUNRISE AND SUNSET
AUGUST  1 2015........SUNRISE   555 AM CDT   SUNSET   812 PM CDT
AUGUST  2 2015........SUNRISE   556 AM CDT   SUNSET   811 PM CDT


-  INDICATES NEGATIVE NUMBERS.
R  INDICATES RECORD WAS SET OR TIED.
MM INDICATES DATA IS MISSING.
T  INDICATES TRACE AMOUNT.




$$
