000
CDUS43 KILX 190641
CLIILX


CLIMATE REPORT
NATIONAL WEATHER SERVICE LINCOLN IL
1241 AM CST SUN NOV 19 2017


...................................

...THE LINCOLN IL CLIMATE SUMMARY FOR NOVEMBER 18 2017...

CLIMATE NORMAL PERIOD 1981 TO 2010
CLIMATE RECORD PERIOD 1905 TO 2017


WEATHER ITEM   OBSERVED TIME   RECORD YEAR NORMAL DEPARTURE LAST
                VALUE   (LST)  VALUE       VALUE  FROM      YEAR
                                                  NORMAL
..................................................................
TEMPERATURE (F)
 YESTERDAY
  MAXIMUM         55        MM  73    1908  50      5       65
  MINIMUM         33        MM   8    1932  32      1       40
  AVERAGE         44                        41      3       53

PRECIPITATION (IN)
  YESTERDAY        1.72R         1.30 1921   0.11   1.61     0.03
  MONTH TO DATE    2.37                      1.90   0.47     0.97
  SINCE SEP 1      7.76                      8.19  -0.43     7.04
  SINCE JAN 1     32.88                     35.61  -2.73    36.48

SNOWFALL (IN)
  YESTERDAY        T             3.0  1937   0.1   -0.1      0.0
  MONTH TO DATE    T                         0.2   -0.2      0.0
  SINCE SEP 1      T                         0.2   -0.2      0.0
  SINCE JUL 1      T                         0.2   -0.2      0.0
  SNOW DEPTH       0

DEGREE DAYS
 HEATING
  YESTERDAY       21                        24     -3       12
  MONTH TO DATE  420                       361     59      236
  SINCE SEP 1    758                       808    -50      457
  SINCE JUL 1    764                       817    -53      466

 COOLING
  YESTERDAY        0                         0      0        0
  MONTH TO DATE    0                         0      0        7
  SINCE SEP 1    185                       128     57      250
  SINCE JAN 1    984                      1017    -33     1241
..................................................................


WIND (MPH)
  HIGHEST WIND SPEED    MM   HIGHEST WIND DIRECTION    MM
  HIGHEST GUST SPEED    MM   HIGHEST GUST DIRECTION    MM
  AVERAGE WIND SPEED    MM


SKY COVER
  POSSIBLE SUNSHINE  MM


WEATHER CONDITIONS
 THE FOLLOWING WEATHER WAS RECORDED YESTERDAY.
  THUNDERSTORM
  HEAVY RAIN
  RAIN
  LIGHT RAIN
  SNOW
  LIGHT SNOW


..........................................................


THE LINCOLN IL CLIMATE NORMALS FOR TODAY
                         NORMAL    RECORD    YEAR
 MAXIMUM TEMPERATURE (F)   49        78      1930
 MINIMUM TEMPERATURE (F)   32        10      1914


SUNRISE AND SUNSET
NOVEMBER 19 2017......SUNRISE   648 AM CST   SUNSET   438 PM CST
NOVEMBER 20 2017......SUNRISE   649 AM CST   SUNSET   437 PM CST


-  INDICATES NEGATIVE NUMBERS.
R  INDICATES RECORD WAS SET OR TIED.
MM INDICATES DATA IS MISSING.
T  INDICATES TRACE AMOUNT.




$$
