000
CDUS43 KILX 290646
CLIILX


CLIMATE REPORT
NATIONAL WEATHER SERVICE LINCOLN IL
144 AM CDT MON MAY 29 2017


...................................

...THE LINCOLN IL CLIMATE SUMMARY FOR MAY 28 2017...

CLIMATE NORMAL PERIOD 1981 TO 2010
CLIMATE RECORD PERIOD 1905 TO 2017


WEATHER ITEM   OBSERVED TIME   RECORD YEAR NORMAL DEPARTURE LAST
                VALUE   (LST)  VALUE       VALUE  FROM      YEAR
                                                  NORMAL
..................................................................
TEMPERATURE (F)
 YESTERDAY
  MAXIMUM         79        MM  94    2006  78      1       84
  MINIMUM         61        MM  37    1928  56      5       66
  AVERAGE         70                        67      3       75

PRECIPITATION (IN)
  YESTERDAY        0.00          1.20 1956   0.13  -0.13     0.13
  MONTH TO DATE    3.30                      3.76  -0.46     3.17
  SINCE MAR 1     13.31                      9.97   3.34     9.63
  SINCE JAN 1     15.96                     13.72   2.24    11.87

SNOWFALL (IN)
  YESTERDAY        0.0           0.0    MM   0.0    0.0      0.0
  MONTH TO DATE    0.0                       0.0    0.0      0.0
  SINCE MAR 1      3.7                       2.0    1.7       T
  SINCE JUL 1     10.9                      20.5   -9.6     12.3
  SNOW DEPTH       0

DEGREE DAYS
 HEATING
  YESTERDAY        0                         2     -2        0
  MONTH TO DATE  152                       131     21      155
  SINCE MAR 1   1105                      1263   -158     1078
  SINCE JUL 1   4713                      5686   -973     4873

 COOLING
  YESTERDAY        5                         4      1       10
  MONTH TO DATE   67                        62      5       53
  SINCE MAR 1     81                        77      4       61
  SINCE JAN 1     81                        77      4       61
..................................................................


WIND (MPH)
  HIGHEST WIND SPEED    MM   HIGHEST WIND DIRECTION    MM
  HIGHEST GUST SPEED    MM   HIGHEST GUST DIRECTION    MM
  AVERAGE WIND SPEED    MM


SKY COVER
  POSSIBLE SUNSHINE  MM


WEATHER CONDITIONS
 THE FOLLOWING WEATHER WAS RECORDED YESTERDAY.
  NO SIGNIFICANT WEATHER WAS OBSERVED.


..........................................................


THE LINCOLN IL CLIMATE NORMALS FOR TODAY
                         NORMAL    RECORD    YEAR
 MAXIMUM TEMPERATURE (F)   78        96      1934
 MINIMUM TEMPERATURE (F)   56        35      1950


SUNRISE AND SUNSET
MAY 29 2017...........SUNRISE   531 AM CDT   SUNSET   819 PM CDT
MAY 30 2017...........SUNRISE   531 AM CDT   SUNSET   819 PM CDT


-  INDICATES NEGATIVE NUMBERS.
R  INDICATES RECORD WAS SET OR TIED.
MM INDICATES DATA IS MISSING.
T  INDICATES TRACE AMOUNT.




$$
