000
CDUS43 KILX 040634
CLIILX


CLIMATE REPORT
NATIONAL WEATHER SERVICE LINCOLN IL
134 AM CDT FRI SEP 4 2015


...................................

...THE LINCOLN IL CLIMATE SUMMARY FOR SEPTEMBER 3 2015...

CLIMATE NORMAL PERIOD 1981 TO 2010
CLIMATE RECORD PERIOD 1905 TO 2015


WEATHER ITEM   OBSERVED TIME   RECORD YEAR NORMAL DEPARTURE LAST
                VALUE   (LST)  VALUE       VALUE  FROM      YEAR
                                                  NORMAL
..................................................................
TEMPERATURE (F)
 YESTERDAY
  MAXIMUM         94        MM 100    1913  83     11       84
  MINIMUM         64        MM  41    1952  59      5       60
  AVERAGE         79                        71      8       72

PRECIPITATION (IN)
  YESTERDAY        0.00          2.86 1997   0.12  -0.12     0.03
  MONTH TO DATE    0.00                      0.35  -0.35     0.08
  SINCE SEP 1      0.00                      0.35  -0.35     0.08
  SINCE JAN 1     31.07                     27.77   3.30    28.73

SNOWFALL (IN)
  YESTERDAY        0.0           0.0    MM   0.0    0.0      0.0
  MONTH TO DATE    0.0                       0.0    0.0      0.0
  SINCE SEP 1      0.0                       0.0    0.0      0.0
  SINCE JUL 1      0.0                       0.0    0.0      0.0
  SNOW DEPTH       0

DEGREE DAYS
 HEATING
  YESTERDAY        0                         1     -1        0
  MONTH TO DATE    0                         3     -3        0
  SINCE SEP 1      0                         3     -3        0
  SINCE JUL 1      9                        12     -3       10

 COOLING
  YESTERDAY       14                         6      8        7
  MONTH TO DATE   44                        20     24       27
  SINCE SEP 1     44                        20     24       27
  SINCE JAN 1    848                       909    -61      781
..................................................................


WIND (MPH)
  HIGHEST WIND SPEED    MM   HIGHEST WIND DIRECTION    MM
  HIGHEST GUST SPEED    MM   HIGHEST GUST DIRECTION    MM
  AVERAGE WIND SPEED    MM


SKY COVER
  POSSIBLE SUNSHINE  MM


WEATHER CONDITIONS
 THE FOLLOWING WEATHER WAS RECORDED YESTERDAY.
  NO SIGNIFICANT WEATHER WAS OBSERVED.


..........................................................


THE LINCOLN IL CLIMATE NORMALS FOR TODAY
                         NORMAL    RECORD    YEAR
 MAXIMUM TEMPERATURE (F)   82       102      1954
 MINIMUM TEMPERATURE (F)   59        36      1928


SUNRISE AND SUNSET
SEPTEMBER  4 2015.....SUNRISE   628 AM CDT   SUNSET   725 PM CDT
SEPTEMBER  5 2015.....SUNRISE   628 AM CDT   SUNSET   723 PM CDT


-  INDICATES NEGATIVE NUMBERS.
R  INDICATES RECORD WAS SET OR TIED.
MM INDICATES DATA IS MISSING.
T  INDICATES TRACE AMOUNT.




$$
