288
CDUS43 KIND 240531
CLIIND


CLIMATE REPORT
NATIONAL WEATHER SERVICE INDIANAPOLIS IN
1230 AM EST FRI NOV 24 2017


...................................

...THE INDIANAPOLIS IN CLIMATE SUMMARY FOR NOVEMBER 23 2017...

CLIMATE NORMAL PERIOD 1981 TO 2010
CLIMATE RECORD PERIOD 1871 TO 2017


WEATHER ITEM   OBSERVED TIME   RECORD YEAR NORMAL DEPARTURE LAST
                VALUE   (LST)  VALUE       VALUE  FROM      YEAR
                                                  NORMAL
..................................................................
TEMPERATURE (F)
 YESTERDAY
  MAXIMUM         45    425 PM  73    1999  48     -3       49
  MINIMUM         28    627 AM   1    1880  32     -4       38
  AVERAGE         37                        40     -3       44

PRECIPITATION (IN)
  YESTERDAY        0.00          1.91 2014   0.13  -0.13     0.63
  MONTH TO DATE    3.87                      2.85   1.02     1.62
  SINCE SEP 1      7.48                      9.09  -1.61     8.25
  SINCE JAN 1     46.24                     38.42   7.82    43.27

SNOWFALL (IN)
  YESTERDAY        0.0           4.0  1938   0.1   -0.1      0.0
  MONTH TO DATE    T                         0.4   -0.4       T
  SINCE SEP 1      T                         0.8   -0.8       T
  SINCE JUL 1      T                         0.8   -0.8       T
  SNOW DEPTH       0

DEGREE DAYS
 HEATING
  YESTERDAY       28                        25      3       21
  MONTH TO DATE  497                       454     43      360
  SINCE SEP 1    777                       851    -74      548
  SINCE JUL 1    777                       855    -78      550

 COOLING
  YESTERDAY        0                         0      0        0
  MONTH TO DATE    0                         0      0        5
  SINCE SEP 1    224                       144     80      263
  SINCE JAN 1   1164                      1065     99     1443
..................................................................


WIND (MPH)
  HIGHEST WIND SPEED    15   HIGHEST WIND DIRECTION     S (180)
  HIGHEST GUST SPEED    17   HIGHEST GUST DIRECTION     S (200)
  AVERAGE WIND SPEED     6.3


SKY COVER
  AVERAGE SKY COVER 0.5


WEATHER CONDITIONS
 THE FOLLOWING WEATHER WAS RECORDED YESTERDAY.
  NO SIGNIFICANT WEATHER WAS OBSERVED.


RELATIVE HUMIDITY (PERCENT)
 HIGHEST    85           400 AM
 LOWEST     37           200 PM
 AVERAGE    61

..........................................................


THE INDIANAPOLIS IN CLIMATE NORMALS FOR TODAY
                         NORMAL    RECORD    YEAR
 MAXIMUM TEMPERATURE (F)   48        65      1973
 MINIMUM TEMPERATURE (F)   32        -1      1950


SUNRISE AND SUNSET
NOVEMBER 24 2017......SUNRISE   740 AM EST   SUNSET   524 PM EST
NOVEMBER 25 2017......SUNRISE   741 AM EST   SUNSET   523 PM EST


-  INDICATES NEGATIVE NUMBERS.
R  INDICATES RECORD WAS SET OR TIED.
MM INDICATES DATA IS MISSING.
T  INDICATES TRACE AMOUNT.




$$
