000
CDUS43 KIND 110537
CLIIND


CLIMATE REPORT
NATIONAL WEATHER SERVICE INDIANAPOLIS IN
1234 AM EST SUN DEC 11 2016


...................................

...THE INDIANAPOLIS IN CLIMATE SUMMARY FOR DECEMBER 10 2016...

CLIMATE NORMAL PERIOD 1981 TO 2010
CLIMATE RECORD PERIOD 1871 TO 2016


WEATHER ITEM   OBSERVED TIME   RECORD YEAR NORMAL DEPARTURE LAST
                VALUE   (LST)  VALUE       VALUE  FROM      YEAR
                                                  NORMAL
..................................................................
TEMPERATURE (F)
 YESTERDAY
  MAXIMUM         29    433 PM  66    1971  40    -11       57
  MINIMUM         19   1255 AM  -8    1917  26     -7       39
  AVERAGE         24                        33     -9       48

PRECIPITATION (IN)
  YESTERDAY        0.00          1.37 1889   0.10  -0.10     0.00
  MONTH TO DATE    0.41                      1.04  -0.63     0.24
  SINCE DEC 1      0.41                      1.04  -0.63     0.24
  SINCE JAN 1     44.83                     40.31   4.52    42.80

SNOWFALL (IN)
  YESTERDAY        0.0           2.5  1904   0.2   -0.2      0.0
  MONTH TO DATE    T                         1.5   -1.5      0.6
  SINCE DEC 1      T                         1.5   -1.5      0.6
  SINCE JUL 1      T                         2.6   -2.6      1.9
  SNOW DEPTH       0

DEGREE DAYS
 HEATING
  YESTERDAY       41                        32      9       17
  MONTH TO DATE  322                       303     19      255
  SINCE DEC 1    322                       303     19      255
  SINCE JUL 1   1015                      1345   -330     1042

 COOLING
  YESTERDAY        0                         0      0        0
  MONTH TO DATE    0                         0      0        0
  SINCE DEC 1      0                         0      0        0
  SINCE JAN 1   1443                      1066    377     1164
..................................................................


WIND (MPH)
  HIGHEST WIND SPEED    14   HIGHEST WIND DIRECTION     W (260)
  HIGHEST GUST SPEED    17   HIGHEST GUST DIRECTION    SW (240)
  AVERAGE WIND SPEED     7.7


SKY COVER
  AVERAGE SKY COVER 0.9


WEATHER CONDITIONS
 THE FOLLOWING WEATHER WAS RECORDED YESTERDAY.
  NO SIGNIFICANT WEATHER WAS OBSERVED.


RELATIVE HUMIDITY (PERCENT)
 HIGHEST    84          1200 AM
 LOWEST     58           200 PM
 AVERAGE    71

..........................................................


THE INDIANAPOLIS IN CLIMATE NORMALS FOR TODAY
                         NORMAL    RECORD    YEAR
 MAXIMUM TEMPERATURE (F)   40        66      1931
 MINIMUM TEMPERATURE (F)   25        -9      1977


SUNRISE AND SUNSET
DECEMBER 11 2016......SUNRISE   756 AM EST   SUNSET   521 PM EST
DECEMBER 12 2016......SUNRISE   757 AM EST   SUNSET   521 PM EST


-  INDICATES NEGATIVE NUMBERS.
R  INDICATES RECORD WAS SET OR TIED.
MM INDICATES DATA IS MISSING.
T  INDICATES TRACE AMOUNT.




$$
