105
CDUS43 KIND 280533
CLIIND


CLIMATE REPORT
NATIONAL WEATHER SERVICE INDIANAPOLIS IN
132 AM EDT THU APR 28 2016


...................................

...THE INDIANAPOLIS IN CLIMATE SUMMARY FOR APRIL 27 2016...

CLIMATE NORMAL PERIOD 1981 TO 2010
CLIMATE RECORD PERIOD 1871 TO 2016


WEATHER ITEM   OBSERVED TIME   RECORD YEAR NORMAL DEPARTURE LAST
                VALUE   (LST)  VALUE       VALUE  FROM      YEAR
                                                  NORMAL
..................................................................
TEMPERATURE (F)
 YESTERDAY
  MAXIMUM         61    640 PM  84    1990  67     -6       58
                                      1986
                                      1962
  MINIMUM         49    725 AM  30    1976  47      2       35
                                      1946
  AVERAGE         55                        57     -2       47

PRECIPITATION (IN)
  YESTERDAY        0.35          1.56 2002   0.13   0.22     0.00
  MONTH TO DATE    4.24                      3.39   0.85     4.00
  SINCE MAR 1      8.44                      6.95   1.49     7.53
  SINCE JAN 1     12.15                     11.93   0.22    10.68

SNOWFALL (IN)
  YESTERDAY        0.0           T    1932   0.0    0.0      0.0
  MONTH TO DATE    T                         0.2   -0.2       T
  SINCE MAR 1      1.2                       2.8   -1.6      5.9
  SINCE JUL 1     13.3                      25.9  -12.6     25.6
  SNOW DEPTH       0

DEGREE DAYS
 HEATING
  YESTERDAY       10                         9      1       18
  MONTH TO DATE  332                       346    -14      276
  SINCE MAR 1    814                      1053   -239     1066
  SINCE JUL 1   4267                      5196   -929     5792

 COOLING
  YESTERDAY        0                         1     -1        0
  MONTH TO DATE   18                        10      8        6
  SINCE MAR 1     18                        12      6        6
  SINCE JAN 1     18                        12      6        6
..................................................................


WIND (MPH)
  HIGHEST WIND SPEED    18   HIGHEST WIND DIRECTION     E (70)
  HIGHEST GUST SPEED    22   HIGHEST GUST DIRECTION     E (70)
  AVERAGE WIND SPEED    12.3


SKY COVER
  AVERAGE SKY COVER 1.0


WEATHER CONDITIONS
 THE FOLLOWING WEATHER WAS RECORDED YESTERDAY.
  THUNDERSTORM
  RAIN
  LIGHT RAIN
  FOG
  HAZE


RELATIVE HUMIDITY (PERCENT)
 HIGHEST    93          1000 PM
 LOWEST     72          1200 PM
 AVERAGE    83

..........................................................


THE INDIANAPOLIS IN CLIMATE NORMALS FOR TODAY
                         NORMAL    RECORD    YEAR
 MAXIMUM TEMPERATURE (F)   68        86      1894
 MINIMUM TEMPERATURE (F)   47        28      1976


SUNRISE AND SUNSET
APRIL 28 2016.........SUNRISE   649 AM EDT   SUNSET   837 PM EDT
APRIL 29 2016.........SUNRISE   648 AM EDT   SUNSET   838 PM EDT


-  INDICATES NEGATIVE NUMBERS.
R  INDICATES RECORD WAS SET OR TIED.
MM INDICATES DATA IS MISSING.
T  INDICATES TRACE AMOUNT.




$$
