000
CDUS43 KIND 210534
CLIIND


CLIMATE REPORT
NATIONAL WEATHER SERVICE INDIANAPOLIS IN
1234 AM EST SUN DEC 21 2014


...................................

...THE INDIANAPOLIS IN CLIMATE SUMMARY FOR DECEMBER 20 2014...

CLIMATE NORMAL PERIOD 1981 TO 2010
CLIMATE RECORD PERIOD 1871 TO 2014


WEATHER ITEM   OBSERVED TIME   RECORD YEAR NORMAL DEPARTURE LAST
                VALUE   (LST)  VALUE       VALUE  FROM      YEAR
                                                  NORMAL
..................................................................
TEMPERATURE (F)
 YESTERDAY
  MAXIMUM         32    523 PM  66    1949  37     -5       59
                                      1877
  MINIMUM         25   1159 PM -12    1963  23      2       50
  AVERAGE         29                        30     -1       55

PRECIPITATION (IN)
  YESTERDAY        0.00          0.82 2013   0.10  -0.10     0.82
  MONTH TO DATE    1.61                      2.02  -0.41     1.83
  SINCE DEC 1      1.61                      2.02  -0.41     1.83
  SINCE JAN 1     40.63                     41.29  -0.66    43.31

SNOWFALL (IN)
  YESTERDAY        0.0           4.3  1973   0.2   -0.2      0.0
  MONTH TO DATE    0.1                       3.9   -3.8      8.8
  SINCE DEC 1      0.1                       3.9   -3.8      8.8
  SINCE JUL 1      2.8                       5.0   -2.2      8.9
  SNOW DEPTH       0

DEGREE DAYS
 HEATING
  YESTERDAY       36                        35      1       10
  MONTH TO DATE  627                       640    -13      692
  SINCE DEC 1    627                       640    -13      692
  SINCE JUL 1   1906                      1682    224     1836

 COOLING
  YESTERDAY        0                         0      0        0
  MONTH TO DATE    0                         0      0        0
  SINCE DEC 1      0                         0      0        0
  SINCE JAN 1    900                      1066   -166     1160
..................................................................


WIND (MPH)
  HIGHEST WIND SPEED     7   HIGHEST WIND DIRECTION     W (260)
  HIGHEST GUST SPEED     8   HIGHEST GUST DIRECTION    SE (120)
  AVERAGE WIND SPEED     1.2


SKY COVER
  AVERAGE SKY COVER 0.9


WEATHER CONDITIONS
 THE FOLLOWING WEATHER WAS RECORDED YESTERDAY.
  FOG
  HAZE


RELATIVE HUMIDITY (PERCENT)
 HIGHEST    92           700 AM
 LOWEST     63           400 PM
 AVERAGE    78

..........................................................


THE INDIANAPOLIS IN CLIMATE NORMALS FOR TODAY
                         NORMAL    RECORD    YEAR
 MAXIMUM TEMPERATURE (F)   37        67      1967
 MINIMUM TEMPERATURE (F)   23       -21      1989


SUNRISE AND SUNSET
DECEMBER 21 2014......SUNRISE   803 AM EST   SUNSET   524 PM EST
DECEMBER 22 2014......SUNRISE   803 AM EST   SUNSET   524 PM EST


-  INDICATES NEGATIVE NUMBERS.
R  INDICATES RECORD WAS SET OR TIED.
MM INDICATES DATA IS MISSING.
T  INDICATES TRACE AMOUNT.




$$
