000
CDUS43 KIND 230532
CLIIND


CLIMATE REPORT
NATIONAL WEATHER SERVICE INDIANAPOLIS IN
131 AM EDT WED JUL 23 2014


...................................

...THE INDIANAPOLIS IN CLIMATE SUMMARY FOR JULY 22 2014...

CLIMATE NORMAL PERIOD 1981 TO 2010
CLIMATE RECORD PERIOD 1871 TO 2014


WEATHER ITEM   OBSERVED TIME   RECORD YEAR NORMAL DEPARTURE LAST
                VALUE   (LST)  VALUE       VALUE  FROM      YEAR
                                                  NORMAL
..................................................................
TEMPERATURE (F)
 YESTERDAY
  MAXIMUM         88    336 PM 106    1901  85      3       83
  MINIMUM         67    523 AM  49    1947  66      1       69
  AVERAGE         78                        75      3       76

PRECIPITATION (IN)
  YESTERDAY        0.00          1.82 2004   0.14  -0.14     0.47
  MONTH TO DATE    0.94                      3.39  -2.45     2.61
  SINCE JUN 1      7.98                      7.64   0.34     6.27
  SINCE JAN 1     25.41                     25.04   0.37    28.10

SNOWFALL (IN)
  YESTERDAY        0.0           0.0    MM   0.0    0.0      0.0
  MONTH TO DATE    0.0                       0.0    0.0      0.0
  SINCE JUN 1      0.0                       0.0    0.0      0.0
  SINCE JUL 1      0.0                       0.0    0.0      0.0
  SNOW DEPTH       0

DEGREE DAYS
 HEATING
  YESTERDAY        0                         0      0        0
  MONTH TO DATE    3                         0      3        0
  SINCE JUN 1      5                        16    -11        9
  SINCE JUL 1      3                         0      3        0

 COOLING
  YESTERDAY       13                        10      3       11
  MONTH TO DATE  137                       235    -98      245
  SINCE JUN 1    375                       461    -86      471
  SINCE JAN 1    479                       545    -66      600
..................................................................


WIND (MPH)
  HIGHEST WIND SPEED    17   HIGHEST WIND DIRECTION    SW (240)
  HIGHEST GUST SPEED    22   HIGHEST GUST DIRECTION    SW (240)
  AVERAGE WIND SPEED     6.7


SKY COVER
  AVERAGE SKY COVER 0.2


WEATHER CONDITIONS
 THE FOLLOWING WEATHER WAS RECORDED YESTERDAY.
  FOG
  HAZE


RELATIVE HUMIDITY (PERCENT)
 HIGHEST    79           100 AM
 LOWEST     46           200 PM
 AVERAGE    63

..........................................................


THE INDIANAPOLIS IN CLIMATE NORMALS FOR TODAY
                         NORMAL    RECORD    YEAR
 MAXIMUM TEMPERATURE (F)   85       102      2012
                                             1934
 MINIMUM TEMPERATURE (F)   66        46      1947


SUNRISE AND SUNSET
JULY 23 2014..........SUNRISE   636 AM EDT   SUNSET   907 PM EDT
JULY 24 2014..........SUNRISE   637 AM EDT   SUNSET   906 PM EDT


-  INDICATES NEGATIVE NUMBERS.
R  INDICATES RECORD WAS SET OR TIED.
MM INDICATES DATA IS MISSING.
T  INDICATES TRACE AMOUNT.




$$
