336
CDUS43 KIND 212134
CLIIND


CLIMATE REPORT
NATIONAL WEATHER SERVICE INDIANAPOLIS IN
433 PM EST WED FEB 21 2018


...................................

...THE INDIANAPOLIS IN CLIMATE SUMMARY FOR FEBRUARY 21 2018...
VALID TODAY AS OF 0400 PM LOCAL TIME.

CLIMATE NORMAL PERIOD 1981 TO 2010
CLIMATE RECORD PERIOD 1871 TO 2018


WEATHER ITEM   OBSERVED TIME   RECORD YEAR NORMAL DEPARTURE LAST
                VALUE   (LST)  VALUE       VALUE  FROM      YEAR
                                                  NORMAL
..................................................................
TEMPERATURE (F)
 TODAY
  MAXIMUM         69R   131 AM  68    1930  42     27       65
  MINIMUM         37    358 PM  -4    1963  26     11       50
  AVERAGE         53                        34     19       58

PRECIPITATION (IN)
  TODAY            0.94          1.53 1874   0.08   0.86      T
  MONTH TO DATE    2.46                      1.71   0.75     0.41
  SINCE DEC 1      5.58                      7.54  -1.96     6.28
  SINCE JAN 1      4.46                      4.37   0.09     4.76

SNOWFALL (IN)
  TODAY            0.0           9.7  1912   0.2   -0.2      0.0
  MONTH TO DATE    1.4                       5.2   -3.8      2.1
  SINCE DEC 1      9.0                      20.7  -11.7      8.7
  SINCE JUL 1      9.0                      21.8  -12.8      8.7
  SNOW DEPTH       0

..................................................................


WIND (MPH)
  HIGHEST WIND SPEED    26   HIGHEST WIND DIRECTION    NW (330)
  HIGHEST GUST SPEED    31   HIGHEST GUST DIRECTION    NW (330)
  AVERAGE WIND SPEED    12.0


SKY COVER
  AVERAGE SKY COVER 1.0


WEATHER CONDITIONS
 THE FOLLOWING WEATHER WAS RECORDED TODAY.
  HEAVY RAIN
  RAIN
  LIGHT RAIN
  FOG


RELATIVE HUMIDITY (PERCENT)
 HIGHEST   100           400 AM
 LOWEST     68          1200 AM

..........................................................


THE INDIANAPOLIS IN CLIMATE NORMALS FOR TOMORROW
                         NORMAL    RECORD    YEAR
 MAXIMUM TEMPERATURE (F)   43        70      1922
 MINIMUM TEMPERATURE (F)   26        -9      1963


SUNRISE AND SUNSET
FEBRUARY 21 2018......SUNRISE   730 AM EST   SUNSET   628 PM EST
FEBRUARY 22 2018......SUNRISE   728 AM EST   SUNSET   629 PM EST


-  INDICATES NEGATIVE NUMBERS.
R  INDICATES RECORD WAS SET OR TIED.
MM INDICATES DATA IS MISSING.
T  INDICATES TRACE AMOUNT.




$$
