000
CDUS43 KIND 300533
CLIIND


CLIMATE REPORT
NATIONAL WEATHER SERVICE INDIANAPOLIS IN
131 AM EDT FRI SEP 30 2016


...................................

...THE INDIANAPOLIS IN CLIMATE SUMMARY FOR SEPTEMBER 29 2016...

CLIMATE NORMAL PERIOD 1981 TO 2010
CLIMATE RECORD PERIOD 1871 TO 2016


WEATHER ITEM   OBSERVED TIME   RECORD YEAR NORMAL DEPARTURE LAST
                VALUE   (LST)  VALUE       VALUE  FROM      YEAR
                                                  NORMAL
..................................................................
TEMPERATURE (F)
 YESTERDAY
  MAXIMUM         69    431 PM  97    1953  72     -3       73
  MINIMUM         53    100 AM  34    1970  50      3       61
  AVERAGE         61                        61      0       67

PRECIPITATION (IN)
  YESTERDAY        0.01          2.45 1955   0.10  -0.09     0.27
  MONTH TO DATE    4.38                      3.01   1.37     1.70
  SINCE SEP 1      4.38                      3.01   1.37     1.70
  SINCE JAN 1     39.40                     32.34   7.06    37.88

SNOWFALL (IN)
  YESTERDAY        0.0           0.0    MM   0.0    0.0      0.0
  MONTH TO DATE    T                         0.0    0.0      0.0
  SINCE SEP 1      T                         0.0    0.0      0.0
  SINCE JUL 1      T                         0.0    0.0      0.0
  SNOW DEPTH       0

DEGREE DAYS
 HEATING
  YESTERDAY        4                         6     -2        0
  MONTH TO DATE   15                        64    -49       17
  SINCE SEP 1     15                        64    -49       17
  SINCE JUL 1     17                        68    -51       19

 COOLING
  YESTERDAY        0                         2     -2        2
  MONTH TO DATE  213                       127     86      191
  SINCE SEP 1    213                       127     86      191
  SINCE JAN 1   1393                      1048    345     1146
..................................................................


WIND (MPH)
  HIGHEST WIND SPEED    14   HIGHEST WIND DIRECTION     N (10)
  HIGHEST GUST SPEED    16   HIGHEST GUST DIRECTION     N (20)
  AVERAGE WIND SPEED     7.0


SKY COVER
  AVERAGE SKY COVER 0.8


WEATHER CONDITIONS
 THE FOLLOWING WEATHER WAS RECORDED YESTERDAY.
  LIGHT RAIN


RELATIVE HUMIDITY (PERCENT)
 HIGHEST    93           100 AM
 LOWEST     53           400 PM
 AVERAGE    73

..........................................................


THE INDIANAPOLIS IN CLIMATE NORMALS FOR TODAY
                         NORMAL    RECORD    YEAR
 MAXIMUM TEMPERATURE (F)   72        89      1971
 MINIMUM TEMPERATURE (F)   50        30      1899


SUNRISE AND SUNSET
SEPTEMBER 30 2016.....SUNRISE   741 AM EDT   SUNSET   728 PM EDT
OCTOBER  1 2016.......SUNRISE   742 AM EDT   SUNSET   727 PM EDT


-  INDICATES NEGATIVE NUMBERS.
R  INDICATES RECORD WAS SET OR TIED.
MM INDICATES DATA IS MISSING.
T  INDICATES TRACE AMOUNT.




$$
