000
CDUS43 KIND 220533
CLIIND


CLIMATE REPORT
NATIONAL WEATHER SERVICE INDIANAPOLIS IN
133 AM EDT FRI SEP 22 2017


...................................

...THE INDIANAPOLIS IN CLIMATE SUMMARY FOR SEPTEMBER 21 2017...

CLIMATE NORMAL PERIOD 1981 TO 2010
CLIMATE RECORD PERIOD 1871 TO 2017


WEATHER ITEM   OBSERVED TIME   RECORD YEAR NORMAL DEPARTURE LAST
                VALUE   (LST)  VALUE       VALUE  FROM      YEAR
                                                  NORMAL
..................................................................
TEMPERATURE (F)
 YESTERDAY
  MAXIMUM         92    253 PM  96    2010  76     16       88
  MINIMUM         70    655 AM  35    1875  54     16       62
  AVERAGE         81                        65     16       75

PRECIPITATION (IN)
  YESTERDAY        0.00          1.61 1965   0.11  -0.11     0.00
  MONTH TO DATE    0.66                      2.16  -1.50     3.01
  SINCE SEP 1      0.66                      2.16  -1.50     3.01
  SINCE JAN 1     39.42                     31.49   7.93    38.03

SNOWFALL (IN)
  YESTERDAY        0.0           T    2012   0.0    0.0      0.0
  MONTH TO DATE    0.0                       0.0    0.0      0.0
  SINCE SEP 1      0.0                       0.0    0.0      0.0
  SINCE JUL 1      0.0                       0.0    0.0      0.0
  SNOW DEPTH       0

DEGREE DAYS
 HEATING
  YESTERDAY        0                         3     -3        0
  MONTH TO DATE   23                        28     -5        0
  SINCE SEP 1     23                        28     -5        0
  SINCE JUL 1     23                        32     -9        2

 COOLING
  YESTERDAY       16                         3     13       10
  MONTH TO DATE   98                       109    -11      171
  SINCE SEP 1     98                       109    -11      171
  SINCE JAN 1   1038                      1030      8     1351
..................................................................


WIND (MPH)
  HIGHEST WIND SPEED    13   HIGHEST WIND DIRECTION    SW (220)
  HIGHEST GUST SPEED    15   HIGHEST GUST DIRECTION    SW (230)
  AVERAGE WIND SPEED     4.9


SKY COVER
  AVERAGE SKY COVER 0.3


WEATHER CONDITIONS
 THE FOLLOWING WEATHER WAS RECORDED YESTERDAY.
  FOG


RELATIVE HUMIDITY (PERCENT)
 HIGHEST   100           700 AM
 LOWEST     47           400 PM
 AVERAGE    74

..........................................................


THE INDIANAPOLIS IN CLIMATE NORMALS FOR TODAY
                         NORMAL    RECORD    YEAR
 MAXIMUM TEMPERATURE (F)   75        93      1895
 MINIMUM TEMPERATURE (F)   53        37      1999
                                             1995
                                             1976


SUNRISE AND SUNSET
SEPTEMBER 22 2017.....SUNRISE   733 AM EDT   SUNSET   742 PM EDT
SEPTEMBER 23 2017.....SUNRISE   734 AM EDT   SUNSET   740 PM EDT


-  INDICATES NEGATIVE NUMBERS.
R  INDICATES RECORD WAS SET OR TIED.
MM INDICATES DATA IS MISSING.
T  INDICATES TRACE AMOUNT.




$$
