000
CDUS43 KIND 260532
CLIIND


CLIMATE REPORT
NATIONAL WEATHER SERVICE INDIANAPOLIS IN
1231 AM EST MON JAN 26 2015


...................................

...THE INDIANAPOLIS IN CLIMATE SUMMARY FOR JANUARY 25 2015...

CLIMATE NORMAL PERIOD 1981 TO 2010
CLIMATE RECORD PERIOD 1871 TO 2015


WEATHER ITEM   OBSERVED TIME   RECORD YEAR NORMAL DEPARTURE LAST
                VALUE   (LST)  VALUE       VALUE  FROM      YEAR
                                                  NORMAL
..................................................................
TEMPERATURE (F)
 YESTERDAY
  MAXIMUM         37    258 PM  71    1950  36      1       33
  MINIMUM         20   1159 PM -14    1897  20      0        6
  AVERAGE         29                        28      1       20

PRECIPITATION (IN)
  YESTERDAY        0.04          0.92 1950   0.08  -0.04     0.05
  MONTH TO DATE    1.66                      2.18  -0.52     2.33
  SINCE DEC 1      4.21                      5.35  -1.14     6.77
  SINCE JAN 1      1.66                      2.18  -0.52     2.33

SNOWFALL (IN)
  YESTERDAY        0.1           4.9  1978   0.3   -0.2      1.6
  MONTH TO DATE    2.4                       6.9   -4.5     26.7
  SINCE DEC 1      2.5                      13.8  -11.3     35.5
  SINCE JUL 1      5.2                      14.9   -9.7     35.6
  SNOW DEPTH       0

DEGREE DAYS
 HEATING
  YESTERDAY       36                        37     -1       45
  MONTH TO DATE  996                       925     71     1104
  SINCE DEC 1   1970                      1959     11     2183
  SINCE JUL 1   3249                      3001    248     3327

 COOLING
  YESTERDAY        0                         0      0        0
  MONTH TO DATE    0                         0      0        0
  SINCE DEC 1      0                         0      0        0
  SINCE JAN 1      0                         0      0        0
..................................................................


WIND (MPH)
  HIGHEST WIND SPEED    28   HIGHEST WIND DIRECTION    NE (30)
  HIGHEST GUST SPEED    33   HIGHEST GUST DIRECTION    NE (30)
  AVERAGE WIND SPEED    10.5


SKY COVER
  AVERAGE SKY COVER 1.0


WEATHER CONDITIONS
 THE FOLLOWING WEATHER WAS RECORDED YESTERDAY.
  LIGHT RAIN
  SNOW
  LIGHT SNOW
  SLEET
  FOG


RELATIVE HUMIDITY (PERCENT)
 HIGHEST    96          1100 AM
 LOWEST     84          1100 PM
 AVERAGE    90

..........................................................


THE INDIANAPOLIS IN CLIMATE NORMALS FOR TODAY
                         NORMAL    RECORD    YEAR
 MAXIMUM TEMPERATURE (F)   36        67      1944
 MINIMUM TEMPERATURE (F)   20       -12      1897


SUNRISE AND SUNSET
JANUARY 26 2015.......SUNRISE   758 AM EST   SUNSET   557 PM EST
JANUARY 27 2015.......SUNRISE   757 AM EST   SUNSET   559 PM EST


-  INDICATES NEGATIVE NUMBERS.
R  INDICATES RECORD WAS SET OR TIED.
MM INDICATES DATA IS MISSING.
T  INDICATES TRACE AMOUNT.




$$
