979
CDUS43 KDLH 300621
CLIINL


CLIMATE REPORT
NATIONAL WEATHER SERVICE DULUTH MN
121 AM CDT SAT JUL 30 2016


...................................

...THE INTERNATIONAL FALLS MN CLIMATE SUMMARY FOR JULY 29 2016...

CLIMATE NORMAL PERIOD 1981 TO 2010
CLIMATE RECORD PERIOD 1895 TO 2016


WEATHER ITEM   OBSERVED TIME   RECORD YEAR NORMAL DEPARTURE LAST
                VALUE   (LST)  VALUE       VALUE  FROM      YEAR
                                                  NORMAL
..................................................................
TEMPERATURE (F)
 YESTERDAY
  MAXIMUM         78    313 PM  98    1975  78      0       74
                                      1916
  MINIMUM         47    454 AM  36    2005  53     -6       61
  AVERAGE         63                        65     -2       68

PRECIPITATION (IN)
  YESTERDAY        0.00          2.69 1948   0.10  -0.10     0.01
  MONTH TO DATE    2.42                      3.51  -1.09     1.47
  SINCE JUN 1      9.34                      7.43   1.91     4.67
  SINCE JAN 1     17.14                     13.96   3.18    12.84

SNOWFALL (IN)
  YESTERDAY        0.0           T    1950   0.0    0.0      0.0
  MONTH TO DATE    0.0                       0.0    0.0      0.0
  SINCE JUN 1      0.0                       0.0    0.0      0.0
  SINCE JUL 1      0.0                       0.0    0.0      0.0
  SNOW DEPTH       0

DEGREE DAYS
 HEATING
  YESTERDAY        2                         2      0        0
  MONTH TO DATE   43                        65    -22       47
  SINCE JUN 1    210                       229    -19      196
  SINCE JUL 1     43                        65    -22       47

 COOLING
  YESTERDAY        0                         2     -2        3
  MONTH TO DATE   75                        69      6       89
  SINCE JUN 1     94                       107    -13       93
  SINCE JAN 1     96                       116    -20       93
..................................................................


WIND (MPH)
  HIGHEST WIND SPEED     9   HIGHEST WIND DIRECTION    NE (50)
  HIGHEST GUST SPEED    12   HIGHEST GUST DIRECTION    SE (140)
  AVERAGE WIND SPEED     2.6


SKY COVER
  AVERAGE SKY COVER 0.4


WEATHER CONDITIONS
 THE FOLLOWING WEATHER WAS RECORDED YESTERDAY.
  NO SIGNIFICANT WEATHER WAS OBSERVED.


RELATIVE HUMIDITY (PERCENT)
 HIGHEST   100          1200 AM
 LOWEST     45           300 PM
 AVERAGE    73

..........................................................


THE INTERNATIONAL FALLS MN CLIMATE NORMALS FOR TODAY
                         NORMAL    RECORD    YEAR
 MAXIMUM TEMPERATURE (F)   78        94      1995
                                             1975
                                             1970
 MINIMUM TEMPERATURE (F)   53        38      1898


SUNRISE AND SUNSET
JULY 30 2016..........SUNRISE   546 AM CDT   SUNSET   853 PM CDT
JULY 31 2016..........SUNRISE   547 AM CDT   SUNSET   852 PM CDT


-  INDICATES NEGATIVE NUMBERS.
R  INDICATES RECORD WAS SET OR TIED.
MM INDICATES DATA IS MISSING.
T  INDICATES TRACE AMOUNT.




$$
