000
CDUS45 KFGZ 180813
CLIINW
CLIMATE REPORT
NATIONAL WEATHER SERVICE FLAGSTAFF, AZ
112 AM MST THU SEP 18 2014


...................................

...THE WINSLOW AZ AIRPORT CLIMATE SUMMARY FOR SEPTEMBER 17 2014...

CLIMATE NORMAL PERIOD 1981 TO 2010
CLIMATE RECORD PERIOD 1898 TO 2014


WEATHER ITEM   OBSERVED TIME   RECORD YEAR NORMAL DEPARTURE LAST
                VALUE   (LST)  VALUE       VALUE  FROM      YEAR
                                                  NORMAL
..................................................................
TEMPERATURE (F)
 YESTERDAY
  MAXIMUM         77    516 PM  96    2000  85     -8       90
                                      1928
  MINIMUM         60   1140 PM  38    2006  52      8       60
                                      1968
  AVERAGE         69                        68      1       75

PRECIPITATION (IN)
  YESTERDAY        0.27          1.84 1923   0.03   0.24     0.00
  MONTH TO DATE    0.37                      0.55  -0.18     0.93
  SINCE SEP 1      0.37                      0.55  -0.18     0.93
  SINCE JAN 1      4.55                      5.08  -0.53     6.63

DEGREE DAYS
 HEATING
  YESTERDAY        0                         1     -1        0
  MONTH TO DATE    0                         4     -4        0
  SINCE JUL 1      0                         4     -4        0

 COOLING
  YESTERDAY        4                         4      0       10
  MONTH TO DATE  133                       111     22      122
  SINCE JAN 1   1249                      1169     80     1347
..................................................................


WIND (MPH)
  HIGHEST WIND SPEED    16   HIGHEST WIND DIRECTION     S (200)
  HIGHEST GUST SPEED    20   HIGHEST GUST DIRECTION     S (190)
  AVERAGE WIND SPEED     6.8


SKY COVER
  POSSIBLE SUNSHINE  MM
  AVERAGE SKY COVER 0.6


WEATHER CONDITIONS
 THE FOLLOWING WEATHER WAS RECORDED YESTERDAY.
  RAIN
  LIGHT RAIN
  FOG


RELATIVE HUMIDITY (PERCENT)
 HIGHEST    93           100 AM
 LOWEST     54           500 PM
 AVERAGE    74

..........................................................


THE WINSLOW AZ AIRPORT CLIMATE NORMALS FOR TODAY
                         NORMAL    RECORD    YEAR
 MAXIMUM TEMPERATURE (F)   85        96      1962
 MINIMUM TEMPERATURE (F)   52        36      2006


SUNRISE AND SUNSET
SEPTEMBER 18 2014.....SUNRISE   608 AM MST   SUNSET   625 PM MST
SEPTEMBER 19 2014.....SUNRISE   609 AM MST   SUNSET   624 PM MST


-  INDICATES NEGATIVE NUMBERS.
R  INDICATES RECORD WAS SET OR TIED.
MM INDICATES DATA IS MISSING.
T  INDICATES TRACE AMOUNT.




$$
