095
CDUS45 KFGZ 280749
CLIINW
CLIMATE REPORT
NATIONAL WEATHER SERVICE FLAGSTAFF, AZ
1249 AM MST TUE MAR 28 2017


...................................

...THE WINSLOW AZ AIRPORT CLIMATE SUMMARY FOR MARCH 27 2017...

CLIMATE NORMAL PERIOD 1981 TO 2010
CLIMATE RECORD PERIOD 1915 TO 2017


WEATHER ITEM   OBSERVED TIME   RECORD YEAR NORMAL DEPARTURE LAST
                VALUE   (LST)  VALUE       VALUE  FROM      YEAR
                                                  NORMAL
..................................................................
TEMPERATURE (F)
 YESTERDAY
  MAXIMUM         70    208 PM  81    2015  66      4       75
                                      1971
  MINIMUM         35    604 AM  16    1942  32      3       23
  AVERAGE         53                        49      4       49

PRECIPITATION (IN)
  YESTERDAY        0.05          0.44 1991   0.02   0.03     0.00
  MONTH TO DATE    0.09                      0.47  -0.38      T
  SINCE SEP 1      4.70                      3.93   0.77     4.59
  SINCE JAN 1      1.62                      1.45   0.17     0.57

DEGREE DAYS
 HEATING
  YESTERDAY       12                        16     -4       16
  MONTH TO DATE  339                       498   -159      380
  SINCE JUL 1   3145                      3993   -848     3714

 COOLING
  YESTERDAY        0                         0      0        0
  MONTH TO DATE    0                         0      0        0
  SINCE JAN 1      0                         0      0        0
..................................................................


WIND (MPH)
  HIGHEST WIND SPEED    40   HIGHEST WIND DIRECTION    SW (230)
  HIGHEST GUST SPEED    49   HIGHEST GUST DIRECTION    SW (240)
  AVERAGE WIND SPEED    11.7


SKY COVER
  POSSIBLE SUNSHINE  MM
  AVERAGE SKY COVER 0.4


WEATHER CONDITIONS
 THE FOLLOWING WEATHER WAS RECORDED YESTERDAY.
  THUNDERSTORM
  LIGHT RAIN


RELATIVE HUMIDITY (PERCENT)
 HIGHEST    82          1100 PM
 LOWEST     22          1200 PM
 AVERAGE    52

..........................................................


THE WINSLOW AZ AIRPORT CLIMATE NORMALS FOR TODAY
                         NORMAL    RECORD    YEAR
 MAXIMUM TEMPERATURE (F)   67        85      2015
 MINIMUM TEMPERATURE (F)   32        15      1975


SUNRISE AND SUNSET
MARCH 28 2017.........SUNRISE   615 AM MST   SUNSET   641 PM MST
MARCH 29 2017.........SUNRISE   613 AM MST   SUNSET   642 PM MST


-  INDICATES NEGATIVE NUMBERS.
R  INDICATES RECORD WAS SET OR TIED.
MM INDICATES DATA IS MISSING.
T  INDICATES TRACE AMOUNT.




$$
