956
CDUS45 KFGZ 270112
CLIINW
CLIMATE REPORT
NATIONAL WEATHER SERVICE FLAGSTAFF, AZ
612 PM MST WED JUL 26 2017


...................................

...THE WINSLOW AZ AIRPORT CLIMATE SUMMARY FOR JULY 26 2017...
VALID TODAY AS OF 0500 PM LOCAL TIME.

CLIMATE NORMAL PERIOD 1981 TO 2010
CLIMATE RECORD PERIOD 1915 TO 2017


WEATHER ITEM   OBSERVED TIME   RECORD YEAR NORMAL DEPARTURE LAST
                VALUE   (LST)  VALUE       VALUE  FROM      YEAR
                                                  NORMAL
..................................................................
TEMPERATURE (F)
 TODAY
  MAXIMUM         96    318 PM 103    1995  94      2       96
  MINIMUM         63    523 AM  52    1944  63      0       69
  AVERAGE         80                        78      2       83

PRECIPITATION (IN)
  TODAY            0.00          1.61 1982   0.04  -0.04      T
  MONTH TO DATE    0.39                      0.83  -0.44     0.36
  SINCE SEP 1      5.61                      5.60   0.01     5.99
  SINCE JAN 1      2.53                      3.12  -0.59     1.97

DEGREE DAYS
 HEATING
  TODAY            0                         0      0        0
  MONTH TO DATE    0                         0      0        0
  SINCE JUL 1      0                         0      0        0

 COOLING
  TODAY           15                        13      2       18
  MONTH TO DATE  400                       345     55      358
  SINCE JAN 1    806                       653    153      764
..................................................................


WIND (MPH)
  HIGHEST WIND SPEED    15   HIGHEST WIND DIRECTION    NW (320)
  HIGHEST GUST SPEED    29   HIGHEST GUST DIRECTION     W (260)
  AVERAGE WIND SPEED     5.1


SKY COVER
  POSSIBLE SUNSHINE  MM
  AVERAGE SKY COVER 0.0


WEATHER CONDITIONS
 THE FOLLOWING WEATHER WAS RECORDED TODAY.
  NO SIGNIFICANT WEATHER WAS OBSERVED.


RELATIVE HUMIDITY (PERCENT)
 HIGHEST    78          1200 AM
 LOWEST     23           300 PM
 AVERAGE    51

..........................................................


THE WINSLOW AZ AIRPORT CLIMATE NORMALS FOR TOMORROW
                         NORMAL    RECORD    YEAR
 MAXIMUM TEMPERATURE (F)   93       103      1995
 MINIMUM TEMPERATURE (F)   63        49      1921


SUNRISE AND SUNSET
JULY 26 2017..........SUNRISE   528 AM MST   SUNSET   730 PM MST
JULY 27 2017..........SUNRISE   529 AM MST   SUNSET   730 PM MST


-  INDICATES NEGATIVE NUMBERS.
R  INDICATES RECORD WAS SET OR TIED.
MM INDICATES DATA IS MISSING.
T  INDICATES TRACE AMOUNT.




$$
