000
CDUS45 KFGZ 060822
CLIINW
CLIMATE REPORT
NATIONAL WEATHER SERVICE FLAGSTAFF, AZ
120 AM MST FRI MAR 6 2015


...................................

...THE WINSLOW AZ AIRPORT CLIMATE SUMMARY FOR MARCH 5 2015...

CLIMATE NORMAL PERIOD 1981 TO 2010
CLIMATE RECORD PERIOD 1915 TO 2015


WEATHER ITEM   OBSERVED TIME   RECORD YEAR NORMAL DEPARTURE LAST
                VALUE   (LST)  VALUE       VALUE  FROM      YEAR
                                                  NORMAL
..................................................................
TEMPERATURE (F)
 YESTERDAY
  MAXIMUM         55    443 PM  73    1950  61     -6       60
                                      1916
  MINIMUM         18    705 AM  12    2002  29    -11       30
  AVERAGE         37                        45     -8       45

PRECIPITATION (IN)
  YESTERDAY        0.00          0.31 1926   0.02  -0.02     0.00
  MONTH TO DATE    0.17                      0.08   0.09     0.99
  SINCE SEP 1      5.09                      3.54   1.55     4.82
  SINCE JAN 1      2.24                      1.06   1.18     1.01

DEGREE DAYS
 HEATING
  YESTERDAY       28                        20      8       20
  MONTH TO DATE  120                       104     16       92
  SINCE JUL 1   3059                      3599   -540     3459

 COOLING
  YESTERDAY        0                         0      0        0
  MONTH TO DATE    0                         0      0        0
  SINCE JAN 1      0                         0      0        0
..................................................................


WIND (MPH)
  HIGHEST WIND SPEED     9   HIGHEST WIND DIRECTION     W (250)
  HIGHEST GUST SPEED    12   HIGHEST GUST DIRECTION     N (340)
  AVERAGE WIND SPEED     3.9


SKY COVER
  POSSIBLE SUNSHINE  MM
  AVERAGE SKY COVER 0.0


WEATHER CONDITIONS
 THE FOLLOWING WEATHER WAS RECORDED YESTERDAY.
  NO SIGNIFICANT WEATHER WAS OBSERVED.


RELATIVE HUMIDITY (PERCENT)
 HIGHEST    88           200 AM
 LOWEST     13           500 PM
 AVERAGE    51

..........................................................


THE WINSLOW AZ AIRPORT CLIMATE NORMALS FOR TODAY
                         NORMAL    RECORD    YEAR
 MAXIMUM TEMPERATURE (F)   61        80      1972
 MINIMUM TEMPERATURE (F)   29        10      1984
                                             1971


SUNRISE AND SUNSET
MARCH  6 2015.........SUNRISE   646 AM MST   SUNSET   623 PM MST
MARCH  7 2015.........SUNRISE   645 AM MST   SUNSET   624 PM MST


-  INDICATES NEGATIVE NUMBERS.
R  INDICATES RECORD WAS SET OR TIED.
MM INDICATES DATA IS MISSING.
T  INDICATES TRACE AMOUNT.




$$
