000
CDUS45 KFGZ 220816
CLIINW
CLIMATE REPORT
NATIONAL WEATHER SERVICE FLAGSTAFF, AZ
114 AM MST WED FEB 22 2017


...................................

...THE WINSLOW AZ AIRPORT CLIMATE SUMMARY FOR FEBRUARY 21 2017...

CLIMATE NORMAL PERIOD 1981 TO 2010
CLIMATE RECORD PERIOD 1915 TO 2017


WEATHER ITEM   OBSERVED TIME   RECORD YEAR NORMAL DEPARTURE LAST
                VALUE   (LST)  VALUE       VALUE  FROM      YEAR
                                                  NORMAL
..................................................................
TEMPERATURE (F)
 YESTERDAY
  MAXIMUM         73    256 PM  76    1977  58     15       72
  MINIMUM         34    725 AM   5    1955  26      8       26
  AVERAGE         54                        42     12       49

PRECIPITATION (IN)
  YESTERDAY        0.00          0.62 1973   0.02  -0.02     0.00
  MONTH TO DATE    0.15                      0.35  -0.20     0.22
  SINCE SEP 1      4.04                      3.35   0.69     4.59
  SINCE JAN 1      0.96                      0.87   0.09     0.57

DEGREE DAYS
 HEATING
  YESTERDAY       11                        23    -12       16
  MONTH TO DATE  356                       535   -179      497
  SINCE JUL 1   2643                      3338   -695     3185

 COOLING
  YESTERDAY        0                         0      0        0
  MONTH TO DATE    0                         0      0        0
  SINCE JAN 1      0                         0      0        0
..................................................................


WIND (MPH)
  HIGHEST WIND SPEED    26   HIGHEST WIND DIRECTION    SW (240)
  HIGHEST GUST SPEED    31   HIGHEST GUST DIRECTION     W (250)
  AVERAGE WIND SPEED     8.7


SKY COVER
  POSSIBLE SUNSHINE  MM
  AVERAGE SKY COVER 0.0


WEATHER CONDITIONS
 THE FOLLOWING WEATHER WAS RECORDED YESTERDAY.
  NO SIGNIFICANT WEATHER WAS OBSERVED.


RELATIVE HUMIDITY (PERCENT)
 HIGHEST   100           700 AM
 LOWEST     22           300 PM
 AVERAGE    61

..........................................................


THE WINSLOW AZ AIRPORT CLIMATE NORMALS FOR TODAY
                         NORMAL    RECORD    YEAR
 MAXIMUM TEMPERATURE (F)   58        73      1982
                                             1918
 MINIMUM TEMPERATURE (F)   26         4      1955


SUNRISE AND SUNSET
FEBRUARY 22 2017......SUNRISE   701 AM MST   SUNSET   613 PM MST
FEBRUARY 23 2017......SUNRISE   659 AM MST   SUNSET   614 PM MST


-  INDICATES NEGATIVE NUMBERS.
R  INDICATES RECORD WAS SET OR TIED.
MM INDICATES DATA IS MISSING.
T  INDICATES TRACE AMOUNT.




$$
