000
CDUS45 KFGZ 240106
CLIINW
CLIMATE REPORT
NATIONAL WEATHER SERVICE FLAGSTAFF, AZ
604 PM MST SAT SEP 23 2017


...................................

...THE WINSLOW AZ AIRPORT CLIMATE SUMMARY FOR SEPTEMBER 23 2017...
VALID TODAY AS OF 0500 PM LOCAL TIME.

CLIMATE NORMAL PERIOD 1981 TO 2010
CLIMATE RECORD PERIOD 1915 TO 2017


WEATHER ITEM   OBSERVED TIME   RECORD YEAR NORMAL DEPARTURE LAST
                VALUE   (LST)  VALUE       VALUE  FROM      YEAR
                                                  NORMAL
..................................................................
TEMPERATURE (F)
 TODAY
  MAXIMUM         76    140 PM  93    1928  83     -7       75
  MINIMUM         46    642 AM  36    2004  49     -3       45
                                      1970
                                      1930
  AVERAGE         61                        66     -5       60

PRECIPITATION (IN)
  TODAY            0.00          0.82 1999   0.02  -0.02     0.00
  MONTH TO DATE    0.21                      0.71  -0.50     0.25
  SINCE SEP 1      0.21                      0.71  -0.50     0.25
  SINCE JAN 1      4.24                      5.24  -1.00     3.87

DEGREE DAYS
 HEATING
  TODAY            4                         2      2        5
  MONTH TO DATE    8                        11     -3        7
  SINCE JUL 1      8                        11     -3        7

 COOLING
  TODAY            0                         3     -3        0
  MONTH TO DATE  179                       131     48      123
  SINCE JAN 1   1429                      1189    240     1269
..................................................................


WIND (MPH)
  HIGHEST WIND SPEED    28   HIGHEST WIND DIRECTION    SW (230)
  HIGHEST GUST SPEED    43   HIGHEST GUST DIRECTION     S (200)
  AVERAGE WIND SPEED    10.6


SKY COVER
  POSSIBLE SUNSHINE  MM
  AVERAGE SKY COVER 0.3


WEATHER CONDITIONS
 THE FOLLOWING WEATHER WAS RECORDED TODAY.
  NO SIGNIFICANT WEATHER WAS OBSERVED.


RELATIVE HUMIDITY (PERCENT)
 HIGHEST    71           600 AM
 LOWEST      7          1200 PM
 AVERAGE    39

..........................................................


THE WINSLOW AZ AIRPORT CLIMATE NORMALS FOR TOMORROW
                         NORMAL    RECORD    YEAR
 MAXIMUM TEMPERATURE (F)   82        91      2014
                                             1982
                                             1922
 MINIMUM TEMPERATURE (F)   49        36      1968


SUNRISE AND SUNSET
SEPTEMBER 23 2017.....SUNRISE   612 AM MST   SUNSET   618 PM MST
SEPTEMBER 24 2017.....SUNRISE   613 AM MST   SUNSET   616 PM MST


-  INDICATES NEGATIVE NUMBERS.
R  INDICATES RECORD WAS SET OR TIED.
MM INDICATES DATA IS MISSING.
T  INDICATES TRACE AMOUNT.




$$
