000
CDUS45 KFGZ 030054
CLIINW
CLIMATE REPORT
NATIONAL WEATHER SERVICE FLAGSTAFF, AZ
553 PM MST MON MAY 2 2016


...................................

...THE WINSLOW AZ AIRPORT CLIMATE SUMMARY FOR MAY 2 2016...
VALID TODAY AS OF 0500 PM LOCAL TIME.

CLIMATE NORMAL PERIOD 1981 TO 2010
CLIMATE RECORD PERIOD 1915 TO 2016


WEATHER ITEM   OBSERVED TIME   RECORD YEAR NORMAL DEPARTURE LAST
                VALUE   (LST)  VALUE       VALUE  FROM      YEAR
                                                  NORMAL
..................................................................
TEMPERATURE (F)
 TODAY
  MAXIMUM         66    227 PM  91    1943  77    -11       83
  MINIMUM         35    550 AM  23    1929  42     -7       48
  AVERAGE         51                        59     -8       66

PRECIPITATION (IN)
  TODAY            0.00          0.88 1934   0.01  -0.01      T
  MONTH TO DATE    0.29                      0.02   0.27      T
  SINCE SEP 1      5.48                      4.28   1.20     5.44
  SINCE JAN 1      1.46                      1.80  -0.34     2.59

DEGREE DAYS
 HEATING
  TODAY           14                         6      8        0
  MONTH TO DATE   32                        12     20        0
  SINCE JUL 1   4151                      4391   -240     3674

 COOLING
  TODAY            0                         1     -1        1
  MONTH TO DATE    0                         2     -2        3
  SINCE JAN 1      0                         6     -6        3
..................................................................


WIND (MPH)
  HIGHEST WIND SPEED    10   HIGHEST WIND DIRECTION     E (90)
  HIGHEST GUST SPEED    13   HIGHEST GUST DIRECTION     E (110)
  AVERAGE WIND SPEED     3.7


SKY COVER
  POSSIBLE SUNSHINE  MM
  AVERAGE SKY COVER 0.3


WEATHER CONDITIONS
 THE FOLLOWING WEATHER WAS RECORDED TODAY.
  FOG


RELATIVE HUMIDITY (PERCENT)
 HIGHEST   100           300 AM
 LOWEST     34           400 PM
 AVERAGE    67

..........................................................


THE WINSLOW AZ AIRPORT CLIMATE NORMALS FOR TOMORROW
                         NORMAL    RECORD    YEAR
 MAXIMUM TEMPERATURE (F)   77        93      1947
 MINIMUM TEMPERATURE (F)   42        25      2008


SUNRISE AND SUNSET
MAY  2 2016...........SUNRISE   530 AM MST   SUNSET   710 PM MST
MAY  3 2016...........SUNRISE   529 AM MST   SUNSET   711 PM MST


-  INDICATES NEGATIVE NUMBERS.
R  INDICATES RECORD WAS SET OR TIED.
MM INDICATES DATA IS MISSING.
T  INDICATES TRACE AMOUNT.




$$
