000
CDUS45 KFGZ 110741
CLIINW
CLIMATE REPORT
NATIONAL WEATHER SERVICE FLAGSTAFF, AZ
1231 AM MST SUN DEC 11 2016


...................................

...THE WINSLOW AZ AIRPORT CLIMATE SUMMARY FOR DECEMBER 10 2016...

CLIMATE NORMAL PERIOD 1981 TO 2010
CLIMATE RECORD PERIOD 1915 TO 2016


WEATHER ITEM   OBSERVED TIME   RECORD YEAR NORMAL DEPARTURE LAST
                VALUE   (LST)  VALUE       VALUE  FROM      YEAR
                                                  NORMAL
..................................................................
TEMPERATURE (F)
 YESTERDAY
  MAXIMUM         68    304 PM  73    2015  49     19       73
  MINIMUM         23    714 AM  -6    1978  21      2       28
  AVERAGE         46                        35     11       51

PRECIPITATION (IN)
  YESTERDAY        0.00          0.72 1923   0.02  -0.02     0.00
  MONTH TO DATE    0.00                      0.18  -0.18     0.00
  SINCE SEP 1      2.02                      2.10  -0.08     3.67
  SINCE JAN 1      5.64                      6.63  -0.99    12.57

DEGREE DAYS
 HEATING
  YESTERDAY       19                        30    -11       14
  MONTH TO DATE  272                       287    -15      278
  SINCE JUL 1    963                      1223   -260     1141

 COOLING
  YESTERDAY        0                         0      0        0
  MONTH TO DATE    0                         0      0        0
  SINCE JAN 1   1278                      1208     70     1316
..................................................................


WIND (MPH)
  HIGHEST WIND SPEED    24   HIGHEST WIND DIRECTION     W (260)
  HIGHEST GUST SPEED    29   HIGHEST GUST DIRECTION     W (250)
  AVERAGE WIND SPEED     6.6


SKY COVER
  POSSIBLE SUNSHINE  MM
  AVERAGE SKY COVER 0.0


WEATHER CONDITIONS
 THE FOLLOWING WEATHER WAS RECORDED YESTERDAY.
  NO SIGNIFICANT WEATHER WAS OBSERVED.


RELATIVE HUMIDITY (PERCENT)
 HIGHEST    92           600 AM
 LOWEST     22           300 PM
 AVERAGE    57

..........................................................


THE WINSLOW AZ AIRPORT CLIMATE NORMALS FOR TODAY
                         NORMAL    RECORD    YEAR
 MAXIMUM TEMPERATURE (F)   49        71      1939
 MINIMUM TEMPERATURE (F)   21        -6      1961


SUNRISE AND SUNSET
DECEMBER 11 2016......SUNRISE   721 AM MST   SUNSET   512 PM MST
DECEMBER 12 2016......SUNRISE   722 AM MST   SUNSET   512 PM MST


-  INDICATES NEGATIVE NUMBERS.
R  INDICATES RECORD WAS SET OR TIED.
MM INDICATES DATA IS MISSING.
T  INDICATES TRACE AMOUNT.




$$
