000
CDUS45 KFGZ 020742
CLIINW
CLIMATE REPORT
NATIONAL WEATHER SERVICE FLAGSTAFF, AZ
1239 AM MST SUN AUG 2 2015


...................................

...THE WINSLOW AZ AIRPORT CLIMATE SUMMARY FOR AUGUST 1 2015...

CLIMATE NORMAL PERIOD 1981 TO 2010
CLIMATE RECORD PERIOD 1915 TO 2015


WEATHER ITEM   OBSERVED TIME   RECORD YEAR NORMAL DEPARTURE LAST
                VALUE   (LST)  VALUE       VALUE  FROM      YEAR
                                                  NORMAL
..................................................................
TEMPERATURE (F)
 YESTERDAY
  MAXIMUM         88   1208 PM 103    1938  93     -5       94
  MINIMUM         68    606 AM  49    1921  63      5       64
  AVERAGE         78                        78      0       79

PRECIPITATION (IN)
  YESTERDAY        T             2.43 1928   0.04  -0.04     0.03
  MONTH TO DATE    T                         0.04  -0.04     0.03
  SINCE SEP 1      8.49                      5.85   2.64     5.34
  SINCE JAN 1      5.64                      3.37   2.27     1.53

DEGREE DAYS
 HEATING
  YESTERDAY        0                         0      0        0
  MONTH TO DATE    0                         0      0        0
  SINCE JUL 1      0                         0      0        0

 COOLING
  YESTERDAY       13                        13      0       14
  MONTH TO DATE   13                        13      0       14
  SINCE JAN 1    733                       730      3      833
..................................................................


WIND (MPH)
  HIGHEST WIND SPEED    26   HIGHEST WIND DIRECTION     W (280)
  HIGHEST GUST SPEED    34   HIGHEST GUST DIRECTION     W (270)
  AVERAGE WIND SPEED     6.4


SKY COVER
  POSSIBLE SUNSHINE  MM
  AVERAGE SKY COVER 0.2


WEATHER CONDITIONS
 THE FOLLOWING WEATHER WAS RECORDED YESTERDAY.
  THUNDERSTORM


RELATIVE HUMIDITY (PERCENT)
 HIGHEST    73           600 AM
 LOWEST     40          1200 PM
 AVERAGE    57

..........................................................


THE WINSLOW AZ AIRPORT CLIMATE NORMALS FOR TODAY
                         NORMAL    RECORD    YEAR
 MAXIMUM TEMPERATURE (F)   93       103      1979
 MINIMUM TEMPERATURE (F)   63        48      1921


SUNRISE AND SUNSET
AUGUST  2 2015........SUNRISE   533 AM MST   SUNSET   725 PM MST
AUGUST  3 2015........SUNRISE   534 AM MST   SUNSET   724 PM MST


-  INDICATES NEGATIVE NUMBERS.
R  INDICATES RECORD WAS SET OR TIED.
MM INDICATES DATA IS MISSING.
T  INDICATES TRACE AMOUNT.




$$
