000
CDUS45 KFGZ 160746
CLIINW
CLIMATE REPORT
NATIONAL WEATHER SERVICE FLAGSTAFF, AZ
557 PM MST SUN JAN 15 2017


...................................

...THE WINSLOW AZ AIRPORT CLIMATE SUMMARY FOR JANUARY 15 2017...
VALID TODAY AS OF 0500 PM LOCAL TIME.

CLIMATE NORMAL PERIOD 1981 TO 2010
CLIMATE RECORD PERIOD 1915 TO 2017


WEATHER ITEM   OBSERVED TIME   RECORD YEAR NORMAL DEPARTURE LAST
                VALUE   (LST)  VALUE       VALUE  FROM      YEAR
                                                  NORMAL
..................................................................
TEMPERATURE (F)
 TODAY
  MAXIMUM         49    307 PM  73    1943  49      0       45
  MINIMUM         38    341 AM  -3    1968  21     17       20
                                      1937
  AVERAGE         44                        35      9       33

PRECIPITATION (IN)
  TODAY            0.00          0.19 1935   0.02  -0.02     0.06
  MONTH TO DATE    0.63                      0.26   0.37     0.18
  SINCE SEP 1      3.71                      2.74   0.97     4.20
  SINCE JAN 1      0.63                      0.26   0.37     0.18

DEGREE DAYS
 HEATING
  TODAY           21                        30     -9       32
  MONTH TO DATE  325                       461   -136      483
  SINCE JUL 1   1824                      2339   -515     2264

 COOLING
  TODAY            0                         0      0        0
  MONTH TO DATE    0                         0      0        0
  SINCE JAN 1      0                         0      0        0
..................................................................


WIND (MPH)
  HIGHEST WIND SPEED    13   HIGHEST WIND DIRECTION    NW (320)
  HIGHEST GUST SPEED    15   HIGHEST GUST DIRECTION    NW (310)
  AVERAGE WIND SPEED     8.6


SKY COVER
  POSSIBLE SUNSHINE  MM
  AVERAGE SKY COVER 0.9


WEATHER CONDITIONS
 THE FOLLOWING WEATHER WAS RECORDED TODAY.
  NO SIGNIFICANT WEATHER WAS OBSERVED.


RELATIVE HUMIDITY (PERCENT)
 HIGHEST   100           300 AM
 LOWEST     71           300 PM
 AVERAGE    86

..........................................................


THE WINSLOW AZ AIRPORT CLIMATE NORMALS FOR TOMORROW
                         NORMAL    RECORD    YEAR
 MAXIMUM TEMPERATURE (F)   49        72      2000
 MINIMUM TEMPERATURE (F)   21        -4      1968
                                             1937


SUNRISE AND SUNSET
JANUARY 15 2017.......SUNRISE   730 AM MST   SUNSET   535 PM MST
JANUARY 16 2017.......SUNRISE   730 AM MST   SUNSET   536 PM MST


-  INDICATES NEGATIVE NUMBERS.
R  INDICATES RECORD WAS SET OR TIED.
MM INDICATES DATA IS MISSING.
T  INDICATES TRACE AMOUNT.




$$
