000
CDUS43 KDVN 082227
CLIIOW


CLIMATE REPORT
NATIONAL WEATHER SERVICE QUAD CITIES IA IL
426 PM CST THU DEC 8 2016


...................................

...THE IOWA CITY IA CLIMATE SUMMARY FOR DECEMBER 8 2016...
VALID TODAY AS OF 0400 PM LOCAL TIME.

CLIMATE NORMAL PERIOD 1981 TO 2010
CLIMATE RECORD PERIOD 9999 TO 9999


WEATHER ITEM   OBSERVED TIME   RECORD YEAR NORMAL DEPARTURE LAST
                VALUE   (LST)  VALUE       VALUE  FROM      YEAR
                                                  NORMAL
..................................................................
TEMPERATURE (F)
 TODAY
  MAXIMUM         22    359 PM  MM      MM  35    -13       48
  MINIMUM         14    814 AM  MM      MM  20     -6       26
  AVERAGE         18                        28    -10       37

PRECIPITATION (IN)
  TODAY            T            MM      MM   0.06  -0.06     0.00
  MONTH TO DATE    0.38                      0.55  -0.17     0.03
  SINCE DEC 1      0.38                      0.55  -0.17     0.03
  SINCE JAN 1     32.09                     35.31  -3.22    34.33

DEGREE DAYS
 HEATING
  TODAY           47                        38      9       28
  MONTH TO DATE  268                       288    -20      235
  SINCE DEC 1    268                       288    -20      235
  SINCE JUL 1   1070                      1595   -525     1285

 COOLING
  TODAY            0                         0      0        0
  MONTH TO DATE    0                         0      0        0
  SINCE DEC 1      0                         0      0        0
  SINCE JAN 1   1192                       912    280      934
..................................................................


WIND (MPH)
  HIGHEST WIND SPEED    24   HIGHEST WIND DIRECTION     W (290)
  HIGHEST GUST SPEED    32   HIGHEST GUST DIRECTION     W (290)
  AVERAGE WIND SPEED    15.9


SKY COVER
  POSSIBLE SUNSHINE  MM
  AVERAGE SKY COVER 0.9


WEATHER CONDITIONS
 THE FOLLOWING WEATHER WAS RECORDED TODAY.
  LIGHT SNOW


RELATIVE HUMIDITY (PERCENT)
 HIGHEST    73           700 AM
 LOWEST     67          1200 AM
 AVERAGE    70

..........................................................


THE IOWA CITY IA CLIMATE NORMALS FOR TOMORROW
                         NORMAL    RECORD    YEAR
 MAXIMUM TEMPERATURE (F)   35        MM        MM
 MINIMUM TEMPERATURE (F)   19        MM        MM


SUNRISE AND SUNSET
DECEMBER  8 2016......SUNRISE   721 AM CST   SUNSET   436 PM CST
DECEMBER  9 2016......SUNRISE   722 AM CST   SUNSET   436 PM CST


-  INDICATES NEGATIVE NUMBERS.
R  INDICATES RECORD WAS SET OR TIED.
MM INDICATES DATA IS MISSING.
T  INDICATES TRACE AMOUNT.




$$
