000
CDUS43 KDVN 020913
CLIIOW


CLIMATE REPORT
NATIONAL WEATHER SERVICE QUAD CITIES IA IL
412 AM CDT MON MAY 2 2016


...................................

...THE IOWA CITY IA CLIMATE SUMMARY FOR MAY 1 2016...

CLIMATE NORMAL PERIOD 1981 TO 2010
CLIMATE RECORD PERIOD 9999 TO 9999


WEATHER ITEM   OBSERVED TIME   RECORD YEAR NORMAL DEPARTURE LAST
                VALUE   (LST)  VALUE       VALUE  FROM      YEAR
                                                  NORMAL
..................................................................
TEMPERATURE (F)
 YESTERDAY
  MAXIMUM         50    336 PM  MM      MM  67    -17       68
  MINIMUM         45    507 AM  MM      MM  45      0       36
  AVERAGE         48                        56     -8       52

PRECIPITATION (IN)
  YESTERDAY        0.14         MM      MM   0.15  -0.01     0.00
  MONTH TO DATE    0.14                      0.15  -0.01     0.00
  SINCE MAR 1      4.34                      5.87  -1.53     3.63
  SINCE JAN 1      5.09                      8.03  -2.94     5.21

DEGREE DAYS
 HEATING
  YESTERDAY       17                         9      8       13
  MONTH TO DATE   17                         9      8       13
  SINCE MAR 1   1099                      1252   -153     1241
  SINCE JUL 1   5310                      6202   -892     6606

 COOLING
  YESTERDAY        0                         0      0        0
  MONTH TO DATE    0                         0      0        0
  SINCE MAR 1      6                         4      2        0
  SINCE JAN 1      6                         4      2        0
..................................................................


WIND (MPH)
  HIGHEST WIND SPEED    16   HIGHEST WIND DIRECTION    NE (30)
  HIGHEST GUST SPEED    20   HIGHEST GUST DIRECTION    NE (60)
  AVERAGE WIND SPEED     8.6


SKY COVER
  POSSIBLE SUNSHINE  MM
  AVERAGE SKY COVER 1.0


WEATHER CONDITIONS
 THE FOLLOWING WEATHER WAS RECORDED YESTERDAY.
  LIGHT RAIN
  FOG


RELATIVE HUMIDITY (PERCENT)
 HIGHEST   100           100 AM
 LOWEST     86          1100 AM
 AVERAGE    93

..........................................................


THE IOWA CITY IA CLIMATE NORMALS FOR TODAY
                         NORMAL    RECORD    YEAR
 MAXIMUM TEMPERATURE (F)   67        MM        MM
 MINIMUM TEMPERATURE (F)   46        MM        MM


SUNRISE AND SUNSET
MAY  2 2016...........SUNRISE   601 AM CDT   SUNSET   806 PM CDT
MAY  3 2016...........SUNRISE   600 AM CDT   SUNSET   807 PM CDT


-  INDICATES NEGATIVE NUMBERS.
R  INDICATES RECORD WAS SET OR TIED.
MM INDICATES DATA IS MISSING.
T  INDICATES TRACE AMOUNT.




$$
