000
CDUS41 KCTP 130617
CLIIPT


CLIMATE REPORT
NATIONAL WEATHER SERVICE STATE COLLEGE PA
117 AM EST SAT FEB 13 2016


...................................

...THE WILLIAMSPORT PA CLIMATE SUMMARY FOR FEBRUARY 12 2016...

CLIMATE NORMAL PERIOD 1981 TO 2010
CLIMATE RECORD PERIOD 1895 TO 2016


WEATHER ITEM   OBSERVED TIME   RECORD YEAR NORMAL DEPARTURE LAST
                VALUE   (LST)  VALUE       VALUE  FROM      YEAR
                                                  NORMAL
..................................................................
TEMPERATURE (F)
 YESTERDAY
  MAXIMUM         22    313 PM  59    1999  37    -15       35
  MINIMUM          7    732 AM  -7    2014  21    -14        6
  AVERAGE         15                        29    -14       21

PRECIPITATION (IN)
  YESTERDAY        T             0.92 1910   0.08  -0.08     0.01
  MONTH TO DATE    1.18                      1.00   0.18     0.80
  SINCE DEC 1      6.60                      6.63  -0.03     5.11
  SINCE JAN 1      3.24                      3.70  -0.46     2.51

SNOWFALL (IN)
  YESTERDAY        T            11.0  1910   0.3   -0.3       T
  MONTH TO DATE    2.6                       3.8   -1.2      4.7
  SINCE DEC 1      3.5                      21.2  -17.7     23.4
  SINCE JUL 1      3.5                      23.0  -19.5     28.5
  SNOW DEPTH       1

DEGREE DAYS
 HEATING
  YESTERDAY       50                        36     14       44
  MONTH TO DATE  379                       441    -62      491
  SINCE DEC 1   2179                      2675   -496     2651
  SINCE JUL 1   3106                      3920   -814     3821

 COOLING
  YESTERDAY        0                         0      0        0
  MONTH TO DATE    0                         0      0        0
  SINCE DEC 1      0                         0      0        0
  SINCE JAN 1      0                         0      0        0
..................................................................


WIND (MPH)
  HIGHEST WIND SPEED    14   HIGHEST WIND DIRECTION     W (280)
  HIGHEST GUST SPEED    20   HIGHEST GUST DIRECTION     W (270)
  AVERAGE WIND SPEED     4.2


SKY COVER
  POSSIBLE SUNSHINE  MM
  AVERAGE SKY COVER 0.7


WEATHER CONDITIONS
 THE FOLLOWING WEATHER WAS RECORDED YESTERDAY.
  LIGHT SNOW


RELATIVE HUMIDITY (PERCENT)
 HIGHEST    73           700 AM
 LOWEST     47           200 PM
 AVERAGE    60

..........................................................


THE WILLIAMSPORT PA CLIMATE NORMALS FOR TODAY
                         NORMAL    RECORD    YEAR
 MAXIMUM TEMPERATURE (F)   37        54      1937
                                             1918
 MINIMUM TEMPERATURE (F)   21        -6      1917


SUNRISE AND SUNSET
FEBRUARY 13 2016......SUNRISE   706 AM EST   SUNSET   539 PM EST
FEBRUARY 14 2016......SUNRISE   704 AM EST   SUNSET   540 PM EST


-  INDICATES NEGATIVE NUMBERS.
R  INDICATES RECORD WAS SET OR TIED.
MM INDICATES DATA IS MISSING.
T  INDICATES TRACE AMOUNT.




$$
