000
CDUS41 KCTP 190645
CLIIPT


CLIMATE REPORT
NATIONAL WEATHER SERVICE STATE COLLEGE PA
144 AM EST SUN NOV 19 2017


...................................

...THE WILLIAMSPORT PA CLIMATE SUMMARY FOR NOVEMBER 18 2017...

CLIMATE NORMAL PERIOD 1981 TO 2010
CLIMATE RECORD PERIOD 1895 TO 2017


WEATHER ITEM   OBSERVED TIME   RECORD YEAR NORMAL DEPARTURE LAST
                VALUE   (LST)  VALUE       VALUE  FROM      YEAR
                                                  NORMAL
..................................................................
TEMPERATURE (F)
 YESTERDAY
  MAXIMUM         47   1033 PM  73    1896  49     -2       60
  MINIMUM         29    355 AM  11    1924  33     -4       32
  AVERAGE         38                        41     -3       46

PRECIPITATION (IN)
  YESTERDAY        0.31          1.98 1927   0.14   0.17     0.00
  MONTH TO DATE    1.19                      2.13  -0.94     0.23
  SINCE SEP 1      9.13                      9.71  -0.58     7.13
  SINCE JAN 1     45.16                     36.74   8.42    30.56

SNOWFALL (IN)
  YESTERDAY        0.0           3.3  2007   0.1   -0.1      0.0
  MONTH TO DATE    T                         0.7   -0.7      0.0
  SINCE SEP 1      T                         0.8   -0.8      0.0
  SINCE JUL 1      T                         0.8   -0.8      0.0
  SNOW DEPTH       0

DEGREE DAYS
 HEATING
  YESTERDAY       27                        24      3       19
  MONTH TO DATE  405                       382     23      322
  SINCE SEP 1    689                       911   -222      656
  SINCE JUL 1    691                       925   -234      656

 COOLING
  YESTERDAY        0                         0      0        0
  MONTH TO DATE    0                         0      0        0
  SINCE SEP 1    187                        68    119      175
  SINCE JAN 1    929                       702    227     1148
..................................................................


WIND (MPH)
  HIGHEST WIND SPEED    20   HIGHEST WIND DIRECTION    NE (50)
  HIGHEST GUST SPEED    24   HIGHEST GUST DIRECTION    SE (140)
  AVERAGE WIND SPEED     7.2


SKY COVER
  POSSIBLE SUNSHINE  MM
  AVERAGE SKY COVER 0.7


WEATHER CONDITIONS
 THE FOLLOWING WEATHER WAS RECORDED YESTERDAY.
  RAIN
  LIGHT RAIN
  FOG


RELATIVE HUMIDITY (PERCENT)
 HIGHEST    96           900 PM
 LOWEST     59           800 AM
 AVERAGE    78

..........................................................


THE WILLIAMSPORT PA CLIMATE NORMALS FOR TODAY
                         NORMAL    RECORD    YEAR
 MAXIMUM TEMPERATURE (F)   48        74      1921
 MINIMUM TEMPERATURE (F)   33        13      1924


SUNRISE AND SUNSET
NOVEMBER 19 2017......SUNRISE   701 AM EST   SUNSET   445 PM EST
NOVEMBER 20 2017......SUNRISE   702 AM EST   SUNSET   444 PM EST


-  INDICATES NEGATIVE NUMBERS.
R  INDICATES RECORD WAS SET OR TIED.
MM INDICATES DATA IS MISSING.
T  INDICATES TRACE AMOUNT.




$$
