000
CDUS41 KCTP 010642
CLIIPT


CLIMATE REPORT
NATIONAL WEATHER SERVICE STATE COLLEGE PA
242 AM EDT FRI AUG 1 2014


...................................

...THE WILLIAMSPORT PA CLIMATE SUMMARY FOR JULY 31 2014...

CLIMATE NORMAL PERIOD 1981 TO 2010
CLIMATE RECORD PERIOD 1895 TO 2014


WEATHER ITEM   OBSERVED TIME   RECORD YEAR NORMAL DEPARTURE LAST
                VALUE   (LST)  VALUE       VALUE  FROM      YEAR
                                                  NORMAL
..................................................................
TEMPERATURE (F)
 YESTERDAY
  MAXIMUM         79    529 PM 100    1933  83     -4       81
  MINIMUM         60    604 AM  47    1936  62     -2       57
  AVERAGE         70                        73     -3       69

PRECIPITATION (IN)
  YESTERDAY        0.03          1.89 2004   0.14  -0.11     0.00
  MONTH TO DATE    4.02                      4.34  -0.32     3.12
  SINCE JUN 1      7.48                      8.26  -0.78     7.29
  SINCE JAN 1     22.23                     23.17  -0.94    19.86

DEGREE DAYS
 HEATING
  YESTERDAY        0                         0      0        0
  MONTH TO DATE    0                         0      0        0
  SINCE JUN 1      8                        41    -33        9
  SINCE JUL 1      0                         4     -4        0

 COOLING
  YESTERDAY        5                         8     -3        4
  MONTH TO DATE  238                       244     -6      337
  SINCE JUN 1    407                       390     17      497
  SINCE JAN 1    459                       433     26      568
..................................................................


WIND (MPH)
  HIGHEST WIND SPEED     9   HIGHEST WIND DIRECTION     S (170)
  HIGHEST GUST SPEED    11   HIGHEST GUST DIRECTION     S (170)
  AVERAGE WIND SPEED     2.6


SKY COVER
  POSSIBLE SUNSHINE  MM
  AVERAGE SKY COVER 0.7


WEATHER CONDITIONS
 THE FOLLOWING WEATHER WAS RECORDED YESTERDAY.
  LIGHT RAIN
  FOG
  HAZE


RELATIVE HUMIDITY (PERCENT)
 HIGHEST    90          1200 AM
 LOWEST     56           600 PM
 AVERAGE    73

..........................................................


THE WILLIAMSPORT PA CLIMATE NORMALS FOR TODAY
                         NORMAL    RECORD    YEAR
 MAXIMUM TEMPERATURE (F)   83        99      1955
 MINIMUM TEMPERATURE (F)   62        48      1903


SUNRISE AND SUNSET
AUGUST  1 2014........SUNRISE   603 AM EDT   SUNSET   824 PM EDT
AUGUST  2 2014........SUNRISE   604 AM EDT   SUNSET   823 PM EDT


-  INDICATES NEGATIVE NUMBERS.
R  INDICATES RECORD WAS SET OR TIED.
MM INDICATES DATA IS MISSING.
T  INDICATES TRACE AMOUNT.




$$
