000
CDUS41 KCTP 210707
CLIIPT


CLIMATE REPORT
NATIONAL WEATHER SERVICE STATE COLLEGE PA
206 AM EST SUN DEC 21 2014


...................................

...THE WILLIAMSPORT PA CLIMATE SUMMARY FOR DECEMBER 20 2014...

CLIMATE NORMAL PERIOD 1981 TO 2010
CLIMATE RECORD PERIOD 1895 TO 2014


WEATHER ITEM   OBSERVED TIME   RECORD YEAR NORMAL DEPARTURE LAST
                VALUE   (LST)  VALUE       VALUE  FROM      YEAR
                                                  NORMAL
..................................................................
TEMPERATURE (F)
 YESTERDAY
  MAXIMUM         34    238 PM  62    1957  37     -3       37
  MINIMUM         30    750 AM  -6    1951  23      7       25
  AVERAGE         32                        30      2       31

PRECIPITATION (IN)
  YESTERDAY        0.00          2.40 1957   0.08  -0.08      T
  MONTH TO DATE    2.04                      2.04   0.00     2.12
  SINCE DEC 1      2.04                      2.04   0.00     2.12
  SINCE JAN 1     36.61                     40.39  -3.78    31.17

SNOWFALL (IN)
  YESTERDAY        0.0
  MONTH TO DATE    4.0
  SINCE DEC 1      4.0
  SINCE JUL 1      9.1
  SNOW DEPTH       0

DEGREE DAYS
 HEATING
  YESTERDAY       33                        35     -2       34
  MONTH TO DATE  592                       646    -54      716
  SINCE DEC 1    592                       646    -54      716
  SINCE JUL 1   1762                      1891   -129     1959

 COOLING
  YESTERDAY        0                         0      0        0
  MONTH TO DATE    0                         0      0        0
  SINCE DEC 1      0                         0      0        0
  SINCE JAN 1    713                       702     11      863
..................................................................


WIND (MPH)
  HIGHEST WIND SPEED    15   HIGHEST WIND DIRECTION    NW (320)
  HIGHEST GUST SPEED    19   HIGHEST GUST DIRECTION    NW (330)
  AVERAGE WIND SPEED     3.9


SKY COVER
  POSSIBLE SUNSHINE  MM
  AVERAGE SKY COVER 1.0


WEATHER CONDITIONS
 THE FOLLOWING WEATHER WAS RECORDED YESTERDAY.
  NO SIGNIFICANT WEATHER WAS OBSERVED.


RELATIVE HUMIDITY (PERCENT)
 HIGHEST    69          1000 PM
 LOWEST     56          1200 PM
 AVERAGE    63

..........................................................


THE WILLIAMSPORT PA CLIMATE NORMALS FOR TODAY
                         NORMAL    RECORD    YEAR
 MAXIMUM TEMPERATURE (F)   36        60      1895
 MINIMUM TEMPERATURE (F)   23        -3      1980
                                             1942


SUNRISE AND SUNSET
DECEMBER 21 2014......SUNRISE   730 AM EST   SUNSET   442 PM EST
DECEMBER 22 2014......SUNRISE   730 AM EST   SUNSET   442 PM EST


-  INDICATES NEGATIVE NUMBERS.
R  INDICATES RECORD WAS SET OR TIED.
MM INDICATES DATA IS MISSING.
T  INDICATES TRACE AMOUNT.




$$
