000
CDUS41 KCTP 240606
CLIIPT


CLIMATE REPORT
NATIONAL WEATHER SERVICE STATE COLLEGE PA
206 AM EDT FRI MAR 24 2017


...................................

...THE WILLIAMSPORT PA CLIMATE SUMMARY FOR MARCH 23 2017...

CLIMATE NORMAL PERIOD 1981 TO 2010
CLIMATE RECORD PERIOD 1895 TO 2017


WEATHER ITEM   OBSERVED TIME   RECORD YEAR NORMAL DEPARTURE LAST
                VALUE   (LST)  VALUE       VALUE  FROM      YEAR
                                                  NORMAL
..................................................................
TEMPERATURE (F)
 YESTERDAY
  MAXIMUM         44    407 PM  80    2012  51     -7       74
                                      1938
  MINIMUM         19    630 AM   8    1906  31    -12       35
  AVERAGE         32                        41     -9       55

PRECIPITATION (IN)
  YESTERDAY        0.00          1.58 1903   0.10  -0.10     0.00
  MONTH TO DATE    2.36                      2.11   0.25     0.61
  SINCE MAR 1      2.36                      2.11   0.25     0.61
  SINCE JAN 1      7.66                      7.15   0.51     7.03

SNOWFALL (IN)
  YESTERDAY        0.0           8.9  1950   0.2   -0.2      0.0
  MONTH TO DATE   22.6                       5.8   16.8      0.2
  SINCE MAR 1     22.6                       5.8   16.8      0.2
  SINCE JUL 1     41.1                      33.8    7.3      5.9
  SNOW DEPTH       0

DEGREE DAYS
 HEATING
  YESTERDAY       33                        24      9       10
  MONTH TO DATE  706                       650     56      455
  SINCE MAR 1    706                       650     56      455
  SINCE JUL 1   4342                      5117   -775     4098

 COOLING
  YESTERDAY        0                         0      0        0
  MONTH TO DATE    0                         0      0        0
  SINCE MAR 1      0                         0      0        0
  SINCE JAN 1      0                         0      0        0
..................................................................


WIND (MPH)
  HIGHEST WIND SPEED    12   HIGHEST WIND DIRECTION    NE (60)
  HIGHEST GUST SPEED    15   HIGHEST GUST DIRECTION     W (280)
  AVERAGE WIND SPEED     5.0


SKY COVER
  POSSIBLE SUNSHINE  MM
  AVERAGE SKY COVER 0.0


WEATHER CONDITIONS
 THE FOLLOWING WEATHER WAS RECORDED YESTERDAY.
  NO SIGNIFICANT WEATHER WAS OBSERVED.


RELATIVE HUMIDITY (PERCENT)
 HIGHEST    62           600 AM
 LOWEST     19           300 PM
 AVERAGE    41

..........................................................


THE WILLIAMSPORT PA CLIMATE NORMALS FOR TODAY
                         NORMAL    RECORD    YEAR
 MAXIMUM TEMPERATURE (F)   51        74      1939
                                             1938
 MINIMUM TEMPERATURE (F)   31         3      1906


SUNRISE AND SUNSET
MARCH 24 2017.........SUNRISE   704 AM EDT   SUNSET   724 PM EDT
MARCH 25 2017.........SUNRISE   702 AM EDT   SUNSET   726 PM EDT


-  INDICATES NEGATIVE NUMBERS.
R  INDICATES RECORD WAS SET OR TIED.
MM INDICATES DATA IS MISSING.
T  INDICATES TRACE AMOUNT.




$$
