000
CDUS41 KCTP 030646
CLIIPT


CLIMATE REPORT
NATIONAL WEATHER SERVICE STATE COLLEGE PA
146 AM EST SAT DEC 3 2016


...................................

...THE WILLIAMSPORT PA CLIMATE SUMMARY FOR DECEMBER 2 2016...

CLIMATE NORMAL PERIOD 1981 TO 2010
CLIMATE RECORD PERIOD 1895 TO 2016


WEATHER ITEM   OBSERVED TIME   RECORD YEAR NORMAL DEPARTURE LAST
                VALUE   (LST)  VALUE       VALUE  FROM      YEAR
                                                  NORMAL
..................................................................
TEMPERATURE (F)
 YESTERDAY
  MAXIMUM         46    213 PM  64    1970  43      3       51
  MINIMUM         39    853 PM   7    1967  29     10       43
  AVERAGE         43                        36      7       47

PRECIPITATION (IN)
  YESTERDAY        0.01          1.14 1986   0.11  -0.10     0.60
  MONTH TO DATE    0.15                      0.23  -0.08     1.10
  SINCE DEC 1      0.15                      0.23  -0.08     1.10
  SINCE JAN 1     31.68                     38.58  -6.90    38.30

SNOWFALL (IN)
  YESTERDAY        0.0           3.2  1952   0.1   -0.1      0.0
  MONTH TO DATE    0.0                       0.3   -0.3      0.0
  SINCE DEC 1      0.0                       0.3   -0.3      0.0
  SINCE JUL 1      0.1                       2.1   -2.0       T
  SNOW DEPTH       0

DEGREE DAYS
 HEATING
  YESTERDAY       22                        29     -7       18
  MONTH TO DATE   37                        58    -21       40
  SINCE DEC 1     37                        58    -21       40
  SINCE JUL 1    971                      1303   -332      967

 COOLING
  YESTERDAY        0                         0      0        0
  MONTH TO DATE    0                         0      0        0
  SINCE DEC 1      0                         0      0        0
  SINCE JAN 1   1148                       702    446      937
..................................................................


WIND (MPH)
  HIGHEST WIND SPEED    22   HIGHEST WIND DIRECTION    SW (240)
  HIGHEST GUST SPEED    26   HIGHEST GUST DIRECTION     W (250)
  AVERAGE WIND SPEED    12.0


SKY COVER
  POSSIBLE SUNSHINE  MM
  AVERAGE SKY COVER 0.9


WEATHER CONDITIONS
 THE FOLLOWING WEATHER WAS RECORDED YESTERDAY.
  LIGHT RAIN


RELATIVE HUMIDITY (PERCENT)
 HIGHEST    79           900 PM
 LOWEST     53           200 PM
 AVERAGE    66

..........................................................


THE WILLIAMSPORT PA CLIMATE NORMALS FOR TODAY
                         NORMAL    RECORD    YEAR
 MAXIMUM TEMPERATURE (F)   42        66      1998
 MINIMUM TEMPERATURE (F)   28         5      1976


SUNRISE AND SUNSET
DECEMBER  3 2016......SUNRISE   716 AM EST   SUNSET   439 PM EST
DECEMBER  4 2016......SUNRISE   717 AM EST   SUNSET   439 PM EST


-  INDICATES NEGATIVE NUMBERS.
R  INDICATES RECORD WAS SET OR TIED.
MM INDICATES DATA IS MISSING.
T  INDICATES TRACE AMOUNT.




$$
