000
CDUS41 KCTP 270624
CLIIPT


CLIMATE REPORT
NATIONAL WEATHER SERVICE STATE COLLEGE PA
224 AM EDT WED AUG 27 2014


...................................

...THE WILLIAMSPORT PA CLIMATE SUMMARY FOR AUGUST 26 2014...

CLIMATE NORMAL PERIOD 1981 TO 2010
CLIMATE RECORD PERIOD 1895 TO 2014


WEATHER ITEM   OBSERVED TIME   RECORD YEAR NORMAL DEPARTURE LAST
                VALUE   (LST)  VALUE       VALUE  FROM      YEAR
                                                  NORMAL
..................................................................
TEMPERATURE (F)
 YESTERDAY
  MAXIMUM         85    252 PM  98    1948  80      5       89
  MINIMUM         57    340 AM  42    1944  60     -3       62
                                      1942
  AVERAGE         71                        70      1       76

PRECIPITATION (IN)
  YESTERDAY        0.00          1.48 1906   0.12  -0.12     0.04
  MONTH TO DATE    6.29                      3.25   3.04     1.70
  SINCE JUN 1     13.77                     11.51   2.26     8.99
  SINCE JAN 1     28.52                     26.42   2.10    21.56

DEGREE DAYS
 HEATING
  YESTERDAY        0                         1     -1        0
  MONTH TO DATE    4                         2      2        5
  SINCE JUN 1     12                        43    -31       14
  SINCE JUL 1      4                         6     -2        5

 COOLING
  YESTERDAY        6                         5      1       11
  MONTH TO DATE  137                       177    -40      135
  SINCE JUN 1    544                       567    -23      632
  SINCE JAN 1    596                       610    -14      703
..................................................................


WIND (MPH)
  HIGHEST WIND SPEED    13   HIGHEST WIND DIRECTION     S (160)
  HIGHEST GUST SPEED    15   HIGHEST GUST DIRECTION     S (160)
  AVERAGE WIND SPEED     2.5


SKY COVER
  POSSIBLE SUNSHINE  MM
  AVERAGE SKY COVER 0.3


WEATHER CONDITIONS
 THE FOLLOWING WEATHER WAS RECORDED YESTERDAY.
  FOG
  FOG W/VISIBILITY <= 1/4 MILE
  HAZE


RELATIVE HUMIDITY (PERCENT)
 HIGHEST    93           300 AM
 LOWEST     44           300 PM
 AVERAGE    69

..........................................................


THE WILLIAMSPORT PA CLIMATE NORMALS FOR TODAY
                         NORMAL    RECORD    YEAR
 MAXIMUM TEMPERATURE (F)   80        98      1948
 MINIMUM TEMPERATURE (F)   59        41      1944


SUNRISE AND SUNSET
AUGUST 27 2014........SUNRISE   629 AM EDT   SUNSET   749 PM EDT
AUGUST 28 2014........SUNRISE   630 AM EDT   SUNSET   747 PM EDT


-  INDICATES NEGATIVE NUMBERS.
R  INDICATES RECORD WAS SET OR TIED.
MM INDICATES DATA IS MISSING.
T  INDICATES TRACE AMOUNT.




$$
