000
CDUS43 KEAX 192123
CLIIRK


CLIMATE REPORT
NATIONAL WEATHER SERVICE KANSAS CITY/PLEASANT HILL MO
423 PM CDT THU OCT 19 2017


...................................

...THE KIRKSVILLE MO CLIMATE SUMMARY FOR OCTOBER 19 2017...
VALID AS OF 0400 PM LOCAL TIME.

CLIMATE NORMAL PERIOD 1981 TO 2010
CLIMATE RECORD PERIOD 9999 TO 9999


WEATHER ITEM   OBSERVED TIME   NORMAL DEPARTURE LAST
                VALUE   (LST)  VALUE  FROM      YEAR
                                      NORMAL
......................................................
TEMPERATURE (F)
 TODAY
  MAXIMUM         76    259 PM  63     13       64
  MINIMUM         47    627 AM  41      6       49
  AVERAGE         62            52     10       57

PRECIPITATION (IN)
  TODAY            0.00          0.12  -0.12     0.00
  MONTH TO DATE    5.10          2.12   2.98     1.95
  SINCE SEP 1      5.33          6.23  -0.90     4.07
  SINCE JAN 1     29.60         33.64  -4.04    27.21

DEGREE DAYS
 HEATING
  TODAY            3            13    -10        8
  MONTH TO DATE   79           197   -118       89
  SINCE SEP 1    116           297   -181      118
  SINCE JUL 1    117           304   -187      124

 COOLING
  TODAY            0             0      0        0
  MONTH TO DATE   34            10     24       44
  SINCE SEP 1    190            93     97      220
  SINCE JAN 1   1115           937    178     1298
......................................................


WIND (MPH)
  HIGHEST WIND SPEED    12   HIGHEST WIND DIRECTION     S (180)
  HIGHEST GUST SPEED    16   HIGHEST GUST DIRECTION    SE (150)
  AVERAGE WIND SPEED     5.3


SKY COVER
  AVERAGE SKY COVER 0.0


WEATHER CONDITIONS
 THE FOLLOWING WEATHER WAS RECORDED TODAY.
  NO SIGNIFICANT WEATHER WAS OBSERVED.


RELATIVE HUMIDITY (PERCENT)
 HIGHEST   100           500 AM
 LOWEST     46           300 PM
 AVERAGE    73

..........................................................


THE KIRKSVILLE MO CLIMATE NORMALS FOR TOMORROW
                         NORMAL
 MAXIMUM TEMPERATURE (F)   63
 MINIMUM TEMPERATURE (F)   41


SUNRISE AND SUNSET
OCTOBER 19 2017.......SUNRISE   725 AM CDT   SUNSET   624 PM CDT
OCTOBER 20 2017.......SUNRISE   726 AM CDT   SUNSET   623 PM CDT


-  INDICATES NEGATIVE NUMBERS.
R  INDICATES RECORD WAS SET OR TIED.
MM INDICATES DATA IS MISSING.
T  INDICATES TRACE AMOUNT.




$$
