000
CDUS43 KEAX 120640
CLIIRK


CLIMATE REPORT
NATIONAL WEATHER SERVICE KANSAS CITY/PLEASANT HILL MO
1240 AM CST TUE DEC 12 2017


...................................

...THE KIRKSVILLE MO CLIMATE SUMMARY FOR DECEMBER 11 2017...

CLIMATE NORMAL PERIOD 1981 TO 2010
CLIMATE RECORD PERIOD 9999 TO 9999


WEATHER ITEM   OBSERVED TIME   NORMAL DEPARTURE LAST
                VALUE   (LST)  VALUE  FROM      YEAR
                                      NORMAL
......................................................
TEMPERATURE (F)
 YESTERDAY
  MAXIMUM         52   1237 PM  38     14       41
  MINIMUM         30   1159 PM  21      9       26
  AVERAGE         41            30     11       34

PRECIPITATION (IN)
  YESTERDAY        0.00          0.07  -0.07     0.06
  MONTH TO DATE    0.58          0.72  -0.14     0.56
  SINCE DEC 1      0.58          0.72  -0.14     0.56
  SINCE JAN 1     32.14         38.28  -6.14    30.28

DEGREE DAYS
 HEATING
  YESTERDAY       24            35    -11       31
  MONTH TO DATE  308           370    -62      383
  SINCE DEC 1    308           370    -62      383
  SINCE JUL 1   1327          1591   -264     1105

 COOLING
  YESTERDAY        0             0      0        0
  MONTH TO DATE    0             0      0        0
  SINCE DEC 1      0             0      0        0
  SINCE JAN 1   1121           939    182     1313
......................................................


WIND (MPH)
  HIGHEST WIND SPEED    31   HIGHEST WIND DIRECTION    NW (300)
  HIGHEST GUST SPEED    45   HIGHEST GUST DIRECTION    NW (300)
  AVERAGE WIND SPEED    14.8


SKY COVER
  AVERAGE SKY COVER 0.5


WEATHER CONDITIONS
 THE FOLLOWING WEATHER WAS RECORDED YESTERDAY.
  NO SIGNIFICANT WEATHER WAS OBSERVED.


RELATIVE HUMIDITY (PERCENT)
 HIGHEST    89           900 PM
 LOWEST     42          1100 AM
 AVERAGE    66

..........................................................


THE KIRKSVILLE MO CLIMATE NORMALS FOR TODAY
                         NORMAL
 MAXIMUM TEMPERATURE (F)   38
 MINIMUM TEMPERATURE (F)   21


SUNRISE AND SUNSET
DECEMBER 12 2017......SUNRISE   723 AM CST   SUNSET   445 PM CST
DECEMBER 13 2017......SUNRISE   724 AM CST   SUNSET   445 PM CST


-  INDICATES NEGATIVE NUMBERS.
R  INDICATES RECORD WAS SET OR TIED.
MM INDICATES DATA IS MISSING.
T  INDICATES TRACE AMOUNT.




$$
