000
CDUS43 KEAX 290647
CLIIRK


CLIMATE REPORT
NATIONAL WEATHER SERVICE KANSAS CITY/PLEASANT HILL MO
147 AM CDT FRI APR 29 2016


...................................

...THE KIRKSVILLE MO CLIMATE SUMMARY FOR APRIL 28 2016...

CLIMATE NORMAL PERIOD 1981 TO 2010
CLIMATE RECORD PERIOD 9999 TO 9999


WEATHER ITEM   OBSERVED TIME   NORMAL DEPARTURE LAST
                VALUE   (LST)  VALUE  FROM      YEAR
                                      NORMAL
......................................................
TEMPERATURE (F)
 YESTERDAY
  MAXIMUM         60    134 PM  67     -7       72
  MINIMUM         45    124 AM  45      0       37
  AVERAGE         53            56     -3       55

PRECIPITATION (IN)
  YESTERDAY        0.00          0.17  -0.17     0.00
  MONTH TO DATE    2.72          3.47  -0.75     3.71
  SINCE MAR 1      4.71          6.02  -1.31     4.53
  SINCE JAN 1      7.30          8.82  -1.52     6.58

DEGREE DAYS
 HEATING
  YESTERDAY       12             9      3       10
  MONTH TO DATE  313           384    -71      268
  SINCE MAR 1    839          1138   -299      954
  SINCE JUL 1   4546          5671  -1125     5633

 COOLING
  YESTERDAY        0             0      0        0
  MONTH TO DATE    8             0      8        2
  SINCE MAR 1      8             0      8        3
  SINCE JAN 1      8             0      8        3
......................................................


WIND (MPH)
  HIGHEST WIND SPEED    18   HIGHEST WIND DIRECTION     W (260)
  HIGHEST GUST SPEED    25   HIGHEST GUST DIRECTION     W (250)
  AVERAGE WIND SPEED     7.9


SKY COVER
  AVERAGE SKY COVER 0.8


WEATHER CONDITIONS
 THE FOLLOWING WEATHER WAS RECORDED YESTERDAY.
  FOG


RELATIVE HUMIDITY (PERCENT)
 HIGHEST    93          1200 AM
 LOWEST     66           600 PM
 AVERAGE    80

..........................................................


THE KIRKSVILLE MO CLIMATE NORMALS FOR TODAY
                         NORMAL
 MAXIMUM TEMPERATURE (F)   67
 MINIMUM TEMPERATURE (F)   46


SUNRISE AND SUNSET
APRIL 29 2016.........SUNRISE   612 AM CDT   SUNSET   804 PM CDT
APRIL 30 2016.........SUNRISE   611 AM CDT   SUNSET   805 PM CDT


-  INDICATES NEGATIVE NUMBERS.
R  INDICATES RECORD WAS SET OR TIED.
MM INDICATES DATA IS MISSING.
T  INDICATES TRACE AMOUNT.




$$
