000
CDUS43 KEAX 300632
CLIIRK


CLIMATE REPORT
NATIONAL WEATHER SERVICE KANSAS CITY/PLEASANT HILL MO
132 AM CDT THU JUL 30 2015


...................................

...THE KIRKSVILLE MO CLIMATE SUMMARY FOR JULY 29 2015...

CLIMATE NORMAL PERIOD 1981 TO 2010
CLIMATE RECORD PERIOD 9999 TO 9999


WEATHER ITEM   OBSERVED TIME   NORMAL DEPARTURE LAST
                VALUE   (LST)  VALUE  FROM      YEAR
                                      NORMAL
......................................................
TEMPERATURE (F)
 YESTERDAY
  MAXIMUM         84    349 PM  86     -2       81
  MINIMUM         64   1159 PM  65     -1       52
  AVERAGE         74            76     -2       67

PRECIPITATION (IN)
  YESTERDAY        0.29          0.16   0.13     0.00
  MONTH TO DATE    6.85          4.33   2.52     2.81
  SINCE JUN 1     18.04          9.11   8.93    10.23
  SINCE JAN 1     28.80         23.26   5.54    19.33

DEGREE DAYS
 HEATING
  YESTERDAY        0             0      0        0
  MONTH TO DATE    5             0      5        6
  SINCE JUN 1     20            16      4       12
  SINCE JUL 1      5             0      5        6

 COOLING
  YESTERDAY        9            11     -2        2
  MONTH TO DATE  311           294     17      184
  SINCE JUN 1    553           486     67      431
  SINCE JAN 1    621           548     73      553
......................................................


WIND (MPH)
  HIGHEST WIND SPEED    21   HIGHEST WIND DIRECTION    NW (320)
  HIGHEST GUST SPEED    30   HIGHEST GUST DIRECTION    NW (320)
  AVERAGE WIND SPEED     7.4


SKY COVER
  AVERAGE SKY COVER 0.2


WEATHER CONDITIONS
 THE FOLLOWING WEATHER WAS RECORDED YESTERDAY.
  THUNDERSTORM
  RAIN
  LIGHT RAIN
  FOG


RELATIVE HUMIDITY (PERCENT)
 HIGHEST    93           500 AM
 LOWEST     43           400 PM
 AVERAGE    68

..........................................................


THE KIRKSVILLE MO CLIMATE NORMALS FOR TODAY
                         NORMAL
 MAXIMUM TEMPERATURE (F)   86
 MINIMUM TEMPERATURE (F)   65


SUNRISE AND SUNSET
JULY 30 2015..........SUNRISE   606 AM CDT   SUNSET   826 PM CDT
JULY 31 2015..........SUNRISE   607 AM CDT   SUNSET   825 PM CDT


-  INDICATES NEGATIVE NUMBERS.
R  INDICATES RECORD WAS SET OR TIED.
MM INDICATES DATA IS MISSING.
T  INDICATES TRACE AMOUNT.




$$
