000
CDUS43 KEAX 181248
CLIIRK


CLIMATE REPORT
NATIONAL WEATHER SERVICE KANSAS CITY/PLEASANT HILL MO
732 AM CDT THU SEP 18 2014


...................................

...THE KIRKSVILLE MO CLIMATE SUMMARY FOR SEPTEMBER 18 2014...
VALID AS OF 0700 AM LOCAL TIME.

CLIMATE NORMAL PERIOD 1981 TO 2010
CLIMATE RECORD PERIOD 9999 TO 9999


WEATHER ITEM   OBSERVED TIME   NORMAL DEPARTURE LAST
                VALUE   (LST)  VALUE  FROM      YEAR
                                      NORMAL
......................................................
TEMPERATURE (F)
 TODAY
  MAXIMUM         56    246 AM  75    -19       90
  MINIMUM         53    559 AM  52      1       63
  AVERAGE         55            63     -8       77

PRECIPITATION (IN)
  TODAY            0.00          0.14  -0.14     0.02
  MONTH TO DATE   10.07          2.65   7.42     0.93
  SINCE SEP 1     10.07          2.65   7.42     0.93
  SINCE JAN 1     38.16         30.06   8.10    30.82

DEGREE DAYS
 HEATING
  TODAY           10             3      7        0
  MONTH TO DATE   93            32     61       19
  SINCE SEP 1     93            32     61       19
  SINCE JUL 1     99            39     60       32

 COOLING
  TODAY            0             2     -2       12
  MONTH TO DATE   59            66     -7      157
  SINCE SEP 1     59            66     -7      157
  SINCE JAN 1    925           910     15      967
......................................................


WIND (MPH)
  HIGHEST WIND SPEED     7   HIGHEST WIND DIRECTION     E (90)
  HIGHEST GUST SPEED     9   HIGHEST GUST DIRECTION     E (70)
  AVERAGE WIND SPEED     3.8


SKY COVER
  AVERAGE SKY COVER 0.7


WEATHER CONDITIONS
 THE FOLLOWING WEATHER WAS RECORDED TODAY.
  FOG
  FOG W/VISIBILITY <= 1/4 MILE


RELATIVE HUMIDITY (PERCENT)
 HIGHEST   100          1200 AM
 LOWEST    100          1200 AM
 AVERAGE   100

..........................................................


THE KIRKSVILLE MO CLIMATE NORMALS FOR TOMORROW
                         NORMAL
 MAXIMUM TEMPERATURE (F)   75
 MINIMUM TEMPERATURE (F)   52


SUNRISE AND SUNSET
SEPTEMBER 18 2014.....SUNRISE   654 AM CDT   SUNSET   714 PM CDT
SEPTEMBER 19 2014.....SUNRISE   655 AM CDT   SUNSET   712 PM CDT


-  INDICATES NEGATIVE NUMBERS.
R  INDICATES RECORD WAS SET OR TIED.
MM INDICATES DATA IS MISSING.
T  INDICATES TRACE AMOUNT.




$$
