341
CDUS43 KEAX 190035
CLIIRK


CLIMATE REPORT
NATIONAL WEATHER SERVICE KANSAS CITY/PLEASANT HILL MO
634 PM CST SUN FEB 18 2018


...................................

...THE KIRKSVILLE MO CLIMATE SUMMARY FOR FEBRUARY 18 2018...
VALID TODAY AS OF 0600 PM LOCAL TIME.

CLIMATE NORMAL PERIOD 1981 TO 2010
CLIMATE RECORD PERIOD 9999 TO 9999


WEATHER ITEM   OBSERVED TIME   NORMAL DEPARTURE LAST
                VALUE   (LST)  VALUE  FROM      YEAR
                                      NORMAL
......................................................
TEMPERATURE (F)
 TODAY
  MAXIMUM         54    441 PM  40     14       71
  MINIMUM         22    122 AM  21      1       40
  AVERAGE         38            30      8       56

PRECIPITATION (IN)
  TODAY            0.00          0.05  -0.05     0.00
  MONTH TO DATE    0.46          0.97  -0.51     0.12
  SINCE DEC 1      2.21          3.99  -1.78     2.98
  SINCE JAN 1      1.43          2.24  -0.81     1.75

DEGREE DAYS
 HEATING
  TODAY           27            35     -8        9
  MONTH TO DATE  724           659     65      487
  SINCE DEC 1   3047          2985     62     2645
  SINCE JUL 1   4066          4206   -140     3367

 COOLING
  TODAY            0             0      0        0
  MONTH TO DATE    0             0      0        0
  SINCE DEC 1      0             0      0        0
  SINCE JAN 1      0             0      0        0
......................................................


WIND (MPH)
  HIGHEST WIND SPEED    29   HIGHEST WIND DIRECTION     S (180)
  HIGHEST GUST SPEED    39   HIGHEST GUST DIRECTION    SE (150)
  AVERAGE WIND SPEED    14.0


SKY COVER
  AVERAGE SKY COVER 0.0


WEATHER CONDITIONS
 THE FOLLOWING WEATHER WAS RECORDED TODAY.
  NO SIGNIFICANT WEATHER WAS OBSERVED.


RELATIVE HUMIDITY (PERCENT)
 HIGHEST    89           900 AM
 LOWEST     38           100 PM
 AVERAGE    64

..........................................................


THE KIRKSVILLE MO CLIMATE NORMALS FOR TOMORROW
                         NORMAL
 MAXIMUM TEMPERATURE (F)   40
 MINIMUM TEMPERATURE (F)   22


SUNRISE AND SUNSET
FEBRUARY 18 2018......SUNRISE   659 AM CST   SUNSET   550 PM CST
FEBRUARY 19 2018......SUNRISE   658 AM CST   SUNSET   551 PM CST


-  INDICATES NEGATIVE NUMBERS.
R  INDICATES RECORD WAS SET OR TIED.
MM INDICATES DATA IS MISSING.
T  INDICATES TRACE AMOUNT.




$$
