375
CDUS43 KBIS 220757
CLIISN


CLIMATE REPORT
NATIONAL WEATHER SERVICE BISMARCK ND
157 AM CST WED FEB 22 2017


...................................

...THE WILLISTON ND CLIMATE SUMMARY FOR FEBRUARY 21 2017...

CLIMATE NORMAL PERIOD 1981 TO 2010
CLIMATE RECORD PERIOD 1894 TO 2017


WEATHER ITEM   OBSERVED TIME   RECORD YEAR NORMAL DEPARTURE LAST
                VALUE   (LST)  VALUE       VALUE  FROM      YEAR
                                                  NORMAL
..................................................................
TEMPERATURE (F)
 YESTERDAY
  MAXIMUM         47    406 PM  58    1984  29     18       32
  MINIMUM         28    750 AM -29    1918   9     19       22
  AVERAGE         38                        19     19       27

PRECIPITATION (IN)
  YESTERDAY        0.02          0.20 1967   0.01   0.01      T
  MONTH TO DATE    0.43                      0.27   0.16     0.70
  SINCE DEC 1      1.83                      1.48   0.35     1.63
  SINCE JAN 1      0.87                      0.86   0.01     1.08

SNOWFALL (IN)
  YESTERDAY       MM
  SNOW DEPTH      MM

DEGREE DAYS
 HEATING
  YESTERDAY       27                        46    -19       38
  MONTH TO DATE  922                      1035   -113      780
  SINCE DEC 1   4108                      4294   -186     3609
  SINCE JUL 1   5687                      6456   -769     5359

 COOLING
  YESTERDAY        0                         0      0        0
  MONTH TO DATE    0                         0      0        0
  SINCE DEC 1      0                         0      0        0
  SINCE JAN 1      0                         0      0        0
..................................................................


WIND (MPH)
  HIGHEST WIND SPEED    20   HIGHEST WIND DIRECTION     W (280)
  HIGHEST GUST SPEED    24   HIGHEST GUST DIRECTION     W (290)
  AVERAGE WIND SPEED     7.8


SKY COVER
  POSSIBLE SUNSHINE  MM
  AVERAGE SKY COVER 0.5


WEATHER CONDITIONS
 THE FOLLOWING WEATHER WAS RECORDED YESTERDAY.
  LIGHT RAIN
  LIGHT SNOW
  FOG


RELATIVE HUMIDITY (PERCENT)
 HIGHEST    96          1100 PM
 LOWEST     58           400 PM
 AVERAGE    77

..........................................................


THE WILLISTON ND CLIMATE NORMALS FOR TODAY
                         NORMAL    RECORD    YEAR
 MAXIMUM TEMPERATURE (F)   30        61      1958
 MINIMUM TEMPERATURE (F)    9       -28      1910


SUNRISE AND SUNSET
FEBRUARY 22 2017......SUNRISE   748 AM CST   SUNSET   628 PM CST
FEBRUARY 23 2017......SUNRISE   746 AM CST   SUNSET   630 PM CST


-  INDICATES NEGATIVE NUMBERS.
R  INDICATES RECORD WAS SET OR TIED.
MM INDICATES DATA IS MISSING.
T  INDICATES TRACE AMOUNT.




$$
