000
CDUS43 KBIS 110736
CLIISN


CLIMATE REPORT
NATIONAL WEATHER SERVICE BISMARCK ND
236 AM CDT FRI JUL 11 2014


...................................

...THE WILLISTON ND CLIMATE SUMMARY FOR JULY 10 2014...

CLIMATE NORMAL PERIOD 1981 TO 2010
CLIMATE RECORD PERIOD 1894 TO 2014


WEATHER ITEM   OBSERVED TIME   RECORD YEAR NORMAL DEPARTURE LAST
                VALUE   (LST)  VALUE       VALUE  FROM      YEAR
                                                  NORMAL
..................................................................
TEMPERATURE (F)
 YESTERDAY
  MAXIMUM         95    551 PM 109    1980  84     11       83
  MINIMUM         66    931 AM  41    1951  55     11       51
  AVERAGE         81                        69     12       67

PRECIPITATION (IN)
  YESTERDAY        T             4.93 1963   0.10  -0.10     0.00
  MONTH TO DATE    0.07                      0.97  -0.90     0.72
  SINCE JUN 1      1.51                      3.49  -1.98     4.88
  SINCE JAN 1      5.60                      8.10  -2.50    12.69

SNOWFALL (IN)
  YESTERDAY       MM             T    1953   0.0   MM       MM
  MONTH TO DATE   MM                         0.0   MM       MM
  SINCE JUN 1      0.0                       0.0    0.0     MM
  SINCE JUL 1     MM                         0.0   MM       MM
  SNOW DEPTH      MM

DEGREE DAYS
 HEATING
  YESTERDAY        0                         1     -1        0
  MONTH TO DATE    8                        12     -4        0
  SINCE JUN 1    118                       132    -14      128
  SINCE JUL 1      8                        12     -4        0

 COOLING
  YESTERDAY       16                         5     11        2
  MONTH TO DATE   63                        46     17       49
  SINCE JUN 1     91                       114    -23       76
  SINCE JAN 1    112                       127    -15       84
..................................................................


WIND (MPH)
  HIGHEST WIND SPEED    26   HIGHEST WIND DIRECTION     N (350)
  HIGHEST GUST SPEED    33   HIGHEST GUST DIRECTION     N (340)
  AVERAGE WIND SPEED     9.8


SKY COVER
  POSSIBLE SUNSHINE  MM
  AVERAGE SKY COVER 0.1


WEATHER CONDITIONS
 THE FOLLOWING WEATHER WAS RECORDED YESTERDAY.
  LIGHT RAIN


RELATIVE HUMIDITY (PERCENT)
 HIGHEST    73          1100 PM
 LOWEST     23           600 PM
 AVERAGE    48

..........................................................


THE WILLISTON ND CLIMATE NORMALS FOR TODAY
                         NORMAL    RECORD    YEAR
 MAXIMUM TEMPERATURE (F)   84       102      1939
 MINIMUM TEMPERATURE (F)   55        43      1941


SUNRISE AND SUNSET
JULY 11 2014..........SUNRISE   606 AM CDT   SUNSET   954 PM CDT
JULY 12 2014..........SUNRISE   607 AM CDT   SUNSET   953 PM CDT


-  INDICATES NEGATIVE NUMBERS.
R  INDICATES RECORD WAS SET OR TIED.
MM INDICATES DATA IS MISSING.
T  INDICATES TRACE AMOUNT.




$$
