000
CDUS43 KBIS 230055
CLIISN


CLIMATE REPORT
NATIONAL WEATHER SERVICE BISMARCK ND
652 PM CST WED NOV 22 2017


...................................

...THE WILLISTON ND CLIMATE SUMMARY FOR NOVEMBER 22 2017...
VALID TODAY AS OF 0600 PM LOCAL TIME.

CLIMATE NORMAL PERIOD 1981 TO 2010
CLIMATE RECORD PERIOD 1894 TO 2017


WEATHER ITEM   OBSERVED TIME   RECORD YEAR NORMAL DEPARTURE LAST
                VALUE   (LST)  VALUE       VALUE  FROM      YEAR
                                                  NORMAL
..................................................................
TEMPERATURE (F)
 TODAY
  MAXIMUM         51    321 PM  62    1939  34     17       36
  MINIMUM         12   1208 AM -26    1898  13     -1       28
  AVERAGE         32                        23      9       32

PRECIPITATION (IN)
  TODAY            T             0.14 1967   0.02  -0.02      T
  MONTH TO DATE    0.26                      0.51  -0.25     0.01
  SINCE SEP 1      2.46                      2.49  -0.03     4.61
  SINCE JAN 1     11.74                     13.61  -1.87    14.36

SNOWFALL (IN)
  TODAY           MM

DEGREE DAYS
 HEATING
  TODAY           33                        42     -9       33
  MONTH TO DATE  915                       784    131      527
  SINCE SEP 1   1790                      1740     50     1300
  SINCE JUL 1   1809                      1811     -2     1310

 COOLING
  TODAY            0                         0      0        0
  MONTH TO DATE    0                         0      0        0
  SINCE SEP 1     38                        27     11       31
  SINCE JAN 1    643                       456    187      521
..................................................................


WIND (MPH)
  HIGHEST WIND SPEED    20   HIGHEST WIND DIRECTION    NW (330)
  HIGHEST GUST SPEED    26   HIGHEST GUST DIRECTION    NW (320)
  AVERAGE WIND SPEED     5.9


SKY COVER
  POSSIBLE SUNSHINE  MM
  AVERAGE SKY COVER 0.3


WEATHER CONDITIONS
 THE FOLLOWING WEATHER WAS RECORDED TODAY.
  NO SIGNIFICANT WEATHER WAS OBSERVED.


RELATIVE HUMIDITY (PERCENT)
 HIGHEST    70          1100 AM
 LOWEST     48           200 PM
 AVERAGE    59

..........................................................


THE WILLISTON ND CLIMATE NORMALS FOR TOMORROW
                         NORMAL    RECORD    YEAR
 MAXIMUM TEMPERATURE (F)   33        56      2011
 MINIMUM TEMPERATURE (F)   13       -21      1996
                                             1900


SUNRISE AND SUNSET
NOVEMBER 22 2017......SUNRISE   812 AM CST   SUNSET   509 PM CST
NOVEMBER 23 2017......SUNRISE   814 AM CST   SUNSET   508 PM CST


-  INDICATES NEGATIVE NUMBERS.
R  INDICATES RECORD WAS SET OR TIED.
MM INDICATES DATA IS MISSING.
T  INDICATES TRACE AMOUNT.




$$
