000
CDUS43 KBIS 240038
CLIISN


CLIMATE REPORT
NATIONAL WEATHER SERVICE BISMARCK ND
737 PM CDT MON MAY 23 2016


...................................

...THE WILLISTON ND CLIMATE SUMMARY FOR MAY 23 2016...
VALID TODAY AS OF 0700 PM LOCAL TIME.

CLIMATE NORMAL PERIOD 1981 TO 2010
CLIMATE RECORD PERIOD 1894 TO 2016


WEATHER ITEM   OBSERVED TIME   RECORD YEAR NORMAL DEPARTURE LAST
                VALUE   (LST)  VALUE       VALUE  FROM      YEAR
                                                  NORMAL
..................................................................
TEMPERATURE (F)
 TODAY
  MAXIMUM         74    239 PM  95    1980  70      4       75
  MINIMUM         39    422 AM  27    2001  43     -4       39
  AVERAGE         57                        56      1       57

PRECIPITATION (IN)
  TODAY            0.00          1.52 1933   0.07  -0.07     0.00
  MONTH TO DATE    0.21                      1.33  -1.12     1.44
  SINCE MAR 1      2.34                      3.04  -0.70     2.18
  SINCE JAN 1      3.47                      4.02  -0.55     3.12

SNOWFALL (IN)
  TODAY           MM

DEGREE DAYS
 HEATING
  TODAY            8                         9     -1        8
  MONTH TO DATE  201                       285    -84      327
  SINCE MAR 1   1668                      2042   -374     1799
  SINCE JUL 1   7278                      8810  -1532     8315

 COOLING
  TODAY            0                         0      0        0
  MONTH TO DATE   10                         0     10        1
  SINCE MAR 1     10                         1      9        1
  SINCE JAN 1     10                         1      9        1
..................................................................


WIND (MPH)
  HIGHEST WIND SPEED    26   HIGHEST WIND DIRECTION     W (260)
  HIGHEST GUST SPEED    37   HIGHEST GUST DIRECTION    SW (230)
  AVERAGE WIND SPEED    10.9


SKY COVER
  POSSIBLE SUNSHINE  MM
  AVERAGE SKY COVER 0.1


WEATHER CONDITIONS
 THE FOLLOWING WEATHER WAS RECORDED TODAY.
  NO SIGNIFICANT WEATHER WAS OBSERVED.


RELATIVE HUMIDITY (PERCENT)
 HIGHEST    79           500 AM
 LOWEST     23           100 PM
 AVERAGE    51

..........................................................


THE WILLISTON ND CLIMATE NORMALS FOR TOMORROW
                         NORMAL    RECORD    YEAR
 MAXIMUM TEMPERATURE (F)   70        92      1980
                                             1977
 MINIMUM TEMPERATURE (F)   43        23      2002


SUNRISE AND SUNSET
MAY 23 2016...........SUNRISE   605 AM CDT   SUNSET   938 PM CDT
MAY 24 2016...........SUNRISE   604 AM CDT   SUNSET   939 PM CDT


-  INDICATES NEGATIVE NUMBERS.
R  INDICATES RECORD WAS SET OR TIED.
MM INDICATES DATA IS MISSING.
T  INDICATES TRACE AMOUNT.




$$
