000
CDUS43 KBIS 012216
CLIISN


CLIMATE REPORT
NATIONAL WEATHER SERVICE BISMARCK ND
515 PM CDT FRI AUG 1 2014


...................................

...THE WILLISTON ND CLIMATE SUMMARY FOR AUGUST 1 2014...
VALID TODAY AS OF 0500 PM LOCAL TIME.

CLIMATE NORMAL PERIOD 1981 TO 2010
CLIMATE RECORD PERIOD 1894 TO 2014


WEATHER ITEM   OBSERVED TIME   RECORD YEAR NORMAL DEPARTURE LAST
                VALUE   (LST)  VALUE       VALUE  FROM      YEAR
                                                  NORMAL
..................................................................
TEMPERATURE (F)
 TODAY
  MAXIMUM         86    357 PM 104    1900  86      0       81
  MINIMUM         64    515 AM  40    1923  57      7       45
  AVERAGE         75                        72      3       63

PRECIPITATION (IN)
  TODAY            0.04          1.19 1998   0.06  -0.02     0.00
  MONTH TO DATE    0.04                      0.06  -0.02     0.00
  SINCE JUN 1      2.14                      5.12  -2.98     5.91
  SINCE JAN 1      6.23                      9.73  -3.50    13.72

SNOWFALL (IN)
  TODAY           MM

DEGREE DAYS
 HEATING
  TODAY            0                         1     -1        2
  MONTH TO DATE    0                         1     -1        2
  SINCE JUN 1    127                       145    -18      155
  SINCE JUL 1     17                        25     -8       27

 COOLING
  TODAY           10                         7      3        0
  MONTH TO DATE   10                         7      3        0
  SINCE JUN 1    202                       257    -55      153
  SINCE JAN 1    223                       270    -47      161
..................................................................


WIND (MPH)
  HIGHEST WIND SPEED    18   HIGHEST WIND DIRECTION    SE (130)
  HIGHEST GUST SPEED    25   HIGHEST GUST DIRECTION    NW (330)
  AVERAGE WIND SPEED     5.3


SKY COVER
  POSSIBLE SUNSHINE  MM
  AVERAGE SKY COVER 0.2


WEATHER CONDITIONS
 THE FOLLOWING WEATHER WAS RECORDED TODAY.
  LIGHT RAIN


RELATIVE HUMIDITY (PERCENT)
 HIGHEST    81          1000 AM
 LOWEST     34           400 PM
 AVERAGE    58

..........................................................


THE WILLISTON ND CLIMATE NORMALS FOR TOMORROW
                         NORMAL    RECORD    YEAR
 MAXIMUM TEMPERATURE (F)   86       101      1983
                                             1900
 MINIMUM TEMPERATURE (F)   57        34      1907


SUNRISE AND SUNSET
AUGUST  1 2014........SUNRISE   630 AM CDT   SUNSET   931 PM CDT
AUGUST  2 2014........SUNRISE   631 AM CDT   SUNSET   929 PM CDT


-  INDICATES NEGATIVE NUMBERS.
R  INDICATES RECORD WAS SET OR TIED.
MM INDICATES DATA IS MISSING.
T  INDICATES TRACE AMOUNT.




$$
