000
CDUS43 KBIS 230726
CLIISN


CLIMATE REPORT
NATIONAL WEATHER SERVICE BISMARCK ND
226 AM CDT WED APR 23 2014


...................................

...THE WILLISTON ND CLIMATE SUMMARY FOR APRIL 22 2014...

CLIMATE NORMAL PERIOD 1981 TO 2010
CLIMATE RECORD PERIOD 1894 TO 2014


WEATHER ITEM   OBSERVED TIME   RECORD YEAR NORMAL DEPARTURE LAST
                VALUE   (LST)  VALUE       VALUE  FROM      YEAR
                                                  NORMAL
..................................................................
TEMPERATURE (F)
 YESTERDAY
  MAXIMUM         71    502 PM  89    1989  60     11       36
  MINIMUM         37    534 AM  12    1909  32      5       19
  AVERAGE         54                        46      8       28

PRECIPITATION (IN)
  YESTERDAY        0.00          0.43 1960   0.03  -0.03     0.00
  MONTH TO DATE    0.28                      0.66  -0.38     0.80
  SINCE MAR 1      0.60                      1.37  -0.77     2.22
  SINCE JAN 1      1.04                      2.35  -1.31     2.79

SNOWFALL (IN)
  YESTERDAY       MM             2.0  1904   0.1   MM        0.0
  MONTH TO DATE   MM                         3.0   MM        9.5
  SINCE MAR 1     MM                         9.2   MM       25.6
  SINCE JUL 1     MM                        43.3   MM       57.6
  SNOW DEPTH      MM

DEGREE DAYS
 HEATING
  YESTERDAY       11                        19     -8       37
  MONTH TO DATE  566                       512     54      755
  SINCE MAR 1   1769                      1619    150     2205
  SINCE JUL 1   8718                      8387    331     8793

 COOLING
  YESTERDAY        0                         0      0        0
  MONTH TO DATE    0                         0      0        0
  SINCE MAR 1      0                         0      0        0
  SINCE JAN 1      0                         0      0        0
..................................................................


WIND (MPH)
  HIGHEST WIND SPEED    29   HIGHEST WIND DIRECTION    SE (120)
  HIGHEST GUST SPEED    36   HIGHEST GUST DIRECTION     E (110)
  AVERAGE WIND SPEED    14.6


SKY COVER
  POSSIBLE SUNSHINE  MM
  AVERAGE SKY COVER 0.0


WEATHER CONDITIONS
 THE FOLLOWING WEATHER WAS RECORDED YESTERDAY.
  NO SIGNIFICANT WEATHER WAS OBSERVED.


RELATIVE HUMIDITY (PERCENT)
 HIGHEST    65           500 AM
 LOWEST     21           100 PM
 AVERAGE    43

..........................................................


THE WILLISTON ND CLIMATE NORMALS FOR TODAY
                         NORMAL    RECORD    YEAR
 MAXIMUM TEMPERATURE (F)   61        87      2012
 MINIMUM TEMPERATURE (F)   32        14      2008


SUNRISE AND SUNSET
APRIL 23 2014.........SUNRISE   650 AM CDT   SUNSET   857 PM CDT
APRIL 24 2014.........SUNRISE   648 AM CDT   SUNSET   858 PM CDT


-  INDICATES NEGATIVE NUMBERS.
R  INDICATES RECORD WAS SET OR TIED.
MM INDICATES DATA IS MISSING.
T  INDICATES TRACE AMOUNT.




$$
