000
CDUS43 KBIS 220728
CLIISN


CLIMATE REPORT
NATIONAL WEATHER SERVICE BISMARCK ND
226 AM CDT FRI MAY 22 2015


...................................

...THE WILLISTON ND CLIMATE SUMMARY FOR MAY 21 2015...

CLIMATE NORMAL PERIOD 1981 TO 2010
CLIMATE RECORD PERIOD 1894 TO 2015


WEATHER ITEM   OBSERVED TIME   RECORD YEAR NORMAL DEPARTURE LAST
                VALUE   (LST)  VALUE       VALUE  FROM      YEAR
                                                  NORMAL
..................................................................
TEMPERATURE (F)
 YESTERDAY
  MAXIMUM         76    449 PM 102    1980  69      7       71
  MINIMUM         35    527 AM  26    2009  42     -7       34
                                      1931
  AVERAGE         56                        56      0       53

PRECIPITATION (IN)
  YESTERDAY        0.00          0.95 1903   0.06  -0.06     0.00
  MONTH TO DATE    1.44                      1.19   0.25     1.13
  SINCE MAR 1      2.18                      2.90  -0.72     3.16
  SINCE JAN 1      3.12                      3.88  -0.76     3.60

SNOWFALL (IN)
  YESTERDAY       MM             3.4  1908   0.1   MM       MM
  MONTH TO DATE   MM                         1.2   MM       MM
  SINCE MAR 1     MM                        11.1   MM       MM
  SINCE JUL 1     MM                        45.2   MM       MM
  SNOW DEPTH      MM

DEGREE DAYS
 HEATING
  YESTERDAY        9                        10     -1       12
  MONTH TO DATE  312                       267     45      342
  SINCE MAR 1   1784                      2024   -240     2271
  SINCE JUL 1   8300                      8792   -492     9220

 COOLING
  YESTERDAY        0                         0      0        0
  MONTH TO DATE    1                         0      1        0
  SINCE MAR 1      1                         1      0        0
  SINCE JAN 1      1                         1      0        0
..................................................................


WIND (MPH)
  HIGHEST WIND SPEED    14   HIGHEST WIND DIRECTION     S (200)
  HIGHEST GUST SPEED    17   HIGHEST GUST DIRECTION    SW (210)
  AVERAGE WIND SPEED     4.8


SKY COVER
  POSSIBLE SUNSHINE  MM
  AVERAGE SKY COVER 0.0


WEATHER CONDITIONS
 THE FOLLOWING WEATHER WAS RECORDED YESTERDAY.
  NO SIGNIFICANT WEATHER WAS OBSERVED.


RELATIVE HUMIDITY (PERCENT)
 HIGHEST    82           400 AM
 LOWEST     18           400 PM
 AVERAGE    50

..........................................................


THE WILLISTON ND CLIMATE NORMALS FOR TODAY
                         NORMAL    RECORD    YEAR
 MAXIMUM TEMPERATURE (F)   69       106      1980
 MINIMUM TEMPERATURE (F)   43        28      1963


SUNRISE AND SUNSET
MAY 22 2015...........SUNRISE   607 AM CDT   SUNSET   936 PM CDT
MAY 23 2015...........SUNRISE   606 AM CDT   SUNSET   937 PM CDT


-  INDICATES NEGATIVE NUMBERS.
R  INDICATES RECORD WAS SET OR TIED.
MM INDICATES DATA IS MISSING.
T  INDICATES TRACE AMOUNT.




$$
