000
CDUS43 KBIS 030019
CLIISN


CLIMATE REPORT
NATIONAL WEATHER SERVICE BISMARCK ND
719 PM CDT SUN AUG 2 2015


...................................

...THE WILLISTON ND CLIMATE SUMMARY FOR AUGUST 2 2015...
VALID TODAY AS OF 0700 PM LOCAL TIME.

CLIMATE NORMAL PERIOD 1981 TO 2010
CLIMATE RECORD PERIOD 1894 TO 2015


WEATHER ITEM   OBSERVED TIME   RECORD YEAR NORMAL DEPARTURE LAST
                VALUE   (LST)  VALUE       VALUE  FROM      YEAR
                                                  NORMAL
..................................................................
TEMPERATURE (F)
 TODAY
  MAXIMUM         82    550 PM 101    1983  86     -4       86
                                      1900
  MINIMUM         53    541 AM  34    1907  57     -4       60
  AVERAGE         68                        72     -4       73

PRECIPITATION (IN)
  TODAY            0.00          0.50 1992   0.05  -0.05     0.00
  MONTH TO DATE    0.00                      0.11  -0.11     0.04
  SINCE JUN 1      3.45                      5.17  -1.72     2.14
  SINCE JAN 1      6.95                      9.78  -2.83     6.23

SNOWFALL (IN)
  TODAY           MM

DEGREE DAYS
 HEATING
  TODAY            0                         1     -1        0
  MONTH TO DATE    0                         2     -2        0
  SINCE JUN 1     62                       146    -84      127
  SINCE JUL 1      8                        26    -18       17

 COOLING
  TODAY            3                         7     -4        8
  MONTH TO DATE   17                        14      3       18
  SINCE JUN 1    367                       264    103      210
  SINCE JAN 1    368                       277     91      231
..................................................................


WIND (MPH)
  HIGHEST WIND SPEED    18   HIGHEST WIND DIRECTION     N (340)
  HIGHEST GUST SPEED    28   HIGHEST GUST DIRECTION    NW (310)
  AVERAGE WIND SPEED     8.2


SKY COVER
  POSSIBLE SUNSHINE  MM
  AVERAGE SKY COVER 0.0


WEATHER CONDITIONS
 THE FOLLOWING WEATHER WAS RECORDED TODAY.
  NO SIGNIFICANT WEATHER WAS OBSERVED.


RELATIVE HUMIDITY (PERCENT)
 HIGHEST    89           600 AM
 LOWEST     28           500 PM
 AVERAGE    59

..........................................................


THE WILLISTON ND CLIMATE NORMALS FOR TOMORROW
                         NORMAL    RECORD    YEAR
 MAXIMUM TEMPERATURE (F)   86       106      1983
 MINIMUM TEMPERATURE (F)   57        37      1978


SUNRISE AND SUNSET
AUGUST  2 2015........SUNRISE   631 AM CDT   SUNSET   930 PM CDT
AUGUST  3 2015........SUNRISE   632 AM CDT   SUNSET   928 PM CDT


-  INDICATES NEGATIVE NUMBERS.
R  INDICATES RECORD WAS SET OR TIED.
MM INDICATES DATA IS MISSING.
T  INDICATES TRACE AMOUNT.




$$
