000
CDUS41 KOKX 300616
CLIISP


CLIMATE REPORT
NATIONAL WEATHER SERVICE NEW YORK NY
216 AM EDT WED JUL 30 2014


...................................

...THE ISLIP NY CLIMATE SUMMARY FOR JULY 29 2014...

CLIMATE NORMAL PERIOD 1981 TO 2010
CLIMATE RECORD PERIOD 1986 TO 2014


WEATHER ITEM   OBSERVED TIME   RECORD YEAR NORMAL DEPARTURE LAST
                VALUE   (LST)  VALUE       VALUE  FROM      YEAR
                                                  NORMAL
..................................................................
TEMPERATURE (F)
 YESTERDAY
  MAXIMUM         80    309 PM  96    2002  82     -2       84
  MINIMUM         63    456 AM  58    1984  67     -4       70
  AVERAGE         72                        74     -2       77

PRECIPITATION (IN)
  YESTERDAY        0.00          0.81 1986   0.12  -0.12     0.01
  MONTH TO DATE    2.96                      3.18  -0.22     2.34
  SINCE JUN 1      4.75                      7.45  -2.70    10.49
  SINCE JAN 1     26.49                     26.91  -0.42    25.84

SNOWFALL (IN)
  YESTERDAY        0.0          MM      MM   0.0    0.0      0.0
  MONTH TO DATE    0.0                       0.0    0.0      0.0
  SINCE OCT 1     63.7                      24.8   38.9     46.9
  SINCE JUL 1      0.0                       0.0    0.0      0.0
  SNOW DEPTH       0

DEGREE DAYS
 HEATING
  YESTERDAY        0                         0      0        0
  MONTH TO DATE    0                         0      0        0
  SINCE JUN 1      2                        38    -36       12
  SINCE JUL 1      0                         0      0        0

 COOLING
  YESTERDAY        7                         9     -2       12
  MONTH TO DATE  310                       254     56      395
  SINCE JUN 1    481                       394     87      564
  SINCE JAN 1    510                       418     92      596
..................................................................


WIND (MPH)
  HIGHEST WIND SPEED    14   HIGHEST WIND DIRECTION    NW (310)
  HIGHEST GUST SPEED    18   HIGHEST GUST DIRECTION    NW (310)
  AVERAGE WIND SPEED     5.7


SKY COVER
  AVERAGE SKY COVER 0.5


WEATHER CONDITIONS
 THE FOLLOWING WEATHER WAS RECORDED YESTERDAY.
  NO SIGNIFICANT WEATHER WAS OBSERVED.


RELATIVE HUMIDITY (PERCENT)
 HIGHEST    78           500 AM
 LOWEST     35           400 PM
 AVERAGE    57

..........................................................


THE ISLIP NY CLIMATE NORMALS FOR TODAY
                         NORMAL    RECORD    YEAR
 MAXIMUM TEMPERATURE (F)   82        95      1988
 MINIMUM TEMPERATURE (F)   67        58      2001


SUNRISE AND SUNSET
JULY 30 2014..........SUNRISE   547 AM EDT   SUNSET   810 PM EDT
JULY 31 2014..........SUNRISE   548 AM EDT   SUNSET   809 PM EDT


-  INDICATES NEGATIVE NUMBERS.
R  INDICATES RECORD WAS SET OR TIED.
MM INDICATES DATA IS MISSING.
T  INDICATES TRACE AMOUNT.




$$
