000
CDCA42 TJSJ 280427
CLIISX


CLIMATE REPORT
NATIONAL WEATHER SERVICE SAN JUAN, PR
1226 AM AST FRI AUG 28 2015


...................................

...THE HENRY E. ROHLSEN AP/ST CROIX CLIMATE SUMMARY FOR AUGUST 27 2015...

CLIMATE NORMAL PERIOD 1981 TO 2010
CLIMATE RECORD PERIOD 1951 TO 2015


WEATHER ITEM   OBSERVED TIME   RECORD YEAR NORMAL DEPARTURE LAST
                VALUE   (LST)  VALUE       VALUE  FROM      YEAR
                                                  NORMAL
..................................................................
TEMPERATURE (F)
 YESTERDAY
  MAXIMUM         89   1246 PM  92    1993  89      0       91
  MINIMUM         77   1023 PM  73    2011  78     -1       80
  AVERAGE         83                        84     -1       86

PRECIPITATION (IN)
  YESTERDAY        1.85          3.68 1989   0.12   1.73     0.03
  MONTH TO DATE    2.69                      2.69   0.00     4.29
  SINCE JUN 1      4.02                      8.04  -4.02     5.66
  SINCE JAN 1      9.38                     19.67 -10.29    18.82

SNOWFALL (IN)
  YESTERDAY        0.0                       0.0    0.0      0.0
  MONTH TO DATE    0.0                       0.0    0.0      0.0
  SINCE JUN 1      0.0                       0.0    0.0      0.0
  SINCE JUL 1      0.0                       0.0    0.0      0.0

DEGREE DAYS
 HEATING
  YESTERDAY        0                         0      0        0
  MONTH TO DATE    0                         0      0        0
  SINCE JUN 1      0                         0      0        0
  SINCE JUL 1      0                         0      0        0

 COOLING
  YESTERDAY       18                        19     -1       21
  MONTH TO DATE  531                       513     18      513
  SINCE JUN 1   1707                      1630     77     1691
  SINCE JAN 1   3951                      3783    168     3943
..................................................................


WIND (MPH)
  HIGHEST WIND SPEED    46   HIGHEST WIND DIRECTION     E (100)
  HIGHEST GUST SPEED    62   HIGHEST GUST DIRECTION     E (110)
  AVERAGE WIND SPEED    18.2


SKY COVER
  AVERAGE SKY COVER 0.7


WEATHER CONDITIONS
 THE FOLLOWING WEATHER WAS RECORDED YESTERDAY.
  HEAVY RAIN
  RAIN
  LIGHT RAIN
  FOG
  HAZE


RELATIVE HUMIDITY (PERCENT)
 HIGHEST    97
 LOWEST     68
 AVERAGE    83

..........................................................


THE HENRY E. ROHLSEN AP/ST CROIX CLIMATE NORMALS FOR TODAY
                         NORMAL    RECORD    YEAR
 MAXIMUM TEMPERATURE (F)   89        92      1992
 MINIMUM TEMPERATURE (F)   78        73      1977


SUNRISE AND SUNSET
AUGUST 28 2015........SUNRISE   604 AM AST   SUNSET   636 PM AST
AUGUST 29 2015........SUNRISE   605 AM AST   SUNSET   635 PM AST


-  INDICATES NEGATIVE NUMBERS.
R  INDICATES RECORD WAS SET OR TIED.
MM INDICATES DATA IS MISSING.
T  INDICATES TRACE AMOUNT.




$$
