000
CDHW43 PHFO 250256
CLIITO


CLIMATE REPORT
NATIONAL WEATHER SERVICE HONOLULU HI
446 PM HST THU APR 24 2014


...................................

...THE HILO HI CLIMATE SUMMARY FOR APRIL 24 2014...
VALID TODAY AS OF 0400 PM LOCAL TIME.

CLIMATE NORMAL PERIOD 1981 TO 2010
CLIMATE RECORD PERIOD 1946 TO 2014


WEATHER ITEM   OBSERVED TIME   RECORD YEAR NORMAL DEPARTURE LAST
                VALUE   (LST)  VALUE       VALUE  FROM      YEAR
                                                  NORMAL
..................................................................
TEMPERATURE (F)
 TODAY
  MAXIMUM         81   1052 AM  85    1980  79      2       84
                                      1965
  MINIMUM         67    702 AM  63    2010  66      1       65
                                      2002
                                      1979
  AVERAGE         74                        72      2       75

PRECIPITATION (IN)
  TODAY            0.06          3.57 1967   0.36  -0.30      T
  MONTH TO DATE   11.08                      9.57   1.51     2.11
  SINCE MAR 1     29.81                     23.00   6.81     6.25
  SINCE JAN 1     38.04                     41.82  -3.78    37.75

SNOWFALL (IN)
  TODAY            0.0
  MONTH TO DATE    0.0
  SINCE MAR 1      0.0
  SINCE JUL 1      0.0
  SNOW DEPTH       0

DEGREE DAYS
 HEATING
  TODAY            0                         0      0        0
  MONTH TO DATE    0                         0      0        0
  SINCE MAR 1      0                         0      0        0
  SINCE JUL 1      0                         0      0        0

 COOLING
  TODAY            9                         7      2       10
  MONTH TO DATE  202                       168     34      204
  SINCE MAR 1    438                       379     59      406
  SINCE JAN 1    896                       749    147      778
..................................................................


WIND (MPH)
  HIGHEST WIND SPEED    14   HIGHEST WIND DIRECTION     E (70)
  HIGHEST GUST SPEED    17   HIGHEST GUST DIRECTION    NE (60)
  AVERAGE WIND SPEED     6.0


SKY COVER
  POSSIBLE SUNSHINE  MM
  AVERAGE SKY COVER 0.7


WEATHER CONDITIONS
 THE FOLLOWING WEATHER WAS RECORDED TODAY.
  HEAVY RAIN
  LIGHT RAIN
  FOG


RELATIVE HUMIDITY (PERCENT)
 HIGHEST   100           500 AM
 LOWEST     67           300 PM
 AVERAGE    84

..........................................................


THE HILO HI CLIMATE NORMALS FOR TOMORROW
                         NORMAL    RECORD    YEAR
 MAXIMUM TEMPERATURE (F)   79        85      1980
                                             1977
 MINIMUM TEMPERATURE (F)   66        62      2007
                                             1982
                                             1974


SUNRISE AND SUNSET
APRIL 24 2014.........SUNRISE   556 AM HST   SUNSET   641 PM HST
APRIL 25 2014.........SUNRISE   555 AM HST   SUNSET   641 PM HST


-  INDICATES NEGATIVE NUMBERS.
R  INDICATES RECORD WAS SET OR TIED.
MM INDICATES DATA IS MISSING.
T  INDICATES TRACE AMOUNT.




$$
