567
CDHW43 PHFO 311245
CLIITO


CLIMATE REPORT
NATIONAL WEATHER SERVICE HONOLULU HI
245 AM HST TUE MAY 31 2016


...................................

...THE HILO HI CLIMATE SUMMARY FOR MAY 30 2016...

CLIMATE NORMAL PERIOD 1981 TO 2010
CLIMATE RECORD PERIOD 1946 TO 2016


WEATHER ITEM   OBSERVED TIME   RECORD YEAR NORMAL DEPARTURE LAST
                VALUE   (LST)  VALUE       VALUE  FROM      YEAR
                                                  NORMAL
..................................................................
TEMPERATURE (F)
 YESTERDAY
  MAXIMUM         86   1142 AM  87    2007  82      4       83
                                      1992
                                      1980
  MINIMUM         67    611 AM  62    1964  68     -1       70
  AVERAGE         77                        75      2       77

PRECIPITATION (IN)
  YESTERDAY        0.02          1.72 1986   0.20  -0.18     0.13
  MONTH TO DATE    5.23                      7.91  -2.68     7.56
  SINCE MAR 1     19.69                     32.88 -13.19    30.79
  SINCE JAN 1     24.26                     51.70 -27.44    38.88

SNOWFALL (IN)
  YESTERDAY        0.0
  MONTH TO DATE    0.0
  SINCE MAR 1      0.0
  SINCE JUL 1      0.0
  SNOW DEPTH       0

DEGREE DAYS
 HEATING
  YESTERDAY        0                         0      0        0
  MONTH TO DATE    0                         0      0        0
  SINCE MAR 1      0                         0      0        0
  SINCE JUL 1      0                         0      0        0

 COOLING
  YESTERDAY       12                        10      2       12
  MONTH TO DATE  345                       261     84      252
  SINCE MAR 1    971                       688    283      780
  SINCE JAN 1   1535                      1058    477     1306
..................................................................


WIND (MPH)
  HIGHEST WIND SPEED    14   HIGHEST WIND DIRECTION    NE (50)
  HIGHEST GUST SPEED    18   HIGHEST GUST DIRECTION    NE (60)
  AVERAGE WIND SPEED     6.6


SKY COVER
  POSSIBLE SUNSHINE  MM
  AVERAGE SKY COVER 0.2


WEATHER CONDITIONS
 THE FOLLOWING WEATHER WAS RECORDED YESTERDAY.
  LIGHT RAIN
  FOG


RELATIVE HUMIDITY (PERCENT)
 HIGHEST    84          1200 AM
 LOWEST     44          1100 AM
 AVERAGE    64

..........................................................


THE HILO HI CLIMATE NORMALS FOR TODAY
                         NORMAL    RECORD    YEAR
 MAXIMUM TEMPERATURE (F)   82        88      2007
 MINIMUM TEMPERATURE (F)   68        64      2014
                                             2007
                                             1993


SUNRISE AND SUNSET
MAY 31 2016...........SUNRISE   541 AM HST   SUNSET   655 PM HST
JUNE  1 2016..........SUNRISE   541 AM HST   SUNSET   656 PM HST


-  INDICATES NEGATIVE NUMBERS.
R  INDICATES RECORD WAS SET OR TIED.
MM INDICATES DATA IS MISSING.
T  INDICATES TRACE AMOUNT.




$$
