000
CDHW43 PHFO 021245
CLIITO


CLIMATE REPORT
NATIONAL WEATHER SERVICE HONOLULU HI
245 AM HST TUE JUN 2 2015


...................................

...THE HILO HI CLIMATE SUMMARY FOR JUNE 1 2015...

CLIMATE NORMAL PERIOD 1981 TO 2010
CLIMATE RECORD PERIOD 1946 TO 2015


WEATHER ITEM   OBSERVED TIME   RECORD YEAR NORMAL DEPARTURE LAST
                VALUE   (LST)  VALUE       VALUE  FROM      YEAR
                                                  NORMAL
..................................................................
TEMPERATURE (F)
 YESTERDAY
  MAXIMUM         82   1240 PM  89    1962  82      0       81
  MINIMUM         70    455 AM  63    1982  68      2       66
                                      1953
  AVERAGE         76                        75      1       74

PRECIPITATION (IN)
  YESTERDAY        1.39R         1.04 1965   0.21   1.18     0.19
  MONTH TO DATE    1.39                      0.21   1.18     0.19
  SINCE JUN 1      1.39                      0.21   1.18     0.19
  SINCE JAN 1     40.46                     52.12 -11.66    47.93

SNOWFALL (IN)
  YESTERDAY        0.0
  MONTH TO DATE    0.0
  SINCE JUN 1      0.0
  SINCE JUL 1      0.0
  SNOW DEPTH       0

DEGREE DAYS
 HEATING
  YESTERDAY        0                         0      0        0
  MONTH TO DATE    0                         0      0        0
  SINCE JUN 1      0                         0      0        0
  SINCE JUL 1      0                         0      0        0

 COOLING
  YESTERDAY       11                        10      1        9
  MONTH TO DATE   11                        10      1        9
  SINCE JUN 1     11                        10      1        9
  SINCE JAN 1   1338                      1078    260     1265
..................................................................


WIND (MPH)
  HIGHEST WIND SPEED    15   HIGHEST WIND DIRECTION    NE (60)
  HIGHEST GUST SPEED    19   HIGHEST GUST DIRECTION     E (70)
  AVERAGE WIND SPEED     6.0


SKY COVER
  POSSIBLE SUNSHINE  MM
  AVERAGE SKY COVER 0.9


WEATHER CONDITIONS
 THE FOLLOWING WEATHER WAS RECORDED YESTERDAY.
  HEAVY RAIN
  RAIN
  LIGHT RAIN
  FOG


RELATIVE HUMIDITY (PERCENT)
 HIGHEST   100           500 AM
 LOWEST     69          1200 PM
 AVERAGE    85

..........................................................


THE HILO HI CLIMATE NORMALS FOR TODAY
                         NORMAL    RECORD    YEAR
 MAXIMUM TEMPERATURE (F)   82        88      2007
 MINIMUM TEMPERATURE (F)   68        63      1972


SUNRISE AND SUNSET
JUNE  2 2015..........SUNRISE   541 AM HST   SUNSET   656 PM HST
JUNE  3 2015..........SUNRISE   541 AM HST   SUNSET   656 PM HST


-  INDICATES NEGATIVE NUMBERS.
R  INDICATES RECORD WAS SET OR TIED.
MM INDICATES DATA IS MISSING.
T  INDICATES TRACE AMOUNT.




$$
