000
CDHW43 PHFO 281247
CLIITO


CLIMATE REPORT
NATIONAL WEATHER SERVICE
1245 PM UTC TUE JUL 28 2015


...................................

...THE HILO HI CLIMATE SUMMARY FOR JULY 27 2015...

CLIMATE NORMAL PERIOD 1981 TO 2010
CLIMATE RECORD PERIOD 1946 TO 2015


WEATHER ITEM   OBSERVED TIME   RECORD YEAR NORMAL DEPARTURE LAST
                VALUE   (LST)  VALUE       VALUE  FROM      YEAR
                                                  NORMAL
..................................................................
TEMPERATURE (F)
 YESTERDAY
  MAXIMUM         85    240 PM  89    2003  83      2       86
  MINIMUM         72    724 AM  64    1955  70      2       73
  AVERAGE         79                        76      3       80

PRECIPITATION (IN)
  YESTERDAY        0.47          2.55 1995   0.37   0.10     0.01
  MONTH TO DATE    7.59                      9.31  -1.72    15.86
  SINCE JUN 1      7.59                     16.68  -9.09    22.43
  SINCE JAN 1     44.61                     68.59 -23.98    70.17

SNOWFALL (IN)
  YESTERDAY        0.0
  MONTH TO DATE    0.0
  SINCE JUN 1      0.0
  SINCE JUL 1      0.0
  SNOW DEPTH      MM

DEGREE DAYS
 HEATING
  YESTERDAY        0                         0      0        0
  MONTH TO DATE    0                         0      0        0
  SINCE JUN 1      0                         0      0        0
  SINCE JUL 1      0                         0      0        0

 COOLING
  YESTERDAY       14                        11      3       15
  MONTH TO DATE  274                       297    -23      293
  SINCE JUN 1    274                       603   -329      559
  SINCE JAN 1   1449                      1671   -222     1815
..................................................................


WIND (MPH)
  HIGHEST WIND SPEED    14   HIGHEST WIND DIRECTION    SW (230)
  HIGHEST GUST SPEED    16   HIGHEST GUST DIRECTION     W (250)
  AVERAGE WIND SPEED     6.7


SKY COVER
  POSSIBLE SUNSHINE  MM
  AVERAGE SKY COVER  MM


WEATHER CONDITIONS
 THE FOLLOWING WEATHER WAS RECORDED YESTERDAY.
  FOG
  HAZE


RELATIVE HUMIDITY (PERCENT)
 HIGHEST    MM
 LOWEST     MM
 AVERAGE    MM

..........................................................


THE HILO HI CLIMATE NORMALS FOR TODAY
                         NORMAL    RECORD    YEAR
 MAXIMUM TEMPERATURE (F)   83        87      2007
                                             2005
                                             1997
 MINIMUM TEMPERATURE (F)   70        63      1999


SUNRISE AND SUNSET
JULY 28 2015..........SUNRISE   555 AM HST   SUNSET   659 PM HST
JULY 29 2015..........SUNRISE   555 AM HST   SUNSET   658 PM HST


-  INDICATES NEGATIVE NUMBERS.
R  INDICATES RECORD WAS SET OR TIED.
MM INDICATES DATA IS MISSING.
T  INDICATES TRACE AMOUNT.




$$
