000
CDHW43 PHFO 061245
CLIITO


CLIMATE REPORT
NATIONAL WEATHER SERVICE HONOLULU HI
245 AM HST TUE DEC 6 2016


...................................

...THE HILO HI CLIMATE SUMMARY FOR DECEMBER 5 2016...

CLIMATE NORMAL PERIOD 1981 TO 2010
CLIMATE RECORD PERIOD 1946 TO 2016


WEATHER ITEM   OBSERVED TIME   RECORD YEAR NORMAL DEPARTURE LAST
                VALUE   (LST)  VALUE       VALUE  FROM      YEAR
                                                  NORMAL
..................................................................
TEMPERATURE (F)
 YESTERDAY
  MAXIMUM         75    407 PM  86    1988  80     -5       84
                                      1977
  MINIMUM         67   1218 AM  60    1962  66      1       65
  AVERAGE         71                        73     -2       75

PRECIPITATION (IN)
  YESTERDAY        1.83          3.02 1957   0.40   1.43      T
  MONTH TO DATE   11.94                      2.04   9.90     0.34
  SINCE DEC 1     11.94                      2.04   9.90     0.34
  SINCE JAN 1    119.94                    117.19   2.75   131.37

SNOWFALL (IN)
  YESTERDAY        0.0
  MONTH TO DATE    0.0
  SINCE DEC 1      0.0
  SINCE JUL 1      0.0
  SNOW DEPTH       0

DEGREE DAYS
 HEATING
  YESTERDAY        0                         0      0        0
  MONTH TO DATE    0                         0      0        0
  SINCE DEC 1      0                         0      0        0
  SINCE JUL 1      0                         0      0        0

 COOLING
  YESTERDAY        6                         8     -2       10
  MONTH TO DATE   31                        40     -9       53
  SINCE DEC 1     31                        40     -9       53
  SINCE JAN 1   3792                      3047    745     3723
..................................................................


WIND (MPH)
  HIGHEST WIND SPEED    12   HIGHEST WIND DIRECTION     N (360)
  HIGHEST GUST SPEED    15   HIGHEST GUST DIRECTION     N (360)
  AVERAGE WIND SPEED     2.2


SKY COVER
  POSSIBLE SUNSHINE  MM
  AVERAGE SKY COVER 0.8


WEATHER CONDITIONS
 THE FOLLOWING WEATHER WAS RECORDED YESTERDAY.
  HEAVY RAIN
  RAIN
  LIGHT RAIN
  FOG


RELATIVE HUMIDITY (PERCENT)
 HIGHEST   100          1200 AM
 LOWEST     74           400 PM
 AVERAGE    87

..........................................................


THE HILO HI CLIMATE NORMALS FOR TODAY
                         NORMAL    RECORD    YEAR
 MAXIMUM TEMPERATURE (F)   80        91      1977
 MINIMUM TEMPERATURE (F)   66        60      2010
                                             1962


SUNRISE AND SUNSET
DECEMBER  6 2016......SUNRISE   642 AM HST   SUNSET   541 PM HST
DECEMBER  7 2016......SUNRISE   643 AM HST   SUNSET   542 PM HST


-  INDICATES NEGATIVE NUMBERS.
R  INDICATES RECORD WAS SET OR TIED.
MM INDICATES DATA IS MISSING.
T  INDICATES TRACE AMOUNT.




$$
