000
CDHW43 PHFO 121245
CLIITO


CLIMATE REPORT
NATIONAL WEATHER SERVICE HONOLULU HI
245 AM HST SAT JUL 12 2014


...................................

...THE HILO HI CLIMATE SUMMARY FOR JULY 11 2014...

CLIMATE NORMAL PERIOD 1981 TO 2010
CLIMATE RECORD PERIOD 1946 TO 2014


WEATHER ITEM   OBSERVED TIME   RECORD YEAR NORMAL DEPARTURE LAST
                VALUE   (LST)  VALUE       VALUE  FROM      YEAR
                                                  NORMAL
..................................................................
TEMPERATURE (F)
 YESTERDAY
  MAXIMUM         81   1146 AM  87    1974  83     -2       85
  MINIMUM         68    647 AM  62    1970  69     -1       71
  AVERAGE         75                        76     -1       78

PRECIPITATION (IN)
  YESTERDAY        0.06          1.34 1980   0.34  -0.28     0.20
  MONTH TO DATE    1.85                      3.53  -1.68     1.19
  SINCE JUN 1      8.42                     10.90  -2.48     5.70
  SINCE JAN 1     56.16                     62.81  -6.65    52.74

SNOWFALL (IN)
  YESTERDAY        0.0
  MONTH TO DATE    0.0
  SINCE JUN 1      0.0
  SINCE JUL 1      0.0
  SNOW DEPTH       0

DEGREE DAYS
 HEATING
  YESTERDAY        0                         0      0        0
  MONTH TO DATE    0                         0      0        0
  SINCE JUN 1      0                         0      0        0
  SINCE JUL 1      0                         0      0        0

 COOLING
  YESTERDAY       10                        11     -1       13
  MONTH TO DATE  103                       121    -18      136
  SINCE JUN 1    369                       427    -58      457
  SINCE JAN 1   1625                      1495    130     1610
..................................................................


WIND (MPH)
  HIGHEST WIND SPEED    18   HIGHEST WIND DIRECTION    NE (60)
  HIGHEST GUST SPEED    23   HIGHEST GUST DIRECTION     E (70)
  AVERAGE WIND SPEED     5.3


SKY COVER
  POSSIBLE SUNSHINE  MM
  AVERAGE SKY COVER 0.9


WEATHER CONDITIONS
 THE FOLLOWING WEATHER WAS RECORDED YESTERDAY.
  HEAVY RAIN
  LIGHT RAIN
  FOG


RELATIVE HUMIDITY (PERCENT)
 HIGHEST   100           100 PM
 LOWEST     62          1000 AM
 AVERAGE    81

..........................................................


THE HILO HI CLIMATE NORMALS FOR TODAY
                         NORMAL    RECORD    YEAR
 MAXIMUM TEMPERATURE (F)   83        88      1965
 MINIMUM TEMPERATURE (F)   69        64      1974
                                             1955


SUNRISE AND SUNSET
JULY 12 2014..........SUNRISE   549 AM HST   SUNSET   703 PM HST
JULY 13 2014..........SUNRISE   549 AM HST   SUNSET   703 PM HST


-  INDICATES NEGATIVE NUMBERS.
R  INDICATES RECORD WAS SET OR TIED.
MM INDICATES DATA IS MISSING.
T  INDICATES TRACE AMOUNT.




$$
