000
CDHW43 PHFO 061245
CLIITO


CLIMATE REPORT
NATIONAL WEATHER SERVICE HONOLULU HI
245 AM HST MON JUL 6 2015


...................................

...THE HILO HI CLIMATE SUMMARY FOR JULY 5 2015...

CLIMATE NORMAL PERIOD 1981 TO 2010
CLIMATE RECORD PERIOD 1946 TO 2015


WEATHER ITEM   OBSERVED TIME   RECORD YEAR NORMAL DEPARTURE LAST
                VALUE   (LST)  VALUE       VALUE  FROM      YEAR
                                                  NORMAL
..................................................................
TEMPERATURE (F)
 YESTERDAY
  MAXIMUM         87R  1251 PM  87    1968  83      4       83
  MINIMUM         70    301 AM  64    1965  69      1       67
                                      1960
  AVERAGE         79                        76      3       75

PRECIPITATION (IN)
  YESTERDAY        0.02          2.16 1957   0.31  -0.29     0.12
  MONTH TO DATE    0.07                      1.50  -1.43     0.70
  SINCE JUN 1      5.30                      8.87  -3.57     7.27
  SINCE JAN 1     44.37                     60.78 -16.41    55.01

SNOWFALL (IN)
  YESTERDAY        0.0
  MONTH TO DATE    0.0
  SINCE JUN 1      0.0
  SINCE JUL 1      0.0
  SNOW DEPTH       0

DEGREE DAYS
 HEATING
  YESTERDAY        0                         0      0        0
  MONTH TO DATE    0                         0      0        0
  SINCE JUN 1      0                         0      0        0
  SINCE JUL 1      0                         0      0        0

 COOLING
  YESTERDAY       14                        11      3       10
  MONTH TO DATE   75                        55     20       49
  SINCE JUN 1    436                       361     75      315
  SINCE JAN 1   1763                      1429    334     1571
..................................................................


WIND (MPH)
  HIGHEST WIND SPEED    18   HIGHEST WIND DIRECTION    NE (60)
  HIGHEST GUST SPEED    22   HIGHEST GUST DIRECTION     E (70)
  AVERAGE WIND SPEED     6.5


SKY COVER
  POSSIBLE SUNSHINE  MM
  AVERAGE SKY COVER 0.8


WEATHER CONDITIONS
 THE FOLLOWING WEATHER WAS RECORDED YESTERDAY.
  LIGHT RAIN
  FOG


RELATIVE HUMIDITY (PERCENT)
 HIGHEST    84           300 AM
 LOWEST     58           500 PM
 AVERAGE    71

..........................................................


THE HILO HI CLIMATE NORMALS FOR TODAY
                         NORMAL    RECORD    YEAR
 MAXIMUM TEMPERATURE (F)   83        88      2008
 MINIMUM TEMPERATURE (F)   69        63      1955


SUNRISE AND SUNSET
JULY  6 2015..........SUNRISE   547 AM HST   SUNSET   703 PM HST
JULY  7 2015..........SUNRISE   547 AM HST   SUNSET   703 PM HST


-  INDICATES NEGATIVE NUMBERS.
R  INDICATES RECORD WAS SET OR TIED.
MM INDICATES DATA IS MISSING.
T  INDICATES TRACE AMOUNT.




$$
