000
CDHW43 PHFO 260226
CLIITO


CLIMATE REPORT
NATIONAL WEATHER SERVICE HONOLULU HI
426 PM HST SUN JAN 25 2015


...................................

...THE HILO HI CLIMATE SUMMARY FOR JANUARY 25 2015...
VALID TODAY AS OF 0400 PM LOCAL TIME.

CLIMATE NORMAL PERIOD 1981 TO 2010
CLIMATE RECORD PERIOD 1946 TO 2015


WEATHER ITEM   OBSERVED TIME   RECORD YEAR NORMAL DEPARTURE LAST
                VALUE   (LST)  VALUE       VALUE  FROM      YEAR
                                                  NORMAL
..................................................................
TEMPERATURE (F)
 TODAY
  MAXIMUM         77    216 PM  87    1977  79     -2       80
  MINIMUM         70    359 PM  57    1958  64      6       59
  AVERAGE         74                        71      3       70

PRECIPITATION (IN)
  TODAY            1.36          4.37 1996   0.34   1.02     0.00
  MONTH TO DATE    2.14                      7.26  -5.12     1.20
  SINCE DEC 1      8.24                     18.83 -10.59    21.40
  SINCE JAN 1      2.14                      7.26  -5.12     1.20

SNOWFALL (IN)
  TODAY            0.0
  MONTH TO DATE    0.0
  SINCE DEC 1      0.0
  SINCE JUL 1      0.0
  SNOW DEPTH       0

DEGREE DAYS
 HEATING
  TODAY            0                         0      0        0
  MONTH TO DATE    0                         0      0        0
  SINCE DEC 1      0                         0      0        0
  SINCE JUL 1      0                         0      0        0

 COOLING
  TODAY            9                         6      3        5
  MONTH TO DATE  203                       161     42      170
  SINCE DEC 1    444                       386     58      417
  SINCE JAN 1    203                       161     42      170
..................................................................


WIND (MPH)
  HIGHEST WIND SPEED    18   HIGHEST WIND DIRECTION     N (20)
  HIGHEST GUST SPEED    26   HIGHEST GUST DIRECTION     N (20)
  AVERAGE WIND SPEED    11.4


SKY COVER
  POSSIBLE SUNSHINE  MM
  AVERAGE SKY COVER 1.0


WEATHER CONDITIONS
 THE FOLLOWING WEATHER WAS RECORDED TODAY.
  HEAVY RAIN
  RAIN
  LIGHT RAIN
  FOG
  HAZE


RELATIVE HUMIDITY (PERCENT)
 HIGHEST    93          1200 AM
 LOWEST     76           200 PM
 AVERAGE    85

..........................................................


THE HILO HI CLIMATE NORMALS FOR TOMORROW
                         NORMAL    RECORD    YEAR
 MAXIMUM TEMPERATURE (F)   79        86      1977
 MINIMUM TEMPERATURE (F)   64        57      1980


SUNRISE AND SUNSET
JANUARY 25 2015.......SUNRISE   657 AM HST   SUNSET   608 PM HST
JANUARY 26 2015.......SUNRISE   657 AM HST   SUNSET   609 PM HST


-  INDICATES NEGATIVE NUMBERS.
R  INDICATES RECORD WAS SET OR TIED.
MM INDICATES DATA IS MISSING.
T  INDICATES TRACE AMOUNT.




$$
