000
CDUS43 KGLD 290758
CLIITR

CLIMATE REPORT
NATIONAL WEATHER SERVICE GOODLAND
158 AM MDT FRI MAY 29 2015

...................................

...THE BURLINGTON CO CLIMATE SUMMARY FOR MAY 28 2015...

CLIMATE NORMAL PERIOD 1981 TO 2010
CLIMATE RECORD PERIOD 1896 TO 2015

WEATHER ITEM   OBSERVED TIME   RECORD YEAR NORMAL DEPARTURE LAST
                VALUE   (LST)  VALUE       VALUE  FROM      YEAR
                                                  NORMAL
..................................................................
TEMPERATURE (F)
 YESTERDAY
  MAXIMUM         76    115 PM  99    1921  77     -1       88
  MINIMUM         52    343 PM  32    1947  49      3       53
  AVERAGE         64                        63      1       71

PRECIPITATION (IN)
  YESTERDAY        1.07                      0.10   0.97     0.00
  MONTH TO DATE    7.10                      2.23   4.87     0.74
  SINCE MAR 1      9.78                      4.58   5.20     1.38
  SINCE JAN 1     10.92                      5.38   5.54     2.08

..................................................................

THE BURLINGTON CO CLIMATE NORMALS FOR TODAY
                         NORMAL    RECORD    YEAR
 MAXIMUM TEMPERATURE (F)   78       101      2000
 MINIMUM TEMPERATURE (F)   49        29      1947

-  INDICATES NEGATIVE NUMBERS.
R  INDICATES RECORD WAS SET OR TIED.
MM INDICATES DATA IS MISSING.
T  INDICATES TRACE AMOUNT.

$$
