184
CDUS43 KGLD 200800 RRA
CLIITR

CLIMATE REPORT
NATIONAL WEATHER SERVICE GOODLAND
100 AM MST TUE FEB 20 2018


...................................

...THE BURLINGTON CO CLIMATE SUMMARY FOR FEBRUARY 19 2018...

CLIMATE NORMAL PERIOD 1981 TO 2010
CLIMATE RECORD PERIOD 1896 TO 2018


WEATHER ITEM   OBSERVED TIME   RECORD YEAR NORMAL DEPARTURE LAST
                VALUE   (LST)  VALUE       VALUE  FROM      YEAR
                                                  NORMAL
..................................................................
TEMPERATURE (F)
 YESTERDAY
  MAXIMUM         21   1218 AM  71    1986  45    -24       67
  MINIMUM          8   1159 PM  -6    2006  19    -11       45
                                      1929
  AVERAGE         15                        32    -17       56

PRECIPITATION (IN)
  YESTERDAY        0.19                      0.01   0.18     0.00
  MONTH TO DATE    0.30                      0.24   0.06      T
  SINCE DEC 1      1.53                      1.05   0.48     0.90
  SINCE JAN 1      1.36                      0.62   0.74     0.56

..................................................................

THE BURLINGTON CO CLIMATE NORMALS FOR TODAY
                         NORMAL    RECORD    YEAR
 MAXIMUM TEMPERATURE (F)   46        74      1972
 MINIMUM TEMPERATURE (F)   19        -7      1918



-  INDICATES NEGATIVE NUMBERS.
R  INDICATES RECORD WAS SET OR TIED.
MM INDICATES DATA IS MISSING.
T  INDICATES TRACE AMOUNT.




$$
