767
CDUS44 KJAN 190757
CLIJAN


CLIMATE REPORT
NATIONAL WEATHER SERVICE JACKSON MS
154 AM CST SUN FEB 19 2017


...................................

...THE JACKSON CLIMATE SUMMARY FOR FEBRUARY 18 2017...

CLIMATE NORMAL PERIOD 1981 TO 2010
CLIMATE RECORD PERIOD 1896 TO 2017


WEATHER ITEM   OBSERVED TIME   RECORD YEAR NORMAL DEPARTURE LAST
                VALUE   (LST)  VALUE       VALUE  FROM      YEAR
                                                  NORMAL
..................................................................
TEMPERATURE (F)
 YESTERDAY
  MAXIMUM         72    321 PM  82    1911  61     11       73
  MINIMUM         49    136 AM  15    1900  39     10       37
  AVERAGE         61                        50     11       55

PRECIPITATION (IN)
  YESTERDAY        0.00          3.12 1927   0.17  -0.17     0.00
  MONTH TO DATE    0.60                      3.10  -2.50     6.47
  SINCE DEC 1     14.24                     13.22   1.02    15.71
  SINCE JAN 1      8.50                      8.07   0.43     9.84

SNOWFALL (IN)
  YESTERDAY        0.0           T    1960   0.0    0.0      0.0
  MONTH TO DATE    0.0                       0.1   -0.1      0.0
  SINCE DEC 1      0.8                       0.7    0.1       T
  SINCE JUL 1      0.8                       0.7    0.1       T

DEGREE DAYS
 HEATING
  YESTERDAY        4                        15    -11       10
  MONTH TO DATE  148                       302   -154      265
  SINCE DEC 1    872                      1446   -574     1102
  SINCE JUL 1   1076                      1854   -778     1294

 COOLING
  YESTERDAY        0                         0      0        0
  MONTH TO DATE   18                         0     18        5
  SINCE DEC 1     71                        12     59       74
  SINCE JAN 1     41                         4     37        5
..................................................................


WIND (MPH)
  HIGHEST WIND SPEED    10   HIGHEST WIND DIRECTION    SE (150)
  HIGHEST GUST SPEED    18   HIGHEST GUST DIRECTION    NW (310)
  AVERAGE WIND SPEED     3.2


SKY COVER
  POSSIBLE SUNSHINE  MM
  AVERAGE SKY COVER 0.6


WEATHER CONDITIONS
 THE FOLLOWING WEATHER WAS RECORDED YESTERDAY.
  FOG


RELATIVE HUMIDITY (PERCENT)
 HIGHEST   100           500 AM
 LOWEST     53           400 PM
 AVERAGE    77

..........................................................


THE JACKSON CLIMATE NORMALS FOR TODAY
                         NORMAL    RECORD    YEAR
 MAXIMUM TEMPERATURE (F)   62        82      1986
 MINIMUM TEMPERATURE (F)   39        18      1978
                                             1900


SUNRISE AND SUNSET
FEBRUARY 19 2017......SUNRISE   639 AM CST   SUNSET   550 PM CST
FEBRUARY 20 2017......SUNRISE   638 AM CST   SUNSET   551 PM CST


-  INDICATES NEGATIVE NUMBERS.
R  INDICATES RECORD WAS SET OR TIED.
MM INDICATES DATA IS MISSING.
T  INDICATES TRACE AMOUNT.


&&

AT 1 AM:

THE PEARL RIVER STAGE AT JACKSON WAS 5.6 FEET. THE RIVER ROSE
0.7 FEET OVER THE PAST 24 HOURS.

THE MISSISSIPPI RIVER STAGE AT VICKSBURG WAS 22.3 FEET. THE RIVER
FELL 0.3 FEET OVER THE PAST 24 HOURS.

$$
