000
CDUS44 KJAN 180932
CLIJAN


CLIMATE REPORT
NATIONAL WEATHER SERVICE JACKSON MS
327 AM CST SAT NOV 18 2017


...................................

...THE JACKSON CLIMATE SUMMARY FOR NOVEMBER 17 2017...

CLIMATE NORMAL PERIOD 1981 TO 2010
CLIMATE RECORD PERIOD 1896 TO 2017


WEATHER ITEM   OBSERVED TIME   RECORD YEAR NORMAL DEPARTURE LAST
                VALUE   (LST)  VALUE       VALUE  FROM      YEAR
                                                  NORMAL
..................................................................
TEMPERATURE (F)
 YESTERDAY
  MAXIMUM         79    316 PM  85    1906  67     12       82
  MINIMUM         54    529 AM  21    1920  44     10       45
  AVERAGE         67                        55     12       64

PRECIPITATION (IN)
  YESTERDAY        0.00          1.42 2015   0.16  -0.16     0.00
  MONTH TO DATE    0.81                      2.48  -1.67     0.64
  SINCE SEP 1      4.06                      9.43  -5.37     1.46
  SINCE JAN 1     57.95                     46.71  11.24    54.66

SNOWFALL (IN)
  YESTERDAY        0.0           0.0    MM   0.0    0.0      0.0
  MONTH TO DATE    0.0                       0.0    0.0      0.0
  SINCE SEP 1      0.0                       0.0    0.0      0.0
  SINCE JUL 1      0.0                       0.0    0.0      0.0

DEGREE DAYS
 HEATING
  YESTERDAY        0                        10    -10        1
  MONTH TO DATE   50                       140    -90       60
  SINCE SEP 1    117                       247   -130       75
  SINCE JUL 1    117                       247   -130       75

 COOLING
  YESTERDAY        2                         1      1        0
  MONTH TO DATE   71                        18     53       27
  SINCE SEP 1    610                       450    160      723
  SINCE JAN 1   2535                      2249    286     2797
..................................................................


WIND (MPH)
  HIGHEST WIND SPEED    18   HIGHEST WIND DIRECTION     S (180)
  HIGHEST GUST SPEED    27   HIGHEST GUST DIRECTION     S (180)
  AVERAGE WIND SPEED     8.7


SKY COVER
  POSSIBLE SUNSHINE  MM
  AVERAGE SKY COVER 0.3


WEATHER CONDITIONS
 THE FOLLOWING WEATHER WAS RECORDED YESTERDAY.
  FOG


RELATIVE HUMIDITY (PERCENT)
 HIGHEST    93           100 AM
 LOWEST     45           200 PM
 AVERAGE    69

..........................................................


THE JACKSON CLIMATE NORMALS FOR TODAY
                         NORMAL    RECORD    YEAR
 MAXIMUM TEMPERATURE (F)   67        87      1930
 MINIMUM TEMPERATURE (F)   43        20      1959
                                             1951


SUNRISE AND SUNSET
NOVEMBER 18 2017......SUNRISE   633 AM CST   SUNSET   458 PM CST
NOVEMBER 19 2017......SUNRISE   633 AM CST   SUNSET   458 PM CST


-  INDICATES NEGATIVE NUMBERS.
R  INDICATES RECORD WAS SET OR TIED.
MM INDICATES DATA IS MISSING.
T  INDICATES TRACE AMOUNT.

&&

AT 1 AM:

THE PEARL RIVER STAGE AT JACKSON WAS 3.5 FEET. THE RIVER FELL 0.1 FEET
OVER THE PAST 24 HOURS.

THE MISSISSIPPI RIVER STAGE AT VICKSBURG WAS 23.2 FEET. THE RIVER
ROSE 0.4 FEET OVER THE PAST 24 HOURS.


$$
