000
CDUS44 KJAN 300736 CCA
CLIJAN

CLIMATE REPORT...CORRECTED TO ADD RIVER STAGES
NATIONAL WEATHER SERVICE JACKSON MS
225 AM CDT WED JUL 30 2014


...................................

...THE JACKSON CLIMATE SUMMARY FOR JULY 29 2014...

CLIMATE NORMAL PERIOD 1981 TO 2010
CLIMATE RECORD PERIOD 1896 TO 2014


WEATHER ITEM   OBSERVED TIME   RECORD YEAR NORMAL DEPARTURE LAST
                VALUE   (LST)  VALUE       VALUE  FROM      YEAR
                                                  NORMAL
..................................................................
TEMPERATURE (F)
 YESTERDAY
  MAXIMUM         89    325 PM 107    1930  92     -3       93
  MINIMUM         64    533 AM  61    1994  72     -8       72
  AVERAGE         77                        82     -5       83

PRECIPITATION (IN)
  YESTERDAY        0.00          1.76 2009   0.16  -0.16     0.00
  MONTH TO DATE    2.14                      4.51  -2.37     2.66
  SINCE JUN 1      8.57                      8.63  -0.06     7.64
  SINCE JAN 1     40.17                     32.74   7.43    40.70

SNOWFALL (IN)
  YESTERDAY        0.0           0.0  2002   0.0    0.0      0.0
                                      2001
  MONTH TO DATE    0.0                       0.0    0.0      0.0
  SINCE JUN 1      0.0                       0.0    0.0      0.0
  SINCE JUL 1      0.0                       0.0    0.0      0.0

DEGREE DAYS
 HEATING
  YESTERDAY        0                         0      0        0
  MONTH TO DATE    0                         0      0        0
  SINCE JUN 1      0                         0      0        0
  SINCE JUL 1      0                         0      0        0

 COOLING
  YESTERDAY       12                        17     -5       18
  MONTH TO DATE  421                       486    -65      434
  SINCE JUN 1    864                       908    -44      881
  SINCE JAN 1   1195                      1266    -71     1199
..................................................................


WIND (MPH)
  HIGHEST WIND SPEED    17   HIGHEST WIND DIRECTION     N (360)
  HIGHEST GUST SPEED    MM   HIGHEST GUST DIRECTION    MM
  AVERAGE WIND SPEED     6.0


SKY COVER
  POSSIBLE SUNSHINE  MM
  AVERAGE SKY COVER 0.2


WEATHER CONDITIONS
THE FOLLOWING WEATHER WAS RECORDED YESTERDAY.
  NO SIGNIFICANT WEATHER WAS OBSERVED.


RELATIVE HUMIDITY (PERCENT)
 HIGHEST   100           500 AM
 LOWEST     40           100 PM
 AVERAGE    70

..........................................................


THE JACKSON CLIMATE NORMALS FOR TODAY
                         NORMAL    RECORD    YEAR
 MAXIMUM TEMPERATURE (F)   92       104      1930
 MINIMUM TEMPERATURE (F)   72        61      1897


SUNRISE AND SUNSET
JULY 30 2014..........SUNRISE   614 AM CDT   SUNSET   759 PM CDT
JULY 31 2014..........SUNRISE   614 AM CDT   SUNSET   759 PM CDT


-  INDICATES NEGATIVE NUMBERS.
R  INDICATES RECORD WAS SET OR TIED.
MM INDICATES DATA IS MISSING.
T  INDICATES TRACE AMOUNT.

&&

AT 2 AM:

THE PEARL RIVER STAGE AT JACKSON WAS 3.9 FEET. THE RIVER STAGE
HAS REMAINED THE SAME OVER THE LAST 24 HOURS.

THE MISSISSIPPI RIVER STAGE AT VICKSBURG WAS 22.5 FEET. THE RIVER
HAS FALLEN 1.1 FEET OVER THE LAST 24 HOURS.

$$
