000
CDUS44 KJAN 280905
CLIJAN


CLIMATE REPORT
NATIONAL WEATHER SERVICE JACKSON MS
402 AM CDT FRI JUL 28 2017


...................................

...THE JACKSON CLIMATE SUMMARY FOR JULY 27 2017...

CLIMATE NORMAL PERIOD 1981 TO 2010
CLIMATE RECORD PERIOD 1896 TO 2017


WEATHER ITEM   OBSERVED TIME   RECORD YEAR NORMAL DEPARTURE LAST
                VALUE   (LST)  VALUE       VALUE  FROM      YEAR
                                                  NORMAL
..................................................................
TEMPERATURE (F)
 YESTERDAY
  MAXIMUM         94    323 PM 103    1952  92      2       85
  MINIMUM         72    545 AM  58    1911  72      0       74
  AVERAGE         83                        82      1       80

PRECIPITATION (IN)
  YESTERDAY        0.00          2.28 1950   0.15  -0.15     0.58
  MONTH TO DATE    6.68                      4.20   2.48     6.98
  SINCE JUN 1     15.10                      8.32   6.78    10.01
  SINCE JAN 1     46.59                     32.43  14.16    42.46

SNOWFALL (IN)
  YESTERDAY        0.0           0.0  2002   0.0    0.0      0.0
                                      2001
  MONTH TO DATE    0.0                       0.0    0.0      0.0
  SINCE JUN 1      0.0                       0.0    0.0      0.0
  SINCE JUL 1      0.0                       0.0    0.0      0.0

DEGREE DAYS
 HEATING
  YESTERDAY        0                         0      0        0
  MONTH TO DATE    0                         0      0        0
  SINCE JUN 1      0                         0      0        0
  SINCE JUL 1      0                         0      0        0

 COOLING
  YESTERDAY       18                        17      1       15
  MONTH TO DATE  487                       452     35      529
  SINCE JUN 1    868                       874     -6     1045
  SINCE JAN 1   1364                      1232    132     1433
..................................................................


WIND (MPH)
  HIGHEST WIND SPEED    13   HIGHEST WIND DIRECTION    SW (220)
  HIGHEST GUST SPEED    15   HIGHEST GUST DIRECTION    SW (220)
  AVERAGE WIND SPEED     4.1


SKY COVER
  POSSIBLE SUNSHINE  MM
  AVERAGE SKY COVER 0.1


WEATHER CONDITIONS
 THE FOLLOWING WEATHER WAS RECORDED YESTERDAY.
  NO SIGNIFICANT WEATHER WAS OBSERVED.


RELATIVE HUMIDITY (PERCENT)
 HIGHEST   100           300 AM
 LOWEST     49           300 PM
 AVERAGE    75

..........................................................


THE JACKSON CLIMATE NORMALS FOR TODAY
                         NORMAL    RECORD    YEAR
 MAXIMUM TEMPERATURE (F)   92       102      1930
 MINIMUM TEMPERATURE (F)   72        60      1911


SUNRISE AND SUNSET
JULY 28 2017..........SUNRISE   613 AM CDT   SUNSET   801 PM CDT
JULY 29 2017..........SUNRISE   613 AM CDT   SUNSET   800 PM CDT


-  INDICATES NEGATIVE NUMBERS.
R  INDICATES RECORD WAS SET OR TIED.
MM INDICATES DATA IS MISSING.
T  INDICATES TRACE AMOUNT.

&&

AT 4 AM:

THE PEARL RIVER STAGE AT JACKSON WAS 4.7 FEET. THE RIVER HAS REMAINED
STEADY OF THE PAST 24 HOURS.

THE MISSISSIPPI RIVER STAGE AT VICKSBURG WAS 21.2 FEET. THE RIVER FELL
1 FOOT OVER THE PAST 24 HOURS.

$$
