000
CDUS44 KJAN 280709
CLIJAN


CLIMATE REPORT
NATIONAL WEATHER SERVICE JACKSON MS
207 AM CDT TUE JUL 28 2015


...................................

...THE JACKSON CLIMATE SUMMARY FOR JULY 27 2015...

CLIMATE NORMAL PERIOD 1981 TO 2010
CLIMATE RECORD PERIOD 1896 TO 2015


WEATHER ITEM   OBSERVED TIME   RECORD YEAR NORMAL DEPARTURE LAST
                VALUE   (LST)  VALUE       VALUE  FROM      YEAR
                                                  NORMAL
..................................................................
TEMPERATURE (F)
 YESTERDAY
  MAXIMUM         98    424 PM 103    1952  92      6       94
  MINIMUM         73    444 AM  58    1911  72      1       75
  AVERAGE         86                        82      4       85

PRECIPITATION (IN)
  YESTERDAY        0.00          2.28 1950   0.15  -0.15     0.00
  MONTH TO DATE    1.39                      4.20  -2.81     2.14
  SINCE JUN 1      7.83                      8.32  -0.49     8.57
  SINCE JAN 1     36.11                     32.43   3.68    40.17

SNOWFALL (IN)
  YESTERDAY        0.0           0.0  2002   0.0    0.0      0.0
                                      2001
  MONTH TO DATE    0.0                       0.0    0.0      0.0
  SINCE JUN 1      0.0                       0.0    0.0      0.0
  SINCE JUL 1      0.0                       0.0    0.0      0.0

DEGREE DAYS
 HEATING
  YESTERDAY        0                         0      0        0
  MONTH TO DATE    0                         0      0        0
  SINCE JUN 1      0                         0      0        0
  SINCE JUL 1      0                         0      0        0

 COOLING
  YESTERDAY       21                        17      4       20
  MONTH TO DATE  528                       452     76      392
  SINCE JUN 1   1010                       874    136      835
  SINCE JAN 1   1463                      1232    231     1166
..................................................................


WIND (MPH)
  HIGHEST WIND SPEED    13   HIGHEST WIND DIRECTION    SE (140)
  HIGHEST GUST SPEED    16   HIGHEST GUST DIRECTION    SE (140)
  AVERAGE WIND SPEED     3.9


SKY COVER
  POSSIBLE SUNSHINE  MM
  AVERAGE SKY COVER 0.1


WEATHER CONDITIONS
 THE FOLLOWING WEATHER WAS RECORDED YESTERDAY.
  NO SIGNIFICANT WEATHER WAS OBSERVED.


RELATIVE HUMIDITY (PERCENT)
 HIGHEST    93           200 AM
 LOWEST     33           300 PM
 AVERAGE    63

..........................................................


THE JACKSON CLIMATE NORMALS FOR TODAY
                         NORMAL    RECORD    YEAR
 MAXIMUM TEMPERATURE (F)   92       102      1930
 MINIMUM TEMPERATURE (F)   72        60      1911


SUNRISE AND SUNSET
JULY 28 2015..........SUNRISE   612 AM CDT   SUNSET   801 PM CDT
JULY 29 2015..........SUNRISE   613 AM CDT   SUNSET   800 PM CDT


-  INDICATES NEGATIVE NUMBERS.
R  INDICATES RECORD WAS SET OR TIED.
MM INDICATES DATA IS MISSING.
T  INDICATES TRACE AMOUNT.

&&

AT 2 AM:

THE PEARL RIVER STAGE AT JACKSON WAS 3.7 FEET. THE RIVER STAGE HAS RISEN 0.1
FEET THE PAST 24 HOURS.

THE MISSISSIPPI RIVER STAGE AT VICKSBURG WAS 45.9 FEET. THE RIVER STAGE
HAS REMAINED STEADY OVER THE PAST 24 HOURS.


$$
