000
CDUS42 KJAX 050532
CLIJAX


CLIMATE REPORT
NATIONAL WEATHER SERVICE JACKSONVILLE FL
1232 AM EST MON DEC 5 2016


...................................

...THE JACKSONVILLE CLIMATE SUMMARY FOR DECEMBER 4 2016...

CLIMATE NORMAL PERIOD 1981 TO 2010
CLIMATE RECORD PERIOD 1871 TO 2016


WEATHER ITEM   OBSERVED TIME   RECORD YEAR NORMAL DEPARTURE LAST
                VALUE   (LST)  VALUE       VALUE  FROM      YEAR
                                                  NORMAL
..................................................................
TEMPERATURE (F)
 YESTERDAY
  MAXIMUM         79    133 PM  84    1994  69     10       62
  MINIMUM         49    552 AM  25    1876  46      3       52
  AVERAGE         64                        58      6       57

PRECIPITATION (IN)
  YESTERDAY        0.00          3.81 1902   0.09  -0.09     0.00
  MONTH TO DATE    0.06                      0.35  -0.29      T
  SINCE DEC 1      0.06                      0.35  -0.29      T
  SINCE JAN 1     36.29                     49.94 -13.65    43.98

SNOWFALL (IN)
  YESTERDAY        0.0           0.0  2001   0.0    0.0      0.0
  MONTH TO DATE    0.0                       0.0    0.0      0.0
  SINCE DEC 1      0.0                       0.0    0.0      0.0
  SINCE JUL 1      0.0                       0.0    0.0      0.0
  SNOW DEPTH       0

DEGREE DAYS
 HEATING
  YESTERDAY        1                         8     -7        8
  MONTH TO DATE   29                        32     -3       13
  SINCE DEC 1     29                        32     -3       13
  SINCE JUL 1    159                       205    -46       67

 COOLING
  YESTERDAY        0                         1     -1        0
  MONTH TO DATE    0                         4     -4       11
  SINCE DEC 1      0                         4     -4       11
  SINCE JAN 1   2951                      2648    303     2971
..................................................................


WIND (MPH)
  HIGHEST WIND SPEED    18   HIGHEST WIND DIRECTION    SE (140)
  HIGHEST GUST SPEED    23   HIGHEST GUST DIRECTION    SE (130)
  AVERAGE WIND SPEED     8.9


SKY COVER
  POSSIBLE SUNSHINE  MM
  AVERAGE SKY COVER 0.6


WEATHER CONDITIONS
 THE FOLLOWING WEATHER WAS RECORDED YESTERDAY.
  NO SIGNIFICANT WEATHER WAS OBSERVED.


RELATIVE HUMIDITY (PERCENT)
 HIGHEST   100           400 AM
 LOWEST     54          1200 PM
 AVERAGE    77

..........................................................


THE JACKSONVILLE CLIMATE NORMALS FOR TODAY
                         NORMAL    RECORD    YEAR
 MAXIMUM TEMPERATURE (F)   69        83      2013
 MINIMUM TEMPERATURE (F)   46        25      1876


SUNRISE AND SUNSET
DECEMBER  5 2016......SUNRISE   710 AM EST   SUNSET   526 PM EST
DECEMBER  6 2016......SUNRISE   710 AM EST   SUNSET   526 PM EST


-  INDICATES NEGATIVE NUMBERS.
R  INDICATES RECORD WAS SET OR TIED.
MM INDICATES DATA IS MISSING.
T  INDICATES TRACE AMOUNT.




$$
