408
CDUS42 KJAX 230534
CLIJAX


CLIMATE REPORT
NATIONAL WEATHER SERVICE JACKSONVILLE FL
1233 AM EST MON JAN 23 2017


...................................

...THE JACKSONVILLE CLIMATE SUMMARY FOR JANUARY 22 2017...

CLIMATE NORMAL PERIOD 1981 TO 2010
CLIMATE RECORD PERIOD 1871 TO 2017


WEATHER ITEM   OBSERVED TIME   RECORD YEAR NORMAL DEPARTURE LAST
                VALUE   (LST)  VALUE       VALUE  FROM      YEAR
                                                  NORMAL
..................................................................
TEMPERATURE (F)
 YESTERDAY
  MAXIMUM         78   1131 AM  82    1999  65     13       71
  MINIMUM         59   1131 PM  16    1985  42     17       46
  AVERAGE         69                        53     16       59

PRECIPITATION (IN)
  YESTERDAY        0.69          1.21 1946   0.12   0.57     0.05
  MONTH TO DATE    3.83                      2.26   1.57     2.41
  SINCE DEC 1      6.12                      5.06   1.06     2.97
  SINCE JAN 1      3.83                      2.26   1.57     2.41

SNOWFALL (IN)
  YESTERDAY        0.0           T    1935   0.0    0.0      0.0
  MONTH TO DATE    0.0                       0.0    0.0      0.0
  SINCE DEC 1      0.0                       T      0.0      0.0
  SINCE JUL 1      0.0                       T      0.0      0.0
  SNOW DEPTH       0

DEGREE DAYS
 HEATING
  YESTERDAY        0                        12    -12        6
  MONTH TO DATE  103                       277   -174      299
  SINCE DEC 1    283                       600   -317      386
  SINCE JUL 1    413                       773   -360      440

 COOLING
  YESTERDAY        4                         0      4        0
  MONTH TO DATE   35                         0     35        0
  SINCE DEC 1     78                        21     57      141
  SINCE JAN 1     35                         0     35        0
..................................................................


WIND (MPH)
  HIGHEST WIND SPEED    32   HIGHEST WIND DIRECTION     W (270)
  HIGHEST GUST SPEED    46   HIGHEST GUST DIRECTION     W (290)
  AVERAGE WIND SPEED    13.7


SKY COVER
  POSSIBLE SUNSHINE  MM
  AVERAGE SKY COVER 0.8


WEATHER CONDITIONS
 THE FOLLOWING WEATHER WAS RECORDED YESTERDAY.
  THUNDERSTORM
  HEAVY RAIN
  RAIN
  LIGHT RAIN
  FOG


RELATIVE HUMIDITY (PERCENT)
 HIGHEST   100          1200 AM
 LOWEST     63          1000 PM
 AVERAGE    82

..........................................................


THE JACKSONVILLE CLIMATE NORMALS FOR TODAY
                         NORMAL    RECORD    YEAR
 MAXIMUM TEMPERATURE (F)   65        82      2006
                                             1999
                                             1974
 MINIMUM TEMPERATURE (F)   42        25      2011
                                             1960


SUNRISE AND SUNSET
JANUARY 23 2017.......SUNRISE   722 AM EST   SUNSET   556 PM EST
JANUARY 24 2017.......SUNRISE   722 AM EST   SUNSET   556 PM EST


-  INDICATES NEGATIVE NUMBERS.
R  INDICATES RECORD WAS SET OR TIED.
MM INDICATES DATA IS MISSING.
T  INDICATES TRACE AMOUNT.




$$
