000
CDUS42 KJAX 110531
CLIJAX


CLIMATE REPORT
NATIONAL WEATHER SERVICE JACKSONVILLE FL
1230 AM EST THU FEB 11 2016


...................................

...THE JACKSONVILLE CLIMATE SUMMARY FOR FEBRUARY 10 2016...

CLIMATE NORMAL PERIOD 1981 TO 2010
CLIMATE RECORD PERIOD 1871 TO 2016


WEATHER ITEM   OBSERVED TIME   RECORD YEAR NORMAL DEPARTURE LAST
                VALUE   (LST)  VALUE       VALUE  FROM      YEAR
                                                  NORMAL
..................................................................
TEMPERATURE (F)
 YESTERDAY
  MAXIMUM         51    407 PM  84    1994  67    -16       60
                                      1957
  MINIMUM         28    434 AM  26    1979  44    -16       45
                                      1971
  AVERAGE         40                        56    -16       53

PRECIPITATION (IN)
  YESTERDAY        0.00          1.22 2011   0.10  -0.10     0.00
  MONTH TO DATE    3.62                      1.07   2.55     1.74
  SINCE DEC 1      7.01                      7.17  -0.16     8.56
  SINCE JAN 1      6.45                      4.37   2.08     4.82

SNOWFALL (IN)
  YESTERDAY        0.0           T    1973   0.0    0.0      0.0
  MONTH TO DATE    0.0                       0.0    0.0      0.0
  SINCE DEC 1      0.0                       T      0.0       T
  SINCE JUL 1      0.0                       T      0.0       T
  SNOW DEPTH       0

DEGREE DAYS
 HEATING
  YESTERDAY       25                        10     15       12
  MONTH TO DATE  118                       105     13      129
  SINCE DEC 1    628                       808   -180      719
  SINCE JUL 1    682                       981   -299     1003

 COOLING
  YESTERDAY        0                         1     -1        0
  MONTH TO DATE   14                         5      9        0
  SINCE DEC 1    155                        37    118       37
  SINCE JAN 1     14                        16     -2       13
..................................................................


WIND (MPH)
  HIGHEST WIND SPEED    25   HIGHEST WIND DIRECTION     W (280)
  HIGHEST GUST SPEED    34   HIGHEST GUST DIRECTION     W (260)
  AVERAGE WIND SPEED     9.5


SKY COVER
  POSSIBLE SUNSHINE  MM
  AVERAGE SKY COVER 0.0


WEATHER CONDITIONS
 THE FOLLOWING WEATHER WAS RECORDED YESTERDAY.
  NO SIGNIFICANT WEATHER WAS OBSERVED.


RELATIVE HUMIDITY (PERCENT)
 HIGHEST    78           500 AM
 LOWEST     21           300 PM
 AVERAGE    50

..........................................................


THE JACKSONVILLE CLIMATE NORMALS FOR TODAY
                         NORMAL    RECORD    YEAR
 MAXIMUM TEMPERATURE (F)   68        84      1939
 MINIMUM TEMPERATURE (F)   44        24      1971


SUNRISE AND SUNSET
FEBRUARY 11 2016......SUNRISE   711 AM EST   SUNSET   611 PM EST
FEBRUARY 12 2016......SUNRISE   710 AM EST   SUNSET   612 PM EST


-  INDICATES NEGATIVE NUMBERS.
R  INDICATES RECORD WAS SET OR TIED.
MM INDICATES DATA IS MISSING.
T  INDICATES TRACE AMOUNT.




$$
