000
CDUS42 KJAX 270528
CLIJAX


CLIMATE REPORT
NATIONAL WEATHER SERVICE JACKSONVILLE FL
128 AM EDT THU APR 27 2017


...................................

...THE JACKSONVILLE CLIMATE SUMMARY FOR APRIL 26 2017...

CLIMATE NORMAL PERIOD 1981 TO 2010
CLIMATE RECORD PERIOD 1871 TO 2017


WEATHER ITEM   OBSERVED TIME   RECORD YEAR NORMAL DEPARTURE LAST
                VALUE   (LST)  VALUE       VALUE  FROM      YEAR
                                                  NORMAL
..................................................................
TEMPERATURE (F)
 YESTERDAY
  MAXIMUM         85    329 PM  92    2011  81      4       84
  MINIMUM         56    617 AM  40    1974  57     -1       57
  AVERAGE         71                        69      2       71

PRECIPITATION (IN)
  YESTERDAY        0.00          0.86 1895   0.07  -0.07     0.02
  MONTH TO DATE    0.74                      2.36  -1.62     2.69
  SINCE MAR 1      1.81                      6.31  -4.50     4.52
  SINCE JAN 1      7.21                     12.80  -5.59    12.17

SNOWFALL (IN)
  YESTERDAY        0.0           0.0  2002   0.0    0.0      0.0
                                      2001
  MONTH TO DATE    0.0                       0.0    0.0      0.0
  SINCE MAR 1      0.0                       T      0.0      0.0
  SINCE JUL 1      0.0                       T      0.0      0.0
  SNOW DEPTH       0

DEGREE DAYS
 HEATING
  YESTERDAY        0                         1     -1        0
  MONTH TO DATE   21                        52    -31       21
  SINCE MAR 1    179                       208    -29       95
  SINCE JUL 1    782                      1341   -559      943

 COOLING
  YESTERDAY        6                         5      1        6
  MONTH TO DATE  120                        92     28       87
  SINCE MAR 1    199                       146     53      205
  SINCE JAN 1    271                       175     96      229
..................................................................


WIND (MPH)
  HIGHEST WIND SPEED    17   HIGHEST WIND DIRECTION    SW (240)
  HIGHEST GUST SPEED    22   HIGHEST GUST DIRECTION    SE (140)
  AVERAGE WIND SPEED     5.7


SKY COVER
  POSSIBLE SUNSHINE  MM
  AVERAGE SKY COVER 0.5


WEATHER CONDITIONS
 THE FOLLOWING WEATHER WAS RECORDED YESTERDAY.
  NO SIGNIFICANT WEATHER WAS OBSERVED.


RELATIVE HUMIDITY (PERCENT)
 HIGHEST    93           600 AM
 LOWEST     34           300 PM
 AVERAGE    64

..........................................................


THE JACKSONVILLE CLIMATE NORMALS FOR TODAY
                         NORMAL    RECORD    YEAR
 MAXIMUM TEMPERATURE (F)   82        94      1986
 MINIMUM TEMPERATURE (F)   57        42      1977


SUNRISE AND SUNSET
APRIL 27 2017.........SUNRISE   647 AM EDT   SUNSET   802 PM EDT
APRIL 28 2017.........SUNRISE   646 AM EDT   SUNSET   803 PM EDT


-  INDICATES NEGATIVE NUMBERS.
R  INDICATES RECORD WAS SET OR TIED.
MM INDICATES DATA IS MISSING.
T  INDICATES TRACE AMOUNT.




$$
