000
CDUS42 KJAX 010533
CLIJAX


CLIMATE REPORT
NATIONAL WEATHER SERVICE JACKSONVILLE FL
1233 AM EST SUN FEB 1 2015


...................................

...THE JACKSONVILLE CLIMATE SUMMARY FOR JANUARY 31 2015...

CLIMATE NORMAL PERIOD 1981 TO 2010
CLIMATE RECORD PERIOD 1871 TO 2015


WEATHER ITEM   OBSERVED TIME   RECORD YEAR NORMAL DEPARTURE LAST
                VALUE   (LST)  VALUE       VALUE  FROM      YEAR
                                                  NORMAL
..................................................................
TEMPERATURE (F)
 YESTERDAY
  MAXIMUM         60    203 PM  84    1982  66     -6       58
  MINIMUM         36    743 AM  20    1966  42     -6       38
  AVERAGE         48                        54     -6       48

PRECIPITATION (IN)
  YESTERDAY        0.00          3.43 1947   0.11  -0.11      T
  MONTH TO DATE    3.08                      3.30  -0.22     6.97
  SINCE DEC 1      6.82                      6.10   0.72     7.83
  SINCE JAN 1      3.08                      3.30  -0.22     6.97

SNOWFALL (IN)
  YESTERDAY        0.0           0.0  2002   0.0    0.0      0.0
  MONTH TO DATE    T                         0.0    0.0      0.0
  SINCE DEC 1      T                         T      0.0      0.0
  SINCE JUL 1      T                         T      0.0      0.0
  SNOW DEPTH       0

DEGREE DAYS
 HEATING
  YESTERDAY       17                        11      6       17
  MONTH TO DATE  362                       382    -20      491
  SINCE DEC 1    590                       703   -113      693
  SINCE JUL 1    874                       876     -2      849

 COOLING
  YESTERDAY        0                         0      0        0
  MONTH TO DATE   13                        11      2        9
  SINCE DEC 1     37                        32      5       59
  SINCE JAN 1     13                        11      2        9
..................................................................


WIND (MPH)
  HIGHEST WIND SPEED    17   HIGHEST WIND DIRECTION    NE (50)
  HIGHEST GUST SPEED    21   HIGHEST GUST DIRECTION     E (70)
  AVERAGE WIND SPEED     6.2


SKY COVER
  POSSIBLE SUNSHINE  MM
  AVERAGE SKY COVER 0.6


WEATHER CONDITIONS
 THE FOLLOWING WEATHER WAS RECORDED YESTERDAY.
  NO SIGNIFICANT WEATHER WAS OBSERVED.


RELATIVE HUMIDITY (PERCENT)
 HIGHEST   100          1100 PM
 LOWEST     37           200 PM
 AVERAGE    69

..........................................................


THE JACKSONVILLE CLIMATE NORMALS FOR TODAY
                         NORMAL    RECORD    YEAR
 MAXIMUM TEMPERATURE (F)   66        83      2002
                                             1957
 MINIMUM TEMPERATURE (F)   43        24      1977


SUNRISE AND SUNSET
FEBRUARY  1 2015......SUNRISE   718 AM EST   SUNSET   603 PM EST
FEBRUARY  2 2015......SUNRISE   717 AM EST   SUNSET   604 PM EST


-  INDICATES NEGATIVE NUMBERS.
R  INDICATES RECORD WAS SET OR TIED.
MM INDICATES DATA IS MISSING.
T  INDICATES TRACE AMOUNT.




$$
