000
CDUS44 KMEG 210738
CLIJBR


CLIMATE REPORT
NATIONAL WEATHER SERVICE MEMPHIS TN
137 AM CST TUE FEB 21 2017


...................................

...THE JONESBORO CLIMATE SUMMARY FOR FEBRUARY 20 2017...

CLIMATE NORMAL PERIOD 1981 TO 2010
CLIMATE RECORD PERIOD 1897 TO 2017


WEATHER ITEM   OBSERVED TIME   RECORD YEAR NORMAL DEPARTURE LAST
                VALUE   (LST)  VALUE       VALUE  FROM      YEAR
                                                  NORMAL
..................................................................
TEMPERATURE (F)
 YESTERDAY
  MAXIMUM         77R   405 PM  77    1986  52     25       69
  MINIMUM         50    634 AM  13    1958  33     17       53
  AVERAGE         64                        43     21       61

PRECIPITATION (IN)
  YESTERDAY        0.02          1.63 1954   0.15  -0.13      T
  MONTH TO DATE    0.79                      2.65  -1.86     0.27
  SINCE DEC 1      8.95                     10.85  -1.90     8.44
  SINCE JAN 1      4.49                      6.08  -1.59     2.07

DEGREE DAYS
 HEATING
  YESTERDAY        1                        22    -21        4
  MONTH TO DATE  321                       491   -170      463
  SINCE DEC 1   1708                      2137   -429     1821
  SINCE JUL 1   2057                      2787   -730     2330

 COOLING
  YESTERDAY        0                         0      0        0
  MONTH TO DATE    3                         0      3        0
  SINCE DEC 1      3                         0      3        3
  SINCE JAN 1      3                         0      3        0
..................................................................


WIND (MPH)
  HIGHEST WIND SPEED    23   HIGHEST WIND DIRECTION     S (160)
  HIGHEST GUST SPEED    26   HIGHEST GUST DIRECTION     S (160)
  AVERAGE WIND SPEED     7.5


SKY COVER
  POSSIBLE SUNSHINE  MM
  AVERAGE SKY COVER 0.0


WEATHER CONDITIONS
 THE FOLLOWING WEATHER WAS RECORDED YESTERDAY.
  LIGHT RAIN
  FOG


RELATIVE HUMIDITY (PERCENT)
 HIGHEST    96           300 AM
 LOWEST     39           400 PM
 AVERAGE    68

..........................................................


THE JONESBORO CLIMATE NORMALS FOR TODAY
                         NORMAL    RECORD    YEAR
 MAXIMUM TEMPERATURE (F)   53        78      1922
 MINIMUM TEMPERATURE (F)   33        12      1963


SUNRISE AND SUNSET
FEBRUARY 21 2017......SUNRISE   642 AM CST   SUNSET   550 PM CST
FEBRUARY 22 2017......SUNRISE   641 AM CST   SUNSET   551 PM CST


-  INDICATES NEGATIVE NUMBERS.
R  INDICATES RECORD WAS SET OR TIED.
MM INDICATES DATA IS MISSING.
T  INDICATES TRACE AMOUNT.


$$
