000
CDUS44 KMEG 302154
CLIJBR


CLIMATE REPORT
NATIONAL WEATHER SERVICE MEMPHIS TN
453 PM CDT MON MAR 30 2015


...................................

...THE JONESBORO CLIMATE SUMMARY FOR MARCH 30 2015...
VALID TODAY AS OF 0400 PM LOCAL TIME.

CLIMATE NORMAL PERIOD 1981 TO 2010
CLIMATE RECORD PERIOD 1897 TO 2015


WEATHER ITEM   OBSERVED TIME   RECORD YEAR NORMAL DEPARTURE LAST
                VALUE   (LST)  VALUE       VALUE  FROM      YEAR
                                                  NORMAL
..................................................................
TEMPERATURE (F)
 TODAY
  MAXIMUM         67    220 PM  84    1963  65      2       60
                                      1904
  MINIMUM         48    608 AM  23    1964  44      4       33
  AVERAGE         58                        55      3       47

PRECIPITATION (IN)
  TODAY            0.00          1.74 1990   0.15  -0.15     0.00
  MONTH TO DATE    7.32                      4.34   2.98     5.01
  SINCE MAR 1      7.32                      4.34   2.98     5.01
  SINCE JAN 1     12.15                     11.49   0.66     9.72

SNOWFALL (IN)
  TODAY            0.0

DEGREE DAYS
 HEATING
  TODAY            7                        11     -4       18
  MONTH TO DATE  561                       454    107      622
  SINCE MAR 1    561                       454    107      622
  SINCE JUL 1   3809                      3410    399     3887

 COOLING
  TODAY            0                         0      0        0
  MONTH TO DATE    0                         0      0        0
  SINCE MAR 1      0                         0      0        0
  SINCE JAN 1      0                         0      0        0
..................................................................


WIND (MPH)
  HIGHEST WIND SPEED    15   HIGHEST WIND DIRECTION     E (70)
  HIGHEST GUST SPEED    18   HIGHEST GUST DIRECTION     E (70)
  AVERAGE WIND SPEED     6.6


SKY COVER
  POSSIBLE SUNSHINE  MM
  AVERAGE SKY COVER 0.0


WEATHER CONDITIONS
 THE FOLLOWING WEATHER WAS RECORDED TODAY.
  NO SIGNIFICANT WEATHER WAS OBSERVED.


RELATIVE HUMIDITY (PERCENT)
 HIGHEST    86          1200 AM
 LOWEST     37           100 PM
 AVERAGE    62

..........................................................


THE JONESBORO CLIMATE NORMALS FOR TOMORROW
                         NORMAL    RECORD    YEAR
 MAXIMUM TEMPERATURE (F)   65        87      1904
 MINIMUM TEMPERATURE (F)   45        23      1923


SUNRISE AND SUNSET
MARCH 30 2015.........SUNRISE   652 AM CDT   SUNSET   723 PM CDT
MARCH 31 2015.........SUNRISE   651 AM CDT   SUNSET   723 PM CDT


-  INDICATES NEGATIVE NUMBERS.
R  INDICATES RECORD WAS SET OR TIED.
MM INDICATES DATA IS MISSING.
T  INDICATES TRACE AMOUNT.




$$
