000
CDUS44 KMEG 010634
CLIJBR


CLIMATE REPORT
NATIONAL WEATHER SERVICE MEMPHIS TN
133 AM CDT WED OCT 1 2014


...................................

...THE JONESBORO CLIMATE SUMMARY FOR SEPTEMBER 30 2014...

CLIMATE NORMAL PERIOD 1981 TO 2010
CLIMATE RECORD PERIOD 1897 TO 2014


WEATHER ITEM   OBSERVED TIME   RECORD YEAR NORMAL DEPARTURE LAST
                VALUE   (LST)  VALUE       VALUE  FROM      YEAR
                                                  NORMAL
..................................................................
TEMPERATURE (F)
 YESTERDAY
  MAXIMUM         88    339 PM  96    1953  78     10       78
  MINIMUM         57    607 AM  33    1916  55      2       68
  AVERAGE         73                        66      7       73

PRECIPITATION (IN)
  YESTERDAY        0.00          3.35 1898   0.14  -0.14      T
  MONTH TO DATE    1.84                      3.06  -1.22     1.28
  SINCE SEP 1      1.84                      3.06  -1.22     1.28
  SINCE JAN 1     35.52                     34.17   1.35    38.73

SNOWFALL (IN)
  YESTERDAY        0.0           0.0  2002   0.0    0.0      0.0
                                      2001
  MONTH TO DATE    0.0                       0.0    0.0      0.0
  SINCE SEP 1      0.0                       0.0    0.0      0.0
  SINCE JUL 1      0.0                       0.0    0.0      0.0
  SNOW DEPTH       0

DEGREE DAYS
 HEATING
  YESTERDAY        0                         2     -2        0
  MONTH TO DATE    9                        18     -9        0
  SINCE SEP 1      9                        18     -9        0
  SINCE JUL 1      9                        18     -9        0

 COOLING
  YESTERDAY        8                         4      4        8
  MONTH TO DATE  260                       225     35      368
  SINCE SEP 1    260                       225     35      368
  SINCE JAN 1   1720                      1771    -51     1968
..................................................................


WIND (MPH)
  HIGHEST WIND SPEED     9   HIGHEST WIND DIRECTION     E (100)
  HIGHEST GUST SPEED    15   HIGHEST GUST DIRECTION     E (90)
  AVERAGE WIND SPEED     2.3


SKY COVER
  POSSIBLE SUNSHINE  MM
  AVERAGE SKY COVER 0.1


WEATHER CONDITIONS
 THE FOLLOWING WEATHER WAS RECORDED YESTERDAY.
  NO SIGNIFICANT WEATHER WAS OBSERVED.


RELATIVE HUMIDITY (PERCENT)
 HIGHEST    93           300 AM
 LOWEST     31           300 PM
 AVERAGE    62

..........................................................


THE JONESBORO CLIMATE NORMALS FOR TODAY
                         NORMAL    RECORD    YEAR
 MAXIMUM TEMPERATURE (F)   78        95      1953
                                             1919
                                             1910
 MINIMUM TEMPERATURE (F)   54        35      1924


SUNRISE AND SUNSET
OCTOBER  1 2014.......SUNRISE   658 AM CDT   SUNSET   646 PM CDT
OCTOBER  2 2014.......SUNRISE   658 AM CDT   SUNSET   645 PM CDT


-  INDICATES NEGATIVE NUMBERS.
R  INDICATES RECORD WAS SET OR TIED.
MM INDICATES DATA IS MISSING.
T  INDICATES TRACE AMOUNT.




$$
