000
CDUS44 KMEG 262152
CLIJBR


CLIMATE REPORT
NATIONAL WEATHER SERVICE MEMPHIS TN
450 PM CDT WED JUL 26 2017


...................................

...THE JONESBORO CLIMATE SUMMARY FOR JULY 26 2017...
VALID TODAY AS OF 0400 PM LOCAL TIME.

CLIMATE NORMAL PERIOD 1981 TO 2010
CLIMATE RECORD PERIOD 1897 TO 2017


WEATHER ITEM   OBSERVED TIME   RECORD YEAR NORMAL DEPARTURE LAST
                VALUE   (LST)  VALUE       VALUE  FROM      YEAR
                                                  NORMAL
..................................................................
TEMPERATURE (F)
 TODAY
  MAXIMUM         95    159 PM 105    1952  91      4       95
  MINIMUM         77    555 AM  57    1897  71      6       75
  AVERAGE         86                        81      5       85

PRECIPITATION (IN)
  TODAY            0.00          1.84 1986   0.09  -0.09     0.00
  MONTH TO DATE    1.49                      3.15  -1.66     2.20
  SINCE JUN 1      4.24                      6.90  -2.66     2.74
  SINCE JAN 1     31.43                     28.18   3.25    35.17

DEGREE DAYS
 HEATING
  TODAY            0                         0      0        0
  MONTH TO DATE    0                         0      0        0
  SINCE JUN 1      0                         1     -1        0
  SINCE JUL 1      0                         0      0        0

 COOLING
  TODAY           21                        16      5       20
  MONTH TO DATE  461                       415     46      488
  SINCE JUN 1    857                       798     59      974
  SINCE JAN 1   1091                      1011     80     1173
..................................................................


WIND (MPH)
  HIGHEST WIND SPEED    16   HIGHEST WIND DIRECTION    SW (210)
  HIGHEST GUST SPEED    21   HIGHEST GUST DIRECTION    SW (220)
  AVERAGE WIND SPEED     7.4


SKY COVER
  POSSIBLE SUNSHINE  MM
  AVERAGE SKY COVER 0.0


WEATHER CONDITIONS
 THE FOLLOWING WEATHER WAS RECORDED TODAY.
  FOG


RELATIVE HUMIDITY (PERCENT)
 HIGHEST   100          1200 AM
 LOWEST     49           200 PM
 AVERAGE    75

..........................................................


THE JONESBORO CLIMATE NORMALS FOR TOMORROW
                         NORMAL    RECORD    YEAR
 MAXIMUM TEMPERATURE (F)   91       107      1930
 MINIMUM TEMPERATURE (F)   71        52      1897


SUNRISE AND SUNSET
JULY 26 2017..........SUNRISE   606 AM CDT   SUNSET   812 PM CDT
JULY 27 2017..........SUNRISE   607 AM CDT   SUNSET   811 PM CDT


-  INDICATES NEGATIVE NUMBERS.
R  INDICATES RECORD WAS SET OR TIED.
MM INDICATES DATA IS MISSING.
T  INDICATES TRACE AMOUNT.




$$
