616
CDUS44 KMEG 080733
CLIJBR


CLIMATE REPORT
NATIONAL WEATHER SERVICE MEMPHIS TN
133 AM CST MON FEB 8 2016


...................................

...THE JONESBORO CLIMATE SUMMARY FOR FEBRUARY 7 2016...

CLIMATE NORMAL PERIOD 1981 TO 2010
CLIMATE RECORD PERIOD 1897 TO 2016


WEATHER ITEM   OBSERVED TIME   RECORD YEAR NORMAL DEPARTURE LAST
                VALUE   (LST)  VALUE       VALUE  FROM      YEAR
                                                  NORMAL
..................................................................
TEMPERATURE (F)
 YESTERDAY
  MAXIMUM         56    343 PM  69    1943  49      7       60
                                      1934
                                      1931
  MINIMUM         29    249 AM   6    1906  30     -1       39
  AVERAGE         43                        40      3       50

PRECIPITATION (IN)
  YESTERDAY        0.00          1.98 1921   0.13  -0.13     0.00
  MONTH TO DATE    0.14                      0.91  -0.77     0.56
  SINCE DEC 1      8.31                      9.11  -0.80     4.85
  SINCE JAN 1      1.94                      4.34  -2.40     2.06

SNOWFALL (IN)
  YESTERDAY        0.0           2.0  1901   0.1   -0.1      0.0
  MONTH TO DATE    0.0                       0.4   -0.4       T
  SINCE DEC 1      0.3                       3.2   -2.9       T
  SINCE JUL 1      0.3                       3.2   -2.9      0.3
  SNOW DEPTH       0

DEGREE DAYS
 HEATING
  YESTERDAY       22                        25     -3       15
  MONTH TO DATE  144                       181    -37      199
  SINCE DEC 1   1502                      1827   -325     1764
  SINCE JUL 1   2011                      2477   -466     2523

 COOLING
  YESTERDAY        0                         0      0        0
  MONTH TO DATE    0                         0      0        0
  SINCE DEC 1      3                         0      3        0
  SINCE JAN 1      0                         0      0        0
..................................................................


WIND (MPH)
  HIGHEST WIND SPEED    26   HIGHEST WIND DIRECTION    SW (220)
  HIGHEST GUST SPEED    33   HIGHEST GUST DIRECTION     W (250)
  AVERAGE WIND SPEED    10.4


SKY COVER
  POSSIBLE SUNSHINE  MM
  AVERAGE SKY COVER 0.0


WEATHER CONDITIONS
 THE FOLLOWING WEATHER WAS RECORDED YESTERDAY.
  NO SIGNIFICANT WEATHER WAS OBSERVED.


RELATIVE HUMIDITY (PERCENT)
 HIGHEST    85           200 AM
 LOWEST     38           300 PM
 AVERAGE    62

..........................................................


THE JONESBORO CLIMATE NORMALS FOR TODAY
                         NORMAL    RECORD    YEAR
 MAXIMUM TEMPERATURE (F)   49        75      1937
 MINIMUM TEMPERATURE (F)   30         3      1933


SUNRISE AND SUNSET
FEBRUARY  8 2016......SUNRISE   657 AM CST   SUNSET   537 PM CST
FEBRUARY  9 2016......SUNRISE   656 AM CST   SUNSET   538 PM CST


-  INDICATES NEGATIVE NUMBERS.
R  INDICATES RECORD WAS SET OR TIED.
MM INDICATES DATA IS MISSING.
T  INDICATES TRACE AMOUNT.




$$
