000
CDUS44 KMEG 280645
CLIJBR


CLIMATE REPORT
NATIONAL WEATHER SERVICE MEMPHIS TN
144 AM CDT TUE MAR 28 2017


...................................

...THE JONESBORO CLIMATE SUMMARY FOR MARCH 27 2017...

CLIMATE NORMAL PERIOD 1981 TO 2010
CLIMATE RECORD PERIOD 1897 TO 2017


WEATHER ITEM   OBSERVED TIME   RECORD YEAR NORMAL DEPARTURE LAST
                VALUE   (LST)  VALUE       VALUE  FROM      YEAR
                                                  NORMAL
..................................................................
TEMPERATURE (F)
 YESTERDAY
  MAXIMUM         72    153 PM  87    1910  64      8       74
  MINIMUM         56   1044 PM  10    1899  43     13       43
  AVERAGE         64                        54     10       59

PRECIPITATION (IN)
  YESTERDAY        0.45          3.11 1950   0.14   0.31     0.00
  MONTH TO DATE    6.23                      3.87   2.36     7.83
  SINCE MAR 1      6.23                      3.87   2.36     7.83
  SINCE JAN 1     11.84                     11.02   0.82    11.76

DEGREE DAYS
 HEATING
  YESTERDAY        1                        12    -11        6
  MONTH TO DATE  350                       421    -71      314
  SINCE MAR 1    350                       421    -71      314
  SINCE JUL 1   2483                      3377   -894     2803

 COOLING
  YESTERDAY        0                         0      0        0
  MONTH TO DATE    4                         0      4        3
  SINCE MAR 1      4                         0      4        3
  SINCE JAN 1      8                         0      8        3
..................................................................


WIND (MPH)
  HIGHEST WIND SPEED    31   HIGHEST WIND DIRECTION     W (260)
  HIGHEST GUST SPEED    42   HIGHEST GUST DIRECTION     W (260)
  AVERAGE WIND SPEED     6.5


SKY COVER
  POSSIBLE SUNSHINE  MM
  AVERAGE SKY COVER 0.4


WEATHER CONDITIONS
 THE FOLLOWING WEATHER WAS RECORDED YESTERDAY.
  THUNDERSTORM
  HEAVY RAIN
  RAIN
  LIGHT RAIN
  FOG


RELATIVE HUMIDITY (PERCENT)
 HIGHEST   100          1000 PM
 LOWEST     66           600 PM
 AVERAGE    83

..........................................................


THE JONESBORO CLIMATE NORMALS FOR TODAY
                         NORMAL    RECORD    YEAR
 MAXIMUM TEMPERATURE (F)   64        88      1910
 MINIMUM TEMPERATURE (F)   44        22      1899


SUNRISE AND SUNSET
MARCH 28 2017.........SUNRISE   654 AM CDT   SUNSET   721 PM CDT
MARCH 29 2017.........SUNRISE   653 AM CDT   SUNSET   722 PM CDT


-  INDICATES NEGATIVE NUMBERS.
R  INDICATES RECORD WAS SET OR TIED.
MM INDICATES DATA IS MISSING.
T  INDICATES TRACE AMOUNT.


$$
