000
CDUS44 KMEG 242244
CLIJBR


CLIMATE REPORT
NATIONAL WEATHER SERVICE MEMPHIS TN
444 PM CST FRI NOV 24 2017


...................................

...THE JONESBORO CLIMATE SUMMARY FOR NOVEMBER 24 2017...
VALID TODAY AS OF 0400 PM LOCAL TIME.

CLIMATE NORMAL PERIOD 1981 TO 2010
CLIMATE RECORD PERIOD 1897 TO 2017


WEATHER ITEM   OBSERVED TIME   RECORD YEAR NORMAL DEPARTURE LAST
                VALUE   (LST)  VALUE       VALUE  FROM      YEAR
                                                  NORMAL
..................................................................
TEMPERATURE (F)
 TODAY
  MAXIMUM         65    259 PM  77    2010  55     10       51
  MINIMUM         32    543 AM  10    1950  37     -5       47
  AVERAGE         49                        46      3       49

PRECIPITATION (IN)
  TODAY            0.00          2.27 1973   0.18  -0.18     0.00
  MONTH TO DATE    1.00                      3.78  -2.78     1.14
  SINCE SEP 1      2.43                     11.10  -8.67     4.72
  SINCE JAN 1     42.05                     42.21  -0.16    45.74

DEGREE DAYS
 HEATING
  TODAY           16                        19     -3       16
  MONTH TO DATE  315                       340    -25      211
  SINCE SEP 1    468                       527    -59      242
  SINCE JUL 1    468                       527    -59      242

 COOLING
  TODAY            0                         0      0        0
  MONTH TO DATE   18                         1     17       17
  SINCE SEP 1    425                       279    146      532
  SINCE JAN 1   1958                      1825    133     2285
..................................................................


WIND (MPH)
  HIGHEST WIND SPEED    21   HIGHEST WIND DIRECTION     S (200)
  HIGHEST GUST SPEED    25   HIGHEST GUST DIRECTION    SW (210)
  AVERAGE WIND SPEED     6.8


SKY COVER
  POSSIBLE SUNSHINE  MM
  AVERAGE SKY COVER 0.0


WEATHER CONDITIONS
 THE FOLLOWING WEATHER WAS RECORDED TODAY.
  NO SIGNIFICANT WEATHER WAS OBSERVED.


RELATIVE HUMIDITY (PERCENT)
 HIGHEST    89           700 AM
 LOWEST     37           200 PM
 AVERAGE    63

..........................................................


THE JONESBORO CLIMATE NORMALS FOR TOMORROW
                         NORMAL    RECORD    YEAR
 MAXIMUM TEMPERATURE (F)   55        77      1915
 MINIMUM TEMPERATURE (F)   36         9      1950


SUNRISE AND SUNSET
NOVEMBER 24 2017......SUNRISE   648 AM CST   SUNSET   451 PM CST
NOVEMBER 25 2017......SUNRISE   649 AM CST   SUNSET   450 PM CST


-  INDICATES NEGATIVE NUMBERS.
R  INDICATES RECORD WAS SET OR TIED.
MM INDICATES DATA IS MISSING.
T  INDICATES TRACE AMOUNT.




$$
