000
CDUS44 KMEG 300734
CLIJBR


CLIMATE REPORT
NATIONAL WEATHER SERVICE MEMPHIS TN
133 AM CST FRI JAN 30 2015


...................................

...THE JONESBORO CLIMATE SUMMARY FOR JANUARY 29 2015...

CLIMATE NORMAL PERIOD 1981 TO 2010
CLIMATE RECORD PERIOD 1897 TO 2015


WEATHER ITEM   OBSERVED TIME   RECORD YEAR NORMAL DEPARTURE LAST
                VALUE   (LST)  VALUE       VALUE  FROM      YEAR
                                                  NORMAL
..................................................................
TEMPERATURE (F)
 YESTERDAY
  MAXIMUM         58   1045 AM  75    1903  47     11       36
  MINIMUM         30   1155 PM   3    1966  29      1        6
  AVERAGE         44                        38      6       21

PRECIPITATION (IN)
  YESTERDAY        0.00          3.67 1902   0.12  -0.12     0.00
  MONTH TO DATE    1.50                      3.15  -1.65     2.11
  SINCE DEC 1      4.29                      7.92  -3.63     8.55
  SINCE JAN 1      1.50                      3.15  -1.65     2.11

SNOWFALL (IN)
  YESTERDAY        0.0           5.9  2010   0.1   -0.1      0.0
  MONTH TO DATE    T                         2.1   -2.1       T
  SINCE DEC 1      T                         2.7   -2.7      1.0
  SINCE JUL 1      0.3                       2.7   -2.4      1.0
  SNOW DEPTH       0

DEGREE DAYS
 HEATING
  YESTERDAY       21                        27     -6       44
  MONTH TO DATE  822                       804     18      920
  SINCE DEC 1   1509                      1596    -87     1737
  SINCE JUL 1   2268                      2246     22     2480

 COOLING
  YESTERDAY        0                         0      0        0
  MONTH TO DATE    0                         0      0        0
  SINCE DEC 1      0                         0      0        0
  SINCE JAN 1      0                         0      0        0
..................................................................


WIND (MPH)
  HIGHEST WIND SPEED    25   HIGHEST WIND DIRECTION    SW (210)
  HIGHEST GUST SPEED    33   HIGHEST GUST DIRECTION    SW (210)
  AVERAGE WIND SPEED    12.0


SKY COVER
  POSSIBLE SUNSHINE  MM
  AVERAGE SKY COVER 0.3


WEATHER CONDITIONS
 THE FOLLOWING WEATHER WAS RECORDED YESTERDAY.
  NO SIGNIFICANT WEATHER WAS OBSERVED.


RELATIVE HUMIDITY (PERCENT)
 HIGHEST    82          1100 PM
 LOWEST     55           100 AM
 AVERAGE    69

..........................................................


THE JONESBORO CLIMATE NORMALS FOR TODAY
                         NORMAL    RECORD    YEAR
 MAXIMUM TEMPERATURE (F)   47        75      1917
 MINIMUM TEMPERATURE (F)   29         0      1966


SUNRISE AND SUNSET
JANUARY 30 2015.......SUNRISE   705 AM CST   SUNSET   528 PM CST
JANUARY 31 2015.......SUNRISE   704 AM CST   SUNSET   529 PM CST


-  INDICATES NEGATIVE NUMBERS.
R  INDICATES RECORD WAS SET OR TIED.
MM INDICATES DATA IS MISSING.
T  INDICATES TRACE AMOUNT.




$$
