032
CDUS44 KMEG 210643
CLIJBR


CLIMATE REPORT
NATIONAL WEATHER SERVICE MEMPHIS TN
143 AM CDT THU SEP 21 2017


...................................

...THE JONESBORO CLIMATE SUMMARY FOR SEPTEMBER 20 2017...

CLIMATE NORMAL PERIOD 1981 TO 2010
CLIMATE RECORD PERIOD 1897 TO 2017


WEATHER ITEM   OBSERVED TIME   RECORD YEAR NORMAL DEPARTURE LAST
                VALUE   (LST)  VALUE       VALUE  FROM      YEAR
                                                  NORMAL
..................................................................
TEMPERATURE (F)
 YESTERDAY
  MAXIMUM         93    230 PM  99    1954  82     11       90
  MINIMUM         69    404 AM  41    1991  59     10       63
  AVERAGE         81                        70     11       77

PRECIPITATION (IN)
  YESTERDAY        0.00          2.50 1900   0.09  -0.09     0.00
  MONTH TO DATE    0.38                      1.95  -1.57     1.94
  SINCE SEP 1      0.38                      1.95  -1.57     1.94
  SINCE JAN 1     40.00                     33.06   6.94    42.96

DEGREE DAYS
 HEATING
  YESTERDAY        0                         1     -1        0
  MONTH TO DATE    2                         3     -1        0
  SINCE SEP 1      2                         3     -1        0
  SINCE JUL 1      2                         3     -1        0

 COOLING
  YESTERDAY       16                         6     10       12
  MONTH TO DATE  156                       179    -23      271
  SINCE SEP 1    156                       179    -23      271
  SINCE JAN 1   1689                      1725    -36     2024
..................................................................


WIND (MPH)
  HIGHEST WIND SPEED    20   HIGHEST WIND DIRECTION    SW (220)
  HIGHEST GUST SPEED    24   HIGHEST GUST DIRECTION     S (180)
  AVERAGE WIND SPEED     6.9


SKY COVER
  POSSIBLE SUNSHINE  MM
  AVERAGE SKY COVER 0.0


WEATHER CONDITIONS
 THE FOLLOWING WEATHER WAS RECORDED YESTERDAY.
  FOG


RELATIVE HUMIDITY (PERCENT)
 HIGHEST   100           200 AM
 LOWEST     52           100 PM
 AVERAGE    76

..........................................................


THE JONESBORO CLIMATE NORMALS FOR TODAY
                         NORMAL    RECORD    YEAR
 MAXIMUM TEMPERATURE (F)   81        97      2010
                                             1955
                                             1907
 MINIMUM TEMPERATURE (F)   58        35      1918


SUNRISE AND SUNSET
SEPTEMBER 21 2017.....SUNRISE   650 AM CDT   SUNSET   700 PM CDT
SEPTEMBER 22 2017.....SUNRISE   651 AM CDT   SUNSET   659 PM CDT


-  INDICATES NEGATIVE NUMBERS.
R  INDICATES RECORD WAS SET OR TIED.
MM INDICATES DATA IS MISSING.
T  INDICATES TRACE AMOUNT.


$$
