000
CDUS45 KGGW 300016
CLIJDN


CLIMATE REPORT
NATIONAL WEATHER SERVICE GLASGOW MT
616 PM MDT FRI JUL 29 2016


...................................

...THE JORDAN  ASOS MT CLIMATE SUMMARY FOR JULY 29 2016...
VALID TODAY AS OF 0500 PM LOCAL TIME.

CLIMATE NORMAL PERIOD 1981 TO 2010
CLIMATE RECORD PERIOD 9999 TO 9999


WEATHER ITEM   OBSERVED TIME   RECORD YEAR NORMAL DEPARTURE LAST
                VALUE   (LST)  VALUE       VALUE  FROM      YEAR
                                                  NORMAL
..................................................................
TEMPERATURE (F)
 TODAY
  MAXIMUM         84        MM  MM      MM  87     -3       83
  MINIMUM         56    400 AM  MM      MM  56      0       49
  AVERAGE         70                        72     -2       66

PRECIPITATION (IN)
  TODAY            0.00         MM      MM   0.04  -0.04     0.00
  MONTH TO DATE    1.99                      1.79   0.20     1.33
  SINCE OCT 1     12.91                     10.19   2.72    10.15
  SINCE JAN 1      9.22                      8.65   0.57     8.96

SNOWFALL (IN)
  TODAY            0.0          MM      MM  MM     MM        0.0
  MONTH TO DATE    0.0                      MM     MM        0.0
  SINCE JUN 1      0.0                      MM     MM        0.0
  SINCE JUL 1      0.0                      MM     MM        0.0
  SNOW DEPTH       0

DEGREE DAYS
 HEATING
  TODAY            0                         0      0        0
  MONTH TO DATE   13                        27    -14        2
  SINCE JUN 1     49                       152   -103       46
  SINCE JUL 1     13                        27    -14        2

 COOLING
  TODAY            5                         7     -2        1
  MONTH TO DATE  174                       164     10      177
  SINCE JUN 1    252                       212     40      292
  SINCE JAN 1    255                       218     37      292
..................................................................


WIND (MPH)
  HIGHEST WIND SPEED    15   HIGHEST WIND DIRECTION     E (100)
  HIGHEST GUST SPEED    MM   HIGHEST GUST DIRECTION    MM
  AVERAGE WIND SPEED     3.8


SKY COVER
  POSSIBLE SUNSHINE  MM
  AVERAGE SKY COVER 0.0


WEATHER CONDITIONS
 THE FOLLOWING WEATHER WAS RECORDED TODAY.
  NO SIGNIFICANT WEATHER WAS OBSERVED.


RELATIVE HUMIDITY (PERCENT)
 HIGHEST   100           300 AM
 LOWEST     39           100 PM
 AVERAGE    70

..........................................................


THE JORDAN  ASOS MT CLIMATE NORMALS FOR TOMORROW
                         NORMAL    RECORD    YEAR
 MAXIMUM TEMPERATURE (F)   88        MM        MM
 MINIMUM TEMPERATURE (F)   56        MM        MM


SUNRISE AND SUNSET
JULY 29 2016..........SUNRISE   543 AM MDT   SUNSET   844 PM MDT
JULY 30 2016..........SUNRISE   544 AM MDT   SUNSET   843 PM MDT


-  INDICATES NEGATIVE NUMBERS.
R  INDICATES RECORD WAS SET OR TIED.
MM INDICATES DATA IS MISSING.
T  INDICATES TRACE AMOUNT.




$$
