928
CDUS45 KGGW 271249
CLIJDN


CLIMATE REPORT
NATIONAL WEATHER SERVICE GLASGOW MT
648 AM MDT FRI MAY 27 2016


...................................

...THE JORDAN  ASOS MT CLIMATE SUMMARY FOR MAY 27 2016...
VALID AS OF 0600 AM LOCAL TIME.

CLIMATE NORMAL PERIOD 1981 TO 2010
CLIMATE RECORD PERIOD 9999 TO 9999


WEATHER ITEM   OBSERVED TIME   RECORD YEAR NORMAL DEPARTURE LAST
                VALUE   (LST)  VALUE       VALUE  FROM      YEAR
                                                  NORMAL
..................................................................
TEMPERATURE (F)
 TODAY
  MAXIMUM         53    200 AM  MM      MM  70    -17       72
  MINIMUM         51    500 AM  MM      MM  43      8       51
  AVERAGE         52                        56     -4       62

PRECIPITATION (IN)
  TODAY            0.00         MM      MM   0.10  -0.10     0.04
  MONTH TO DATE    1.63                      1.78  -0.15     0.93
  SINCE OCT 1      9.53                      5.40   4.13     4.28
  SINCE JAN 1      5.84                      3.86   1.98     3.09

SNOWFALL (IN)
  TODAY            0.0          MM      MM  MM     MM        0.0
  MONTH TO DATE    0.0                      MM     MM        0.0
  SINCE MAR 1      0.0                      MM     MM        0.0
  SINCE JUL 1      0.0                      MM     MM        0.0
  SNOW DEPTH      MM

DEGREE DAYS
 HEATING
  TODAY           13                         9      4        3
  MONTH TO DATE  304                       353    -49      361
  SINCE MAR 1   1660                      1969   -309     1677
  SINCE JUL 1   7009                      8087  -1078     7470

 COOLING
  TODAY            0                         0      0        0
  MONTH TO DATE    3                         0      3        0
  SINCE MAR 1      3                         0      3        0
  SINCE JAN 1      3                         0      3        0
..................................................................


WIND (MPH)
  HIGHEST WIND SPEED    10   HIGHEST WIND DIRECTION     N (360)
  HIGHEST GUST SPEED    MM   HIGHEST GUST DIRECTION    MM
  AVERAGE WIND SPEED     7.3


SKY COVER
  POSSIBLE SUNSHINE  MM
  AVERAGE SKY COVER 0.0


WEATHER CONDITIONS
 THE FOLLOWING WEATHER WAS RECORDED TODAY.
  NO SIGNIFICANT WEATHER WAS OBSERVED.


RELATIVE HUMIDITY (PERCENT)
 HIGHEST    96          1200 AM
 LOWEST     89           200 AM
 AVERAGE    93

..........................................................


THE JORDAN  ASOS MT CLIMATE NORMALS FOR TOMORROW
                         NORMAL    RECORD    YEAR
 MAXIMUM TEMPERATURE (F)   70        MM        MM
 MINIMUM TEMPERATURE (F)   43        MM        MM


SUNRISE AND SUNSET
MAY 27 2016...........SUNRISE   518 AM MDT   SUNSET   852 PM MDT
MAY 28 2016...........SUNRISE   517 AM MDT   SUNSET   853 PM MDT


-  INDICATES NEGATIVE NUMBERS.
R  INDICATES RECORD WAS SET OR TIED.
MM INDICATES DATA IS MISSING.
T  INDICATES TRACE AMOUNT.




$$
