000
CDUS45 KGGW 021231
CLIJDN


CLIMATE REPORT
NATIONAL WEATHER SERVICE GLASGOW MT
631 AM MDT TUE JUN 2 2015


...................................

...THE JORDAN  ASOS MT CLIMATE SUMMARY FOR JUNE 2 2015...
VALID AS OF 0600 AM LOCAL TIME.

CLIMATE NORMAL PERIOD 1981 TO 2010
CLIMATE RECORD PERIOD 9999 TO 9999


WEATHER ITEM   OBSERVED TIME   RECORD YEAR NORMAL DEPARTURE LAST
                VALUE   (LST)  VALUE       VALUE  FROM      YEAR
                                                  NORMAL
..................................................................
TEMPERATURE (F)
 TODAY
  MAXIMUM         59   1200 AM  MM      MM  72    -13       75
  MINIMUM         53    500 AM  MM      MM  45      8       43
  AVERAGE         56                        58     -2       59

PRECIPITATION (IN)
  TODAY            1.13         MM      MM   0.08   1.05     0.00
  MONTH TO DATE    1.26                      0.17   1.09     0.00
  SINCE OCT 1      6.01                      6.08  -0.07     6.37
  SINCE JAN 1      4.82                      4.54   0.28     3.96

SNOWFALL (IN)
  TODAY            0.0          MM      MM  MM     MM        0.0
  MONTH TO DATE    0.0                      MM     MM        0.0
  SINCE JUN 1      0.0                      MM     MM        0.0
  SINCE JUL 1      0.0                      MM     MM        0.0
  SNOW DEPTH      MM

DEGREE DAYS
 HEATING
  TODAY            9                         7      2        6
  MONTH TO DATE    9                        15     -6       11
  SINCE JUN 1      9                        15     -6       11
  SINCE JUL 1   7507                      8136   -629     8438

 COOLING
  TODAY            0                         1     -1        0
  MONTH TO DATE    5                         1      4        0
  SINCE JUN 1      5                         1      4        0
  SINCE JAN 1      5                         7     -2       25
..................................................................


WIND (MPH)
  HIGHEST WIND SPEED    21   HIGHEST WIND DIRECTION     N (10)
  HIGHEST GUST SPEED    30   HIGHEST GUST DIRECTION     N (10)
  AVERAGE WIND SPEED    16.3


SKY COVER
  POSSIBLE SUNSHINE  MM
  AVERAGE SKY COVER 0.0


WEATHER CONDITIONS
 THE FOLLOWING WEATHER WAS RECORDED TODAY.
  NO SIGNIFICANT WEATHER WAS OBSERVED.


RELATIVE HUMIDITY (PERCENT)
 HIGHEST    93           100 AM
 LOWEST     87          1200 AM
 AVERAGE    90

..........................................................


THE JORDAN  ASOS MT CLIMATE NORMALS FOR TOMORROW
                         NORMAL    RECORD    YEAR
 MAXIMUM TEMPERATURE (F)   72        MM        MM
 MINIMUM TEMPERATURE (F)   45        MM        MM


SUNRISE AND SUNSET
JUNE  2 2015..........SUNRISE   514 AM MDT   SUNSET   857 PM MDT
JUNE  3 2015..........SUNRISE   514 AM MDT   SUNSET   858 PM MDT


-  INDICATES NEGATIVE NUMBERS.
R  INDICATES RECORD WAS SET OR TIED.
MM INDICATES DATA IS MISSING.
T  INDICATES TRACE AMOUNT.




$$
