000
CDUS45 KGGW 260741
CLIJDN


CLIMATE REPORT
NATIONAL WEATHER SERVICE GLASGOW MT
140 AM MDT TUE SEP 26 2017


...................................

...THE JORDAN  ASOS MT CLIMATE SUMMARY FOR SEPTEMBER 25 2017...

CLIMATE NORMAL PERIOD 1981 TO 2010
CLIMATE RECORD PERIOD 9999 TO 9999


WEATHER ITEM   OBSERVED TIME   RECORD YEAR NORMAL DEPARTURE LAST
                VALUE   (LST)  VALUE       VALUE  FROM      YEAR
                                                  NORMAL
..................................................................
TEMPERATURE (F)
 YESTERDAY
  MAXIMUM         59   1253 PM  MM      MM  68     -9       68
  MINIMUM         29    637 AM  MM      MM  37     -8       37
  AVERAGE         44                        53     -9       53

PRECIPITATION (IN)
  YESTERDAY        0.00         MM      MM   0.05  -0.05     0.00
  MONTH TO DATE    1.51                      1.01   0.50     1.96
  SINCE OCT 1      8.42                     12.47  -4.05    15.41
  SINCE JAN 1      5.21                     10.93  -5.72    11.72

SNOWFALL (IN)
  YESTERDAY        0.0          MM      MM  MM     MM        0.0
  MONTH TO DATE    0.0                      MM     MM        0.0
  SINCE SEP 1      0.0                      MM     MM        0.0
  SINCE JUL 1      0.0                      MM     MM        0.0
  SNOW DEPTH       0

DEGREE DAYS
 HEATING
  YESTERDAY       21                        12      9       12
  MONTH TO DATE  218                       194     24      211
  SINCE SEP 1    218                       194     24      211
  SINCE JUL 1    236                       259    -23      257

 COOLING
  YESTERDAY        0                         0      0        0
  MONTH TO DATE   39                        24     15       31
  SINCE SEP 1     39                        24     15       31
  SINCE JAN 1    641                       417    224      470
..................................................................


WIND (MPH)
  HIGHEST WIND SPEED    16   HIGHEST WIND DIRECTION    SE (140)
  HIGHEST GUST SPEED    23   HIGHEST GUST DIRECTION    SE (140)
  AVERAGE WIND SPEED     6.1


SKY COVER
  POSSIBLE SUNSHINE  MM
  AVERAGE SKY COVER 0.0


WEATHER CONDITIONS
 THE FOLLOWING WEATHER WAS RECORDED YESTERDAY.
  NO SIGNIFICANT WEATHER WAS OBSERVED.


RELATIVE HUMIDITY (PERCENT)
 HIGHEST    92           400 AM
 LOWEST     47           100 PM
 AVERAGE    70

..........................................................


THE JORDAN  ASOS MT CLIMATE NORMALS FOR TODAY
                         NORMAL    RECORD    YEAR
 MAXIMUM TEMPERATURE (F)   68        MM        MM
 MINIMUM TEMPERATURE (F)   37        MM        MM


SUNRISE AND SUNSET
SEPTEMBER 26 2017.....SUNRISE   700 AM MDT   SUNSET   656 PM MDT
SEPTEMBER 27 2017.....SUNRISE   701 AM MDT   SUNSET   654 PM MDT


-  INDICATES NEGATIVE NUMBERS.
R  INDICATES RECORD WAS SET OR TIED.
MM INDICATES DATA IS MISSING.
T  INDICATES TRACE AMOUNT.




$$
