000
CDUS45 KBOI 250932
CLIJER


CLIMATE REPORT
NATIONAL WEATHER SERVICE BOISE ID
332 AM MDT MON JUL 25 2016


...................................

...THE JEROME ID CLIMATE SUMMARY FOR JULY 24 2016...

CLIMATE NORMAL PERIOD 1981 TO 2010
CLIMATE RECORD PERIOD 1915 TO 2016


WEATHER ITEM   OBSERVED TIME   RECORD YEAR NORMAL DEPARTURE LAST
                VALUE   (LST)  VALUE       VALUE  FROM      YEAR
                                                  NORMAL
..................................................................
TEMPERATURE (F)
 YESTERDAY
  MAXIMUM         87    607 PM 110    2003  88     -1       83
  MINIMUM         51    527 AM  47    1954  57     -6       56
  AVERAGE         69                        72     -3       70

PRECIPITATION (IN)
  YESTERDAY        0.00          0.13 1936   0.01  -0.01     0.00
  MONTH TO DATE    0.03                      0.17  -0.14     0.38
  SINCE OCT 1      9.99                     10.06  -0.07     8.59
  SINCE JAN 1      5.40                      6.54  -1.14     5.69

DEGREE DAYS
 HEATING
  YESTERDAY        0                         0      0        0
  MONTH TO DATE   15                        10      5        0
  SINCE JUN 1     57                       117    -60       15
  SINCE JUL 1     15                        10      5        0

 COOLING
  YESTERDAY        4                         8     -4        5
  MONTH TO DATE  138                       148    -10      173
  SINCE JUN 1    299                       216     83      387
  SINCE JAN 1    303                       229     74      397
..................................................................


WIND (MPH)
  HIGHEST WIND SPEED    10   HIGHEST WIND DIRECTION    SW (230)
  HIGHEST GUST SPEED    15   HIGHEST GUST DIRECTION     W (250)
  AVERAGE WIND SPEED     5.4


SKY COVER
  AVERAGE SKY COVER 0.0


WEATHER CONDITIONS
 THE FOLLOWING WEATHER WAS RECORDED YESTERDAY.
  NO SIGNIFICANT WEATHER WAS OBSERVED.


RELATIVE HUMIDITY (PERCENT)
 HIGHEST    41           600 AM
 LOWEST     12           400 PM
 AVERAGE    27

..........................................................


THE JEROME ID CLIMATE NORMALS FOR TODAY
                         NORMAL    RECORD    YEAR
 MAXIMUM TEMPERATURE (F)   88       103      1928
 MINIMUM TEMPERATURE (F)   57        47      1948


SUNRISE AND SUNSET
JULY 25 2016..........SUNRISE   623 AM MDT   SUNSET   905 PM MDT
JULY 26 2016..........SUNRISE   624 AM MDT   SUNSET   904 PM MDT


-  INDICATES NEGATIVE NUMBERS.
R  INDICATES RECORD WAS SET OR TIED.
MM INDICATES DATA IS MISSING.
T  INDICATES TRACE AMOUNT.




$$
