000
CDUS45 KBOI 270933
CLIJER


CLIMATE REPORT
NATIONAL WEATHER SERVICE BOISE ID
332 AM MDT FRI MAY 27 2016


...................................

...THE JEROME ID CLIMATE SUMMARY FOR MAY 26 2016...

CLIMATE NORMAL PERIOD 1981 TO 2010
CLIMATE RECORD PERIOD 1915 TO 2016


WEATHER ITEM   OBSERVED TIME   RECORD YEAR NORMAL DEPARTURE LAST
                VALUE   (LST)  VALUE       VALUE  FROM      YEAR
                                                  NORMAL
..................................................................
TEMPERATURE (F)
 YESTERDAY
  MAXIMUM         72    503 PM  96    1936  71      1       72
  MINIMUM         45    454 AM  29    1975  45      0       51
  AVERAGE         59                        58      1       62

PRECIPITATION (IN)
  YESTERDAY        0.00          0.82 2012   0.03  -0.03     0.00
  MONTH TO DATE    1.29                      1.11   0.18     3.11
  SINCE OCT 1      9.84                      8.99   0.85     8.02
  SINCE JAN 1      5.25                      5.47  -0.22     5.12

DEGREE DAYS
 HEATING
  YESTERDAY        6                         8     -2        3
  MONTH TO DATE  233                       288    -55      214
  SINCE MAR 1   1294                      1604   -310     1276
  SINCE JUL 1   5833                      6491   -658     5318

 COOLING
  YESTERDAY        0                         1     -1        0
  MONTH TO DATE    3                         5     -2        0
  SINCE MAR 1      4                         5     -1        0
  SINCE JAN 1      4                         5     -1        0
..................................................................


WIND (MPH)
  HIGHEST WIND SPEED    22   HIGHEST WIND DIRECTION     W (270)
  HIGHEST GUST SPEED    27   HIGHEST GUST DIRECTION     W (280)
  AVERAGE WIND SPEED     7.5


SKY COVER
  AVERAGE SKY COVER 0.1


WEATHER CONDITIONS
 THE FOLLOWING WEATHER WAS RECORDED YESTERDAY.
  NO SIGNIFICANT WEATHER WAS OBSERVED.


RELATIVE HUMIDITY (PERCENT)
 HIGHEST    83           300 AM
 LOWEST     24           400 PM
 AVERAGE    54

..........................................................


THE JEROME ID CLIMATE NORMALS FOR TODAY
                         NORMAL    RECORD    YEAR
 MAXIMUM TEMPERATURE (F)   71        95      1958
 MINIMUM TEMPERATURE (F)   45        29      1920


SUNRISE AND SUNSET
MAY 27 2016...........SUNRISE   605 AM MDT   SUNSET   906 PM MDT
MAY 28 2016...........SUNRISE   604 AM MDT   SUNSET   907 PM MDT


-  INDICATES NEGATIVE NUMBERS.
R  INDICATES RECORD WAS SET OR TIED.
MM INDICATES DATA IS MISSING.
T  INDICATES TRACE AMOUNT.




$$
