000
CDUS45 KBOI 260931
CLIJER


CLIMATE REPORT
NATIONAL WEATHER SERVICE BOISE ID
331 AM MDT TUE MAY 26 2015


...................................

...THE JEROME ID CLIMATE SUMMARY FOR MAY 25 2015...

CLIMATE NORMAL PERIOD 1981 TO 2010
CLIMATE RECORD PERIOD 1919 TO 2015


WEATHER ITEM   OBSERVED TIME   RECORD YEAR NORMAL DEPARTURE LAST
                VALUE   (LST)  VALUE       VALUE  FROM      YEAR
                                                  NORMAL
..................................................................
TEMPERATURE (F)
 YESTERDAY
  MAXIMUM         72    257 PM  98    2001  71      1       79
  MINIMUM         47    502 AM  27    1953  45      2       49
  AVERAGE         60                        58      2       64

PRECIPITATION (IN)
  YESTERDAY        T             0.47 2011   0.03  -0.03     0.00
  MONTH TO DATE    3.11                      1.08   2.03     0.34
  SINCE OCT 1      8.02                      8.96  -0.94     5.28
  SINCE JAN 1      5.12                      5.44  -0.32     4.68

DEGREE DAYS
 HEATING
  YESTERDAY        5                         8     -3        1
  MONTH TO DATE  211                       280    -69      210
  SINCE MAR 1   1273                      1596   -323     1429
  SINCE JUL 1   5315                      6483  -1168     6097

 COOLING
  YESTERDAY        0                         1     -1        0
  MONTH TO DATE    0                         4     -4        5
  SINCE MAR 1      0                         4     -4        5
  SINCE JAN 1      0                         4     -4        5
..................................................................


WIND (MPH)
  HIGHEST WIND SPEED    24   HIGHEST WIND DIRECTION     S (190)
  HIGHEST GUST SPEED    29   HIGHEST GUST DIRECTION     S (190)
  AVERAGE WIND SPEED     7.7


SKY COVER
  AVERAGE SKY COVER 0.3


WEATHER CONDITIONS
 THE FOLLOWING WEATHER WAS RECORDED YESTERDAY.
  NO SIGNIFICANT WEATHER WAS OBSERVED.


RELATIVE HUMIDITY (PERCENT)
 HIGHEST    86           200 AM
 LOWEST     35           300 PM
 AVERAGE    61

..........................................................


THE JEROME ID CLIMATE NORMALS FOR TODAY
                         NORMAL    RECORD    YEAR
 MAXIMUM TEMPERATURE (F)   71        93      2001
 MINIMUM TEMPERATURE (F)   45        29      1975


SUNRISE AND SUNSET
MAY 26 2015...........SUNRISE   606 AM MDT   SUNSET   904 PM MDT
MAY 27 2015...........SUNRISE   605 AM MDT   SUNSET   905 PM MDT


-  INDICATES NEGATIVE NUMBERS.
R  INDICATES RECORD WAS SET OR TIED.
MM INDICATES DATA IS MISSING.
T  INDICATES TRACE AMOUNT.




$$
