000
CDUS45 KBOI 210932
CLIJER


CLIMATE REPORT
NATIONAL WEATHER SERVICE BOISE ID
332 AM MDT SAT OCT 21 2017


...................................

...THE JEROME ID CLIMATE SUMMARY FOR OCTOBER 20 2017...

CLIMATE NORMAL PERIOD 1981 TO 2010
CLIMATE RECORD PERIOD 1915 TO 2017


WEATHER ITEM   OBSERVED TIME   RECORD YEAR NORMAL DEPARTURE LAST
                VALUE   (LST)  VALUE       VALUE  FROM      YEAR
                                                  NORMAL
..................................................................
TEMPERATURE (F)
 YESTERDAY
  MAXIMUM         58    310 AM  85    2003  59     -1       59
  MINIMUM         36   1012 AM  20    1949  36      0       33
  AVERAGE         47                        48     -1       46

PRECIPITATION (IN)
  YESTERDAY        0.11          0.34 1979   0.02   0.09     0.00
  MONTH TO DATE    0.50                      0.48   0.02     1.59
  SINCE OCT 1      0.50                      0.48   0.02     1.59
  SINCE JAN 1      8.03                      7.77   0.26     8.60

DEGREE DAYS
 HEATING
  YESTERDAY       18                        17      1       19
  MONTH TO DATE  356                       279     77      276
  SINCE SEP 1    566                       449    117      451
  SINCE JUL 1    567                       482     85      473

 COOLING
  YESTERDAY        0                         0      0        0
  MONTH TO DATE    0                         0      0        0
  SINCE SEP 1    121                        44     77       30
  SINCE JAN 1    929                       509    420      612
..................................................................


WIND (MPH)
  HIGHEST WIND SPEED    37   HIGHEST WIND DIRECTION    SW (240)
  HIGHEST GUST SPEED    50   HIGHEST GUST DIRECTION    SW (230)
  AVERAGE WIND SPEED    13.9


SKY COVER
  AVERAGE SKY COVER 0.6


WEATHER CONDITIONS
 THE FOLLOWING WEATHER WAS RECORDED YESTERDAY.
  LIGHT RAIN
  FOG
  HAZE


RELATIVE HUMIDITY (PERCENT)
 HIGHEST   100           900 AM
 LOWEST     32           400 AM
 AVERAGE    66

..........................................................


THE JEROME ID CLIMATE NORMALS FOR TODAY
                         NORMAL    RECORD    YEAR
 MAXIMUM TEMPERATURE (F)   59        87      2003
 MINIMUM TEMPERATURE (F)   36        21      1996


SUNRISE AND SUNSET
OCTOBER 21 2017.......SUNRISE   759 AM MDT   SUNSET   645 PM MDT
OCTOBER 22 2017.......SUNRISE   800 AM MDT   SUNSET   644 PM MDT


-  INDICATES NEGATIVE NUMBERS.
R  INDICATES RECORD WAS SET OR TIED.
MM INDICATES DATA IS MISSING.
T  INDICATES TRACE AMOUNT.




$$
