000
CDUS45 KBOI 060930
CLIJER


CLIMATE REPORT
NATIONAL WEATHER SERVICE BOISE ID
330 AM MDT MON JUL 6 2015


...................................

...THE JEROME ID CLIMATE SUMMARY FOR JULY 5 2015...

CLIMATE NORMAL PERIOD 1981 TO 2010
CLIMATE RECORD PERIOD 1919 TO 2015


WEATHER ITEM   OBSERVED TIME   RECORD YEAR NORMAL DEPARTURE LAST
                VALUE   (LST)  VALUE       VALUE  FROM      YEAR
                                                  NORMAL
..................................................................
TEMPERATURE (F)
 YESTERDAY
  MAXIMUM         85    304 PM 103    2001  84      1       93
  MINIMUM         64   1131 PM  38    1986  54     10       65
  AVERAGE         75                        69      6       79

PRECIPITATION (IN)
  YESTERDAY        0.00          0.28 1961   0.01  -0.01     0.00
  MONTH TO DATE    0.00                      0.03  -0.03     0.00
  SINCE OCT 1      8.21                      9.92  -1.71     5.63
  SINCE JAN 1      5.31                      6.40  -1.09     5.03

DEGREE DAYS
 HEATING
  YESTERDAY        0                         1     -1        0
  MONTH TO DATE    0                         5     -5        0
  SINCE JUN 1     15                       112    -97       74
  SINCE JUL 1      0                         5     -5        0

 COOLING
  YESTERDAY       10                         5      5       14
  MONTH TO DATE   80                        24     56       62
  SINCE JUN 1    294                        92    202      107
  SINCE JAN 1    304                       105    199      117
..................................................................


WIND (MPH)
  HIGHEST WIND SPEED    18   HIGHEST WIND DIRECTION     W (250)
  HIGHEST GUST SPEED    27   HIGHEST GUST DIRECTION    SW (240)
  AVERAGE WIND SPEED     9.0


SKY COVER
  AVERAGE SKY COVER 0.3


WEATHER CONDITIONS
 THE FOLLOWING WEATHER WAS RECORDED YESTERDAY.
  NO SIGNIFICANT WEATHER WAS OBSERVED.


RELATIVE HUMIDITY (PERCENT)
 HIGHEST    66           900 AM
 LOWEST     34           200 PM
 AVERAGE    50

..........................................................


THE JEROME ID CLIMATE NORMALS FOR TODAY
                         NORMAL    RECORD    YEAR
 MAXIMUM TEMPERATURE (F)   85       101      1968
 MINIMUM TEMPERATURE (F)   54        40      1986


SUNRISE AND SUNSET
JULY  6 2015..........SUNRISE   606 AM MDT   SUNSET   919 PM MDT
JULY  7 2015..........SUNRISE   607 AM MDT   SUNSET   918 PM MDT


-  INDICATES NEGATIVE NUMBERS.
R  INDICATES RECORD WAS SET OR TIED.
MM INDICATES DATA IS MISSING.
T  INDICATES TRACE AMOUNT.




$$
