000
CDUS45 KBOI 270933
CLIJER


CLIMATE REPORT
NATIONAL WEATHER SERVICE BOISE ID
333 AM MDT THU APR 27 2017


...................................

...THE JEROME ID CLIMATE SUMMARY FOR APRIL 26 2017...

CLIMATE NORMAL PERIOD 1981 TO 2010
CLIMATE RECORD PERIOD 1915 TO 2017


WEATHER ITEM   OBSERVED TIME   RECORD YEAR NORMAL DEPARTURE LAST
                VALUE   (LST)  VALUE       VALUE  FROM      YEAR
                                                  NORMAL
..................................................................
TEMPERATURE (F)
 YESTERDAY
  MAXIMUM         52   1122 AM  88    1977  61     -9       59
  MINIMUM         40   1159 PM  24    1948  37      3       39
                                      1922
  AVERAGE         46                        49     -3       49

PRECIPITATION (IN)
  YESTERDAY        0.22          0.58 1932   0.05   0.17     0.00
  MONTH TO DATE    1.10                      1.14  -0.04     0.50
  SINCE OCT 1      9.64                      7.68   1.96     8.46
  SINCE JAN 1      5.12                      4.16   0.96     3.87

DEGREE DAYS
 HEATING
  YESTERDAY       19                        16      3       16
  MONTH TO DATE  490                       486      4      322
  SINCE MAR 1   1116                      1255   -139     1000
  SINCE JUL 1   5539                      6142   -603     5539

 COOLING
  YESTERDAY        0                         0      0        0
  MONTH TO DATE    0                         0      0        1
  SINCE MAR 1      0                         0      0        1
  SINCE JAN 1      0                         0      0        1
..................................................................


WIND (MPH)
  HIGHEST WIND SPEED    30   HIGHEST WIND DIRECTION    SW (240)
  HIGHEST GUST SPEED    39   HIGHEST GUST DIRECTION    SW (230)
  AVERAGE WIND SPEED    11.1


SKY COVER
  AVERAGE SKY COVER 0.9


WEATHER CONDITIONS
 THE FOLLOWING WEATHER WAS RECORDED YESTERDAY.
  LIGHT RAIN
  FOG


RELATIVE HUMIDITY (PERCENT)
 HIGHEST    96           900 PM
 LOWEST     63          1000 AM
 AVERAGE    80

..........................................................


THE JEROME ID CLIMATE NORMALS FOR TODAY
                         NORMAL    RECORD    YEAR
 MAXIMUM TEMPERATURE (F)   61        86      1992
 MINIMUM TEMPERATURE (F)   37        23      1918


SUNRISE AND SUNSET
APRIL 27 2017.........SUNRISE   637 AM MDT   SUNSET   834 PM MDT
APRIL 28 2017.........SUNRISE   636 AM MDT   SUNSET   835 PM MDT


-  INDICATES NEGATIVE NUMBERS.
R  INDICATES RECORD WAS SET OR TIED.
MM INDICATES DATA IS MISSING.
T  INDICATES TRACE AMOUNT.




$$
