000
CDUS45 KBOI 280932
CLIJER


CLIMATE REPORT
NATIONAL WEATHER SERVICE BOISE ID
332 AM MDT FRI AUG 28 2015


...................................

...THE JEROME ID CLIMATE SUMMARY FOR AUGUST 27 2015...

CLIMATE NORMAL PERIOD 1981 TO 2010
CLIMATE RECORD PERIOD 1919 TO 2015


WEATHER ITEM   OBSERVED TIME   RECORD YEAR NORMAL DEPARTURE LAST
                VALUE   (LST)  VALUE       VALUE  FROM      YEAR
                                                  NORMAL
..................................................................
TEMPERATURE (F)
 YESTERDAY
  MAXIMUM         88    430 PM 103    1924  84      4       80
  MINIMUM         57    428 AM  37    1992  52      5       50
  AVERAGE         73                        68      5       65

PRECIPITATION (IN)
  YESTERDAY        0.00          0.12 2003   0.00   0.00     0.00
  MONTH TO DATE    0.95                      0.21   0.74     3.51
  SINCE OCT 1      9.62                     10.33  -0.71     9.16
  SINCE JAN 1      6.72                      6.81  -0.09     8.56

DEGREE DAYS
 HEATING
  YESTERDAY        0                         2     -2        0
  MONTH TO DATE    3                        10     -7       22
  SINCE JUN 1     30                       129    -99       96
  SINCE JUL 1     15                        22     -7       22

 COOLING
  YESTERDAY        8                         4      4        0
  MONTH TO DATE  193                       166     27      154
  SINCE JUN 1    608                       436    172      571
  SINCE JAN 1    618                       449    169      581
..................................................................


WIND (MPH)
  HIGHEST WIND SPEED    15   HIGHEST WIND DIRECTION    NE (30)
  HIGHEST GUST SPEED    21   HIGHEST GUST DIRECTION    NE (40)
  AVERAGE WIND SPEED     7.1


SKY COVER
  AVERAGE SKY COVER 0.0


WEATHER CONDITIONS
 THE FOLLOWING WEATHER WAS RECORDED YESTERDAY.
  NO SIGNIFICANT WEATHER WAS OBSERVED.


RELATIVE HUMIDITY (PERCENT)
 HIGHEST    64           300 AM
 LOWEST     17           400 PM
 AVERAGE    41

..........................................................


THE JEROME ID CLIMATE NORMALS FOR TODAY
                         NORMAL    RECORD    YEAR
 MAXIMUM TEMPERATURE (F)   83       101      1924
 MINIMUM TEMPERATURE (F)   52        35      1960


SUNRISE AND SUNSET
AUGUST 28 2015........SUNRISE   658 AM MDT   SUNSET   819 PM MDT
AUGUST 29 2015........SUNRISE   659 AM MDT   SUNSET   818 PM MDT


-  INDICATES NEGATIVE NUMBERS.
R  INDICATES RECORD WAS SET OR TIED.
MM INDICATES DATA IS MISSING.
T  INDICATES TRACE AMOUNT.




$$
