000
CDUS41 KOKX 290617
CLIJFK


CLIMATE REPORT
NATIONAL WEATHER SERVICE NEW YORK NY
117 AM EST SAT NOV 29 2014


...................................

...THE KENNEDY NY CLIMATE SUMMARY FOR NOVEMBER 28 2014...

CLIMATE NORMAL PERIOD 1981 TO 2010
CLIMATE RECORD PERIOD 1949 TO 2014


WEATHER ITEM   OBSERVED TIME   RECORD YEAR NORMAL DEPARTURE LAST
                VALUE   (LST)  VALUE       VALUE  FROM      YEAR
                                                  NORMAL
..................................................................
TEMPERATURE (F)
 YESTERDAY
  MAXIMUM         41   1226 PM  66    2001  50     -9       37
  MINIMUM         28   1159 PM  21    1996  37     -9       30
  AVERAGE         35                        44     -9       34

PRECIPITATION (IN)
  YESTERDAY        0.00          1.63 1980   0.12  -0.12     0.00
  MONTH TO DATE    4.48                      3.06   1.42     2.54
  SINCE SEP 1      9.60                     10.18  -0.58     4.79
  SINCE JAN 1     43.71                     39.14   4.57    30.98

SNOWFALL (IN)
  YESTERDAY        0.0           0.1  1977   0.1   -0.1      0.0
  MONTH TO DATE    0.1                       0.2   -0.1      0.2
  SINCE OCT 1      0.1                       0.2   -0.1      0.2
  SINCE JUL 1      0.1                       0.2   -0.1      0.2
  SNOW DEPTH       0

DEGREE DAYS
 HEATING
  YESTERDAY       30                        22      8       31
  MONTH TO DATE  545                       483     62      524
  SINCE SEP 1    739                       781    -42      755
  SINCE JUL 1    739                       782    -43      755

 COOLING
  YESTERDAY        0                         0      0        0
  MONTH TO DATE    0                         0      0        0
  SINCE SEP 1    187                       144     43      152
  SINCE JAN 1   1050                      1005     45     1111
..................................................................


WIND (MPH)
  HIGHEST WIND SPEED    24   HIGHEST WIND DIRECTION     N (340)
  HIGHEST GUST SPEED    29   HIGHEST GUST DIRECTION    NW (310)
  AVERAGE WIND SPEED    13.5


SKY COVER
  POSSIBLE SUNSHINE  MM
  AVERAGE SKY COVER 0.4


WEATHER CONDITIONS
 THE FOLLOWING WEATHER WAS RECORDED YESTERDAY.
  NO SIGNIFICANT WEATHER WAS OBSERVED.


RELATIVE HUMIDITY (PERCENT)
 HIGHEST    69           100 AM
 LOWEST     40           300 PM
 AVERAGE    55

..........................................................


THE KENNEDY NY CLIMATE NORMALS FOR TODAY
                         NORMAL    RECORD    YEAR
 MAXIMUM TEMPERATURE (F)   50        64      1991
 MINIMUM TEMPERATURE (F)   37        25      1989


SUNRISE AND SUNSET
NOVEMBER 29 2014......SUNRISE   657 AM EST   SUNSET   429 PM EST
NOVEMBER 30 2014......SUNRISE   658 AM EST   SUNSET   429 PM EST


-  INDICATES NEGATIVE NUMBERS.
R  INDICATES RECORD WAS SET OR TIED.
MM INDICATES DATA IS MISSING.
T  INDICATES TRACE AMOUNT.




$$
