000
CDUS41 KOKX 220617
CLIJFK


CLIMATE REPORT
NATIONAL WEATHER SERVICE NEW YORK NY
117 AM EST SUN JAN 22 2017


...................................

...THE KENNEDY NY CLIMATE SUMMARY FOR JANUARY 21 2017...

CLIMATE NORMAL PERIOD 1981 TO 2010
CLIMATE RECORD PERIOD 1948 TO 2017


WEATHER ITEM   OBSERVED TIME   RECORD YEAR NORMAL DEPARTURE LAST
                VALUE   (LST)  VALUE       VALUE  FROM      YEAR
                                                  NORMAL
..................................................................
TEMPERATURE (F)
 YESTERDAY
  MAXIMUM         47    147 PM  61    2006  39      8       39
  MINIMUM         42    715 AM  -2    1985  26     16       27
  AVERAGE         45                        32     13       33

PRECIPITATION (IN)
  YESTERDAY        0.00          2.59 1979   0.10  -0.10     0.00
  MONTH TO DATE    2.49                      2.21   0.28     1.68
  SINCE DEC 1      5.55                      5.60  -0.05     6.47
  SINCE JAN 1      2.49                      2.21   0.28     1.68

SNOWFALL (IN)
  YESTERDAY        0.0           6.8  2014   0.2   -0.2      0.0
  MONTH TO DATE   11.1                       4.2    6.9      0.7
  SINCE OCT 1     14.4                       9.1    5.3      0.8
  SINCE JUL 1     14.4                       9.1    5.3      0.8
  SNOW DEPTH       0

DEGREE DAYS
 HEATING
  YESTERDAY       20                        33    -13       32
  MONTH TO DATE  566                       679   -113      618
  SINCE DEC 1   1348                      1524   -176     1063
  SINCE JUL 1   1988                      2348   -360     1654

 COOLING
  YESTERDAY        0                         0      0        0
  MONTH TO DATE    0                         0      0        0
  SINCE DEC 1      0                         0      0        0
  SINCE JAN 1      0                         0      0        0
..................................................................


WIND (MPH)
  HIGHEST WIND SPEED    14   HIGHEST WIND DIRECTION     W (250)
  HIGHEST GUST SPEED    17   HIGHEST GUST DIRECTION     W (250)
  AVERAGE WIND SPEED     8.5


SKY COVER
  POSSIBLE SUNSHINE  MM
  AVERAGE SKY COVER 1.0


WEATHER CONDITIONS
 THE FOLLOWING WEATHER WAS RECORDED YESTERDAY.
  FOG
  FOG W/VISIBILITY <= 1/4 MILE


RELATIVE HUMIDITY (PERCENT)
 HIGHEST   100           100 AM
 LOWEST    100           100 AM
 AVERAGE   100

..........................................................


THE KENNEDY NY CLIMATE NORMALS FOR TODAY
                         NORMAL    RECORD    YEAR
 MAXIMUM TEMPERATURE (F)   39        55      1973
 MINIMUM TEMPERATURE (F)   26         6      2005


SUNRISE AND SUNSET
JANUARY 22 2017.......SUNRISE   713 AM EST   SUNSET   501 PM EST
JANUARY 23 2017.......SUNRISE   712 AM EST   SUNSET   502 PM EST


-  INDICATES NEGATIVE NUMBERS.
R  INDICATES RECORD WAS SET OR TIED.
MM INDICATES DATA IS MISSING.
T  INDICATES TRACE AMOUNT.




$$
