000
CDUS41 KOKX 210616
CLIJFK


CLIMATE REPORT
NATIONAL WEATHER SERVICE NEW YORK NY
216 AM EDT THU SEP 21 2017


...................................

...THE KENNEDY NY CLIMATE SUMMARY FOR SEPTEMBER 20 2017...

CLIMATE NORMAL PERIOD 1981 TO 2010
CLIMATE RECORD PERIOD 1948 TO 2017


WEATHER ITEM   OBSERVED TIME   RECORD YEAR NORMAL DEPARTURE LAST
                VALUE   (LST)  VALUE       VALUE  FROM      YEAR
                                                  NORMAL
..................................................................
TEMPERATURE (F)
 YESTERDAY
  MAXIMUM         81   1153 AM  85    1997  74      7       82
                                      1983
  MINIMUM         71    340 AM  41    1979  59     12       69
  AVERAGE         76                        67      9       76

PRECIPITATION (IN)
  YESTERDAY        0.00          0.69 2001   0.13  -0.13     0.00
  MONTH TO DATE    2.16                      2.23  -0.07     2.07
  SINCE SEP 1      2.16                      2.23  -0.07     2.07
  SINCE JAN 1     35.41                     31.19   4.22    25.34

SNOWFALL (IN)
  YESTERDAY        0.0          MM      MM   0.0    0.0      0.0
  MONTH TO DATE    0.0                       0.0    0.0      0.0
  SINCE OCT 1     30.9                      23.8    7.1     41.4
  SINCE JUL 1      0.0                       0.0    0.0      0.0
  SNOW DEPTH       0

DEGREE DAYS
 HEATING
  YESTERDAY        0                         1     -1        0
  MONTH TO DATE    5                        10     -5        0
  SINCE SEP 1      5                        10     -5        0
  SINCE JUL 1      5                        11     -6        0

 COOLING
  YESTERDAY       11                         3      8       11
  MONTH TO DATE  100                       109     -9      179
  SINCE SEP 1    100                       109     -9      179
  SINCE JAN 1   1023                       970     53     1316
..................................................................


WIND (MPH)
  HIGHEST WIND SPEED    28   HIGHEST WIND DIRECTION     N (10)
  HIGHEST GUST SPEED    33   HIGHEST GUST DIRECTION     N (360)
  AVERAGE WIND SPEED    17.0


SKY COVER
  POSSIBLE SUNSHINE  MM
  AVERAGE SKY COVER 0.8


WEATHER CONDITIONS
 THE FOLLOWING WEATHER WAS RECORDED YESTERDAY.
  NO SIGNIFICANT WEATHER WAS OBSERVED.


RELATIVE HUMIDITY (PERCENT)
 HIGHEST    79          1200 AM
 LOWEST     58           300 PM
 AVERAGE    69

..........................................................


THE KENNEDY NY CLIMATE NORMALS FOR TODAY
                         NORMAL    RECORD    YEAR
 MAXIMUM TEMPERATURE (F)   74        85      2016
 MINIMUM TEMPERATURE (F)   59        42      1962


SUNRISE AND SUNSET
SEPTEMBER 21 2017.....SUNRISE   642 AM EDT   SUNSET   654 PM EDT
SEPTEMBER 22 2017.....SUNRISE   643 AM EDT   SUNSET   652 PM EDT


-  INDICATES NEGATIVE NUMBERS.
R  INDICATES RECORD WAS SET OR TIED.
MM INDICATES DATA IS MISSING.
T  INDICATES TRACE AMOUNT.




$$
