000
CDUS43 KJKL 210547
CLIJKL

CLIMATE REPORT
NATIONAL WEATHER SERVICE JACKSON KY
146 AM EDT SUN SEP 21 2014
...................................

...THE JACKSON KY CLIMATE SUMMARY FOR SEPTEMBER 20 2014...

CLIMATE NORMAL PERIOD 1981 TO 2010
CLIMATE RECORD PERIOD 1981 TO 2014

WEATHER ITEM   OBSERVED TIME   RECORD YEAR NORMAL DEPARTURE LAST
                VALUE   (LST)  VALUE       VALUE  FROM      YEAR
                                                  NORMAL
..................................................................
TEMPERATURE (F)
 YESTERDAY
  MAXIMUM         81    115 PM  88    2002  77      4       82
                                      1998
  MINIMUM         62    659 AM  42    1991  57      5       66
  AVERAGE         72                        67      5       74

PRECIPITATION (IN)
  YESTERDAY        0.00          0.37 1986   0.12  -0.12     0.00
  MONTH TO DATE    2.35                      2.27   0.08     0.65
  SINCE SEP 1      2.35                      2.27   0.08     0.65
  SINCE JAN 1     40.65                     35.82   4.83    43.87

SNOWFALL (IN)
  YESTERDAY        0.0                       0.0    0.0      0.0
  MONTH TO DATE    0.0                       0.0    0.0      0.0
  SINCE SEP 1      0.0                       0.0    0.0      0.0
  SINCE JUL 1      0.0                       0.0    0.0      0.0
  SNOW DEPTH       0

DEGREE DAYS
 HEATING
  YESTERDAY        0                         2     -2        0
  MONTH TO DATE   20                        16      4       15
  SINCE SEP 1     20                        16      4       15
  SINCE JUL 1     23                        18      5       17

 COOLING
  YESTERDAY        7                         4      3        9
  MONTH TO DATE  115                       115      0      123
  SINCE SEP 1    115                       115      0      123
  SINCE JAN 1   1116                      1093     23     1018
..................................................................

WIND (MPH)
  HIGHEST WIND SPEED     8   HIGHEST WIND DIRECTION     W (270)
  HIGHEST GUST SPEED    14   HIGHEST GUST DIRECTION     W (260)
  AVERAGE WIND SPEED     1.8

SKY COVER
  POSSIBLE SUNSHINE  MM
  AVERAGE SKY COVER 0.2

WEATHER CONDITIONS
 THE FOLLOWING WEATHER WAS RECORDED YESTERDAY.
  NO SIGNIFICANT WEATHER WAS OBSERVED.

RELATIVE HUMIDITY (PERCENT)
 HIGHEST    87          1100 PM
 LOWEST     58          1200 PM
 AVERAGE    73
..........................................................

THE JACKSON KY CLIMATE NORMALS FOR TODAY
                         NORMAL    RECORD    YEAR
 MAXIMUM TEMPERATURE (F)   76        91      2010
 MINIMUM TEMPERATURE (F)   56        39      2006

SUNRISE AND SUNSET
SEPTEMBER 21 2014.....SUNRISE   720 AM EDT   SUNSET   732 PM EDT
SEPTEMBER 22 2014.....SUNRISE   721 AM EDT   SUNSET   730 PM EDT

-  INDICATES NEGATIVE NUMBERS.
R  INDICATES RECORD WAS SET OR TIED.
MM INDICATES DATA IS MISSING.
T  INDICATES TRACE AMOUNT.

$$
