000
CDUS43 KJKL 300532
CLIJKL

CLIMATE REPORT
NATIONAL WEATHER SERVICE JACKSON KY
129 AM EDT SAT MAY 30 2015

...................................

...THE JACKSON KY CLIMATE SUMMARY FOR MAY 29 2015...

CLIMATE NORMAL PERIOD 1981 TO 2010
CLIMATE RECORD PERIOD 1981 TO 2015

WEATHER ITEM   OBSERVED TIME   RECORD YEAR NORMAL DEPARTURE LAST
                VALUE   (LST)  VALUE       VALUE  FROM      YEAR
                                                  NORMAL
..................................................................
TEMPERATURE (F)
 YESTERDAY
  MAXIMUM         84   1256 PM  89    2011  77      7       86
                                      2006
                                      1987
  MINIMUM         65    548 AM  44    1984  58      7       62
  AVERAGE         75                        68      7       74

PRECIPITATION (IN)
  YESTERDAY        0.19          1.40 1992   0.18   0.01     0.11
  MONTH TO DATE    1.74                      4.85  -3.11     2.30
  SINCE MAR 1     18.29                     12.80   5.49    13.24
  SINCE JAN 1     24.47                     20.16   4.31    20.86

SNOWFALL (IN)
  YESTERDAY        0.0           0.0  2002   0.0    0.0      0.0
                                      2001
  MONTH TO DATE    0.0                       0.0    0.0      0.0
  SINCE MAR 1      3.7                       3.9   -0.2     11.9
  SINCE JUL 1     29.1                      23.5    5.6     38.9
  SNOW DEPTH       0

DEGREE DAYS
 HEATING
  YESTERDAY        0                         2     -2        0
  MONTH TO DATE   44                        98    -54       79
  SINCE MAR 1    801                       919   -118      908
  SINCE JUL 1   4566                      4219    347     4509

 COOLING
  YESTERDAY       10                         4      6        9
  MONTH TO DATE  157                        83     74      136
  SINCE MAR 1    182                       129     53      175
  SINCE JAN 1    182                       129     53      175
..................................................................

WIND (MPH)
  HIGHEST WIND SPEED    12   HIGHEST WIND DIRECTION     W (270)
  HIGHEST GUST SPEED    24   HIGHEST GUST DIRECTION     W (270)
  AVERAGE WIND SPEED     1.6

SKY COVER
  POSSIBLE SUNSHINE  MM
  AVERAGE SKY COVER 0.2

WEATHER CONDITIONS
 THE FOLLOWING WEATHER WAS RECORDED YESTERDAY.
  THUNDERSTORM
  HEAVY RAIN
  LIGHT RAIN
  FOG

RELATIVE HUMIDITY (PERCENT)
 HIGHEST    90          1200 AM
 LOWEST     55           100 PM
 AVERAGE    73
..........................................................

THE JACKSON KY CLIMATE NORMALS FOR TODAY
                         NORMAL    RECORD    YEAR
 MAXIMUM TEMPERATURE (F)   78        90      2006
 MINIMUM TEMPERATURE (F)   58        39      1984

SUNRISE AND SUNSET
MAY 30 2015...........SUNRISE   614 AM EDT   SUNSET   847 PM EDT
MAY 31 2015...........SUNRISE   614 AM EDT   SUNSET   848 PM EDT

-  INDICATES NEGATIVE NUMBERS.
R  INDICATES RECORD WAS SET OR TIED.
MM INDICATES DATA IS MISSING.
T  INDICATES TRACE AMOUNT.

$$

SHALLENBERGER
