262
CDUS43 KSGF 240626
CLIJLN


CLIMATE REPORT
NATIONAL WEATHER SERVICE SPRINGFIELD MO
126 AM CDT WED AUG 24 2016


...................................

...THE JOPLIN MO CLIMATE SUMMARY FOR AUGUST 23 2016...

CLIMATE NORMAL PERIOD 1981 TO 2010
CLIMATE RECORD PERIOD 1902 TO 2016


WEATHER ITEM   OBSERVED TIME   RECORD YEAR NORMAL DEPARTURE LAST
                VALUE   (LST)  VALUE       VALUE  FROM      YEAR
                                                  NORMAL
..................................................................
TEMPERATURE (F)
 YESTERDAY
  MAXIMUM         86    433 PM 102    1947  91     -5       78
  MINIMUM         68   1228 AM  53    2009  68      0       61
  AVERAGE         77                        79     -2       70

PRECIPITATION (IN)
  YESTERDAY        T             1.47 1988   0.11  -0.11     0.81
  MONTH TO DATE    2.89                      2.37   0.52     8.23
  SINCE JUN 1     14.31                     12.04   2.27    20.99
  SINCE JAN 1     28.41                     29.99  -1.58    38.70

DEGREE DAYS
 HEATING
  YESTERDAY        0                         0      0        0
  MONTH TO DATE    0                         0      0        1
  SINCE JUN 1      0                         5     -5        1
  SINCE JUL 1      0                         0      0        1

 COOLING
  YESTERDAY       12                        14     -2        5
  MONTH TO DATE  333                       354    -21      286
  SINCE JUN 1   1251                      1145    106     1175
  SINCE JAN 1   1365                      1325     40     1319
..................................................................


WIND (MPH)
  HIGHEST WIND SPEED    23   HIGHEST WIND DIRECTION     S (170)
  HIGHEST GUST SPEED    29   HIGHEST GUST DIRECTION     S (180)
  AVERAGE WIND SPEED    13.2


SKY COVER
  AVERAGE SKY COVER 0.5


WEATHER CONDITIONS
 THE FOLLOWING WEATHER WAS RECORDED YESTERDAY.
  THUNDERSTORM
  LIGHT RAIN


RELATIVE HUMIDITY (PERCENT)
 HIGHEST    90           500 AM
 LOWEST     65           200 PM
 AVERAGE    78

..........................................................


THE JOPLIN MO CLIMATE NORMALS FOR TODAY
                         NORMAL    RECORD    YEAR
 MAXIMUM TEMPERATURE (F)   90       102      1947
 MINIMUM TEMPERATURE (F)   67        53      1961


SUNRISE AND SUNSET
AUGUST 24 2016........SUNRISE   642 AM CDT   SUNSET   757 PM CDT
AUGUST 25 2016........SUNRISE   643 AM CDT   SUNSET   756 PM CDT


-  INDICATES NEGATIVE NUMBERS.
R  INDICATES RECORD WAS SET OR TIED.
MM INDICATES DATA IS MISSING.
T  INDICATES TRACE AMOUNT.




$$
