000
CDUS43 KSGF 300637
CLIJLN


CLIMATE REPORT
NATIONAL WEATHER SERVICE SPRINGFIELD MO
133 AM CDT SAT JUL 30 2016


...................................

...THE JOPLIN MO CLIMATE SUMMARY FOR JULY 29 2016...

CLIMATE NORMAL PERIOD 1981 TO 2010
CLIMATE RECORD PERIOD 1902 TO 2016


WEATHER ITEM   OBSERVED TIME   RECORD YEAR NORMAL DEPARTURE LAST
                VALUE   (LST)  VALUE       VALUE  FROM      YEAR
                                                  NORMAL
..................................................................
TEMPERATURE (F)
 YESTERDAY
  MAXIMUM         88    409 PM 109    2012  91     -3       97
  MINIMUM         67    520 AM  57    1965  70     -3       72
                                      1994
  AVERAGE         78                        81     -3       85

PRECIPITATION (IN)
  YESTERDAY        0.00          1.43 2013   0.10  -0.10     0.00
  MONTH TO DATE    5.30                      3.61   1.69     5.09
  SINCE JUN 1     11.42                      9.47   1.95    12.76
  SINCE JAN 1     25.52                     27.42  -1.90    30.47

DEGREE DAYS
 HEATING
  YESTERDAY        0                         0      0        0
  MONTH TO DATE    0                         0      0        0
  SINCE JUN 1      0                         5     -5        0
  SINCE JUL 1      0                         0      0        0

 COOLING
  YESTERDAY       13                        16     -3       20
  MONTH TO DATE  464                       443     21      475
  SINCE JUN 1    887                       761    126      860
  SINCE JAN 1   1001                       941     60     1004
..................................................................


WIND (MPH)
  HIGHEST WIND SPEED    12   HIGHEST WIND DIRECTION    NW (320)
  HIGHEST GUST SPEED    16   HIGHEST GUST DIRECTION     W (290)
  AVERAGE WIND SPEED     4.2


SKY COVER
  AVERAGE SKY COVER 0.2


WEATHER CONDITIONS
 THE FOLLOWING WEATHER WAS RECORDED YESTERDAY.
  NO SIGNIFICANT WEATHER WAS OBSERVED.


RELATIVE HUMIDITY (PERCENT)
 HIGHEST    93           500 AM
 LOWEST     50           300 PM
 AVERAGE    72

..........................................................


THE JOPLIN MO CLIMATE NORMALS FOR TODAY
                         NORMAL    RECORD    YEAR
 MAXIMUM TEMPERATURE (F)   92       107      1986
 MINIMUM TEMPERATURE (F)   70        56      1965
                                             1971
                                             1974


SUNRISE AND SUNSET
JULY 30 2016..........SUNRISE   622 AM CDT   SUNSET   827 PM CDT
JULY 31 2016..........SUNRISE   622 AM CDT   SUNSET   826 PM CDT


-  INDICATES NEGATIVE NUMBERS.
R  INDICATES RECORD WAS SET OR TIED.
MM INDICATES DATA IS MISSING.
T  INDICATES TRACE AMOUNT.




$$
