000
CDUS43 KSGF 240626
CLIJLN


CLIMATE REPORT
NATIONAL WEATHER SERVICE SPRINGFIELD MO
125 AM CDT THU APR 24 2014


...................................

...THE JOPLIN MO CLIMATE SUMMARY FOR APRIL 23 2014...

CLIMATE NORMAL PERIOD 1981 TO 2010
CLIMATE RECORD PERIOD 1902 TO 2014


WEATHER ITEM   OBSERVED TIME   RECORD YEAR NORMAL DEPARTURE LAST
                VALUE   (LST)  VALUE       VALUE  FROM      YEAR
                                                  NORMAL
..................................................................
TEMPERATURE (F)
 YESTERDAY
  MAXIMUM         81    346 PM  90    1989  72      9       56
  MINIMUM         48    229 AM  35    1956  49     -1       36
  AVERAGE         65                        61      4       46

PRECIPITATION (IN)
  YESTERDAY        0.00          1.49 2004   0.18  -0.18     0.60
  MONTH TO DATE    0.87                      3.20  -2.33     4.24
  SINCE MAR 1      2.75                      6.62  -3.87     6.94
  SINCE JAN 1      3.60                     10.97  -7.37    12.09

DEGREE DAYS
 HEATING
  YESTERDAY        0                         6     -6       19
  MONTH TO DATE  221                       205     16      266
  SINCE MAR 1    884                       713    171      923
  SINCE JUL 1   4733                      3967    766     4039

 COOLING
  YESTERDAY        0                         2     -2        0
  MONTH TO DATE   12                        30    -18       14
  SINCE MAR 1     12                        39    -27       14
  SINCE JAN 1     12                        40    -28       15
..................................................................


WIND (MPH)
  HIGHEST WIND SPEED    22   HIGHEST WIND DIRECTION     S (170)
  HIGHEST GUST SPEED    32   HIGHEST GUST DIRECTION     S (190)
  AVERAGE WIND SPEED    12.4


SKY COVER
  AVERAGE SKY COVER 0.1


WEATHER CONDITIONS
 THE FOLLOWING WEATHER WAS RECORDED YESTERDAY.
  NO SIGNIFICANT WEATHER WAS OBSERVED.


RELATIVE HUMIDITY (PERCENT)
 HIGHEST    66           300 AM
 LOWEST     30           200 PM
 AVERAGE    48

..........................................................


THE JOPLIN MO CLIMATE NORMALS FOR TODAY
                         NORMAL    RECORD    YEAR
 MAXIMUM TEMPERATURE (F)   73        89      1989
 MINIMUM TEMPERATURE (F)   50        31      2005


SUNRISE AND SUNSET
APRIL 24 2014.........SUNRISE   632 AM CDT   SUNSET   801 PM CDT
APRIL 25 2014.........SUNRISE   630 AM CDT   SUNSET   802 PM CDT


-  INDICATES NEGATIVE NUMBERS.
R  INDICATES RECORD WAS SET OR TIED.
MM INDICATES DATA IS MISSING.
T  INDICATES TRACE AMOUNT.




$$
