577
CDUS43 KBIS 170018
CLIJMS


CLIMATE REPORT
NATIONAL WEATHER SERVICE BISMARCK ND
718 PM CDT MON OCT 16 2017


...................................

...THE JAMESTOWN ND CLIMATE SUMMARY FOR OCTOBER 16 2017...
VALID TODAY AS OF 0700 PM LOCAL TIME.

CLIMATE NORMAL PERIOD 1981 TO 2010
CLIMATE RECORD PERIOD 1891 TO 2017


WEATHER ITEM   OBSERVED TIME   RECORD YEAR NORMAL DEPARTURE LAST
                VALUE   (LST)  VALUE       VALUE  FROM      YEAR
                                                  NORMAL
..................................................................
TEMPERATURE (F)
 TODAY
  MAXIMUM         71        MM  85    1956  56     15       67
  MINIMUM         29        MM  14    1919  33     -4       37
  AVERAGE         50                        44      6       52

PRECIPITATION (IN)
  TODAY            0.00          1.42 1980   0.06  -0.06      T
  MONTH TO DATE    0.07                      0.89  -0.82     0.43
  SINCE SEP 1      2.91                      2.89   0.02     4.34
  SINCE JAN 1     12.22                     17.08  -4.86    23.09

DEGREE DAYS
 HEATING
  TODAY           15                        21     -6       13
  MONTH TO DATE  265                       280    -15      272
  SINCE SEP 1    469                       532    -63      461
  SINCE JUL 1    503                       598    -95      494

 COOLING
  TODAY            0                         0      0        0
  MONTH TO DATE    0                         0      0        4
  SINCE SEP 1     35                        30      5       26
  SINCE JAN 1    397                       445    -48      419
..................................................................


WIND (MPH)
  RESULTANT WIND SPEED   9   RESULTANT WIND DIRECTION  SW (240)
  HIGHEST WIND SPEED    20   HIGHEST WIND DIRECTION    SW (240)
  HIGHEST GUST SPEED    31   HIGHEST GUST DIRECTION    SW (240)
  AVERAGE WIND SPEED    11.5


SKY COVER
  POSSIBLE SUNSHINE  MM
  AVERAGE SKY COVER 0.0


WEATHER CONDITIONS
 THE FOLLOWING WEATHER WAS RECORDED TODAY.
  NO SIGNIFICANT WEATHER WAS OBSERVED.


RELATIVE HUMIDITY (PERCENT)
 HIGHEST    92          1200 AM
 LOWEST     26           300 PM
 AVERAGE    59

..........................................................


THE JAMESTOWN ND CLIMATE NORMALS FOR TOMORROW
                         NORMAL    RECORD    YEAR
 MAXIMUM TEMPERATURE (F)   55        84      1914
                                             1895
 MINIMUM TEMPERATURE (F)   32        11      1919


SUNRISE AND SUNSET
OCTOBER 16 2017.......SUNRISE   754 AM CDT   SUNSET   645 PM CDT
OCTOBER 17 2017.......SUNRISE   756 AM CDT   SUNSET   643 PM CDT


-  INDICATES NEGATIVE NUMBERS.
R  INDICATES RECORD WAS SET OR TIED.
MM INDICATES DATA IS MISSING.
T  INDICATES TRACE AMOUNT.




$$
