484
CDUS43 KBIS 220727
CLIJMS


CLIMATE REPORT
NATIONAL WEATHER SERVICE BISMARCK ND
226 AM CDT MON MAY 22 2017


...................................

...THE JAMESTOWN ND CLIMATE SUMMARY FOR MAY 21 2017...

CLIMATE NORMAL PERIOD 1981 TO 2010
CLIMATE RECORD PERIOD 1891 TO 2017


WEATHER ITEM   OBSERVED TIME   RECORD YEAR NORMAL DEPARTURE LAST
                VALUE   (LST)  VALUE       VALUE  FROM      YEAR
                                                  NORMAL
..................................................................
TEMPERATURE (F)
 YESTERDAY
  MAXIMUM         58    347 PM  97    1964  70    -12       79
  MINIMUM         39    533 AM  26    1963  45     -6       49
  AVERAGE         49                        57     -8       64

PRECIPITATION (IN)
  YESTERDAY        0.15          1.88 1987   0.09   0.06     0.00
  MONTH TO DATE    0.66                      1.74  -1.08     0.34
  SINCE MAR 1      2.14                      3.78  -1.64     3.27
  SINCE JAN 1      2.56                      4.63  -2.07     3.38

DEGREE DAYS
 HEATING
  YESTERDAY       16                         9      7        1
  MONTH TO DATE  208                       252    -44      239
  SINCE MAR 1   2013                      2087    -74     1784
  SINCE JUL 1   8022                      8846   -824     7526

 COOLING
  YESTERDAY        0                         1     -1        0
  MONTH TO DATE    0                        10    -10        4
  SINCE MAR 1      0                        12    -12        4
  SINCE JAN 1      0                        12    -12        4
..................................................................


WIND (MPH)
  HIGHEST WIND SPEED    26   HIGHEST WIND DIRECTION     N (340)
  HIGHEST GUST SPEED    32   HIGHEST GUST DIRECTION    NW (330)
  AVERAGE WIND SPEED    12.4


SKY COVER
  POSSIBLE SUNSHINE  MM
  AVERAGE SKY COVER 0.6


WEATHER CONDITIONS
 THE FOLLOWING WEATHER WAS RECORDED YESTERDAY.
  LIGHT RAIN


RELATIVE HUMIDITY (PERCENT)
 HIGHEST    92          1200 AM
 LOWEST     55           600 PM
 AVERAGE    74

..........................................................


THE JAMESTOWN ND CLIMATE NORMALS FOR TODAY
                         NORMAL    RECORD    YEAR
 MAXIMUM TEMPERATURE (F)   70        91      1980
                                             1966
 MINIMUM TEMPERATURE (F)   45        21      1963


SUNRISE AND SUNSET
MAY 22 2017...........SUNRISE   552 AM CDT   SUNSET   912 PM CDT
MAY 23 2017...........SUNRISE   551 AM CDT   SUNSET   913 PM CDT


-  INDICATES NEGATIVE NUMBERS.
R  INDICATES RECORD WAS SET OR TIED.
MM INDICATES DATA IS MISSING.
T  INDICATES TRACE AMOUNT.




$$
