000
CDUS43 KBIS 190720
CLIJMS


CLIMATE REPORT
NATIONAL WEATHER SERVICE BISMARCK ND
219 AM CDT FRI SEP 19 2014


...................................

...THE JAMESTOWN ND CLIMATE SUMMARY FOR SEPTEMBER 18 2014...

CLIMATE NORMAL PERIOD 1981 TO 2010
CLIMATE RECORD PERIOD 1891 TO 2014


WEATHER ITEM   OBSERVED TIME   RECORD YEAR NORMAL DEPARTURE LAST
                VALUE   (LST)  VALUE       VALUE  FROM      YEAR
                                                  NORMAL
..................................................................
TEMPERATURE (F)
 YESTERDAY
  MAXIMUM         78    352 PM  95    1933  69      9       79
  MINIMUM         39    622 AM  15    1929  44     -5       61
  AVERAGE         59                        56      3       70

PRECIPITATION (IN)
  YESTERDAY        T             1.61 1957   0.06  -0.06     0.01
  MONTH TO DATE    1.46                      1.31   0.15     1.69
  SINCE SEP 1      1.46                      1.31   0.15     1.69
  SINCE JAN 1     20.14                     15.50   4.64    10.89

DEGREE DAYS
 HEATING
  YESTERDAY        6                         9     -3        0
  MONTH TO DATE  161                       112     49       50
  SINCE SEP 1    161                       112     49       50
  SINCE JUL 1    216                       178     38       94

 COOLING
  YESTERDAY        0                         1     -1        5
  MONTH TO DATE    5                        26    -21       48
  SINCE SEP 1      5                        26    -21       48
  SINCE JAN 1    343                       441    -98      514
..................................................................


WIND (MPH)
  HIGHEST WIND SPEED    25   HIGHEST WIND DIRECTION     S (170)
  HIGHEST GUST SPEED    33   HIGHEST GUST DIRECTION     S (170)
  AVERAGE WIND SPEED    10.7


SKY COVER
  POSSIBLE SUNSHINE  MM
  AVERAGE SKY COVER 0.1


WEATHER CONDITIONS
 THE FOLLOWING WEATHER WAS RECORDED YESTERDAY.
  LIGHT RAIN
  FOG
  FOG W/VISIBILITY <= 1/4 MILE


RELATIVE HUMIDITY (PERCENT)
 HIGHEST   100           400 AM
 LOWEST     56           300 PM
 AVERAGE    78

..........................................................


THE JAMESTOWN ND CLIMATE NORMALS FOR TODAY
                         NORMAL    RECORD    YEAR
 MAXIMUM TEMPERATURE (F)   69        96      1940
 MINIMUM TEMPERATURE (F)   43        18      1929


SUNRISE AND SUNSET
SEPTEMBER 19 2014.....SUNRISE   718 AM CDT   SUNSET   738 PM CDT
SEPTEMBER 20 2014.....SUNRISE   719 AM CDT   SUNSET   736 PM CDT


-  INDICATES NEGATIVE NUMBERS.
R  INDICATES RECORD WAS SET OR TIED.
MM INDICATES DATA IS MISSING.
T  INDICATES TRACE AMOUNT.




$$
