000
CDUS43 KBIS 020731
CLIJMS


CLIMATE REPORT
NATIONAL WEATHER SERVICE BISMARCK ND
223 AM CDT SUN AUG 2 2015


...................................

...THE JAMESTOWN ND CLIMATE SUMMARY FOR AUGUST 1 2015...

CLIMATE NORMAL PERIOD 1981 TO 2010
CLIMATE RECORD PERIOD 1891 TO 2015


WEATHER ITEM   OBSERVED TIME   RECORD YEAR NORMAL DEPARTURE LAST
                VALUE   (LST)  VALUE       VALUE  FROM      YEAR
                                                  NORMAL
..................................................................
TEMPERATURE (F)
 YESTERDAY
  MAXIMUM         86    539 PM 100    1930  84      2       83
  MINIMUM         57    550 AM  37    1923  57      0       59
  AVERAGE         72                        70      2       71

PRECIPITATION (IN)
  YESTERDAY        0.00          0.81 1937   0.07  -0.07     0.00
  MONTH TO DATE    0.00                      0.07  -0.07     0.00
  SINCE JUN 1      8.62                      6.61   2.01     7.18
  SINCE JAN 1     18.78                     12.16   6.62    15.62

DEGREE DAYS
 HEATING
  YESTERDAY        0                         0      0        0
  MONTH TO DATE    0                         0      0        0
  SINCE JUN 1     51                       119    -68       87
  SINCE JUL 1      9                        22    -13       28

 COOLING
  YESTERDAY        7                         6      1        6
  MONTH TO DATE    7                         6      1        6
  SINCE JUN 1    303                       258     45      179
  SINCE JAN 1    311                       278     33      233
..................................................................


WIND (MPH)
  HIGHEST WIND SPEED    14   HIGHEST WIND DIRECTION    SE (120)
  HIGHEST GUST SPEED    18   HIGHEST GUST DIRECTION     E (110)
  AVERAGE WIND SPEED     5.2


SKY COVER
  POSSIBLE SUNSHINE  MM
  AVERAGE SKY COVER 0.1


WEATHER CONDITIONS
 THE FOLLOWING WEATHER WAS RECORDED YESTERDAY.
  NO SIGNIFICANT WEATHER WAS OBSERVED.


RELATIVE HUMIDITY (PERCENT)
 HIGHEST    93           500 AM
 LOWEST     44           100 PM
 AVERAGE    69

..........................................................


THE JAMESTOWN ND CLIMATE NORMALS FOR TODAY
                         NORMAL    RECORD    YEAR
 MAXIMUM TEMPERATURE (F)   84       106      1982
 MINIMUM TEMPERATURE (F)   57        39      1923


SUNRISE AND SUNSET
AUGUST  2 2015........SUNRISE   615 AM CDT   SUNSET   906 PM CDT
AUGUST  3 2015........SUNRISE   617 AM CDT   SUNSET   904 PM CDT


-  INDICATES NEGATIVE NUMBERS.
R  INDICATES RECORD WAS SET OR TIED.
MM INDICATES DATA IS MISSING.
T  INDICATES TRACE AMOUNT.




$$
