000
CDUS43 KBIS 270811
CLIJMS


CLIMATE REPORT
NATIONAL WEATHER SERVICE BISMARCK ND
309 AM CDT WED JUL 27 2016


...................................

...THE JAMESTOWN ND CLIMATE SUMMARY FOR JULY 26 2016...

CLIMATE NORMAL PERIOD 1981 TO 2010
CLIMATE RECORD PERIOD 1891 TO 2016


WEATHER ITEM   OBSERVED TIME   RECORD YEAR NORMAL DEPARTURE LAST
                VALUE   (LST)  VALUE       VALUE  FROM      YEAR
                                                  NORMAL
..................................................................
TEMPERATURE (F)
 YESTERDAY
  MAXIMUM         84   1143 AM 106    1931  84      0       87
  MINIMUM         64   1159 PM  40    1924  58      6       62
  AVERAGE         74                        71      3       75

PRECIPITATION (IN)
  YESTERDAY        0.01          1.46 1970   0.09  -0.08     0.00
  MONTH TO DATE    3.90                      2.94   0.96     2.74
  SINCE JUN 1      6.35                      6.13   0.22     8.40
  SINCE JAN 1     12.18                     11.68   0.50    18.56

DEGREE DAYS
 HEATING
  YESTERDAY        0                         0      0        0
  MONTH TO DATE    7                        19    -12        9
  SINCE JUN 1     56                       116    -60       51
  SINCE JUL 1      7                        19    -12        9

 COOLING
  YESTERDAY        9                         6      3       10
  MONTH TO DATE  143                       145     -2      159
  SINCE JUN 1    247                       225     22      261
  SINCE JAN 1    261                       245     16      269
..................................................................


WIND (MPH)
  HIGHEST WIND SPEED    22   HIGHEST WIND DIRECTION     N (350)
  HIGHEST GUST SPEED    30   HIGHEST GUST DIRECTION     N (340)
  AVERAGE WIND SPEED     5.1


SKY COVER
  POSSIBLE SUNSHINE  MM
  AVERAGE SKY COVER 0.5


WEATHER CONDITIONS
 THE FOLLOWING WEATHER WAS RECORDED YESTERDAY.
  THUNDERSTORM
  LIGHT RAIN
  FOG


RELATIVE HUMIDITY (PERCENT)
 HIGHEST    97          1200 AM
 LOWEST     55          1200 PM
 AVERAGE    76

..........................................................


THE JAMESTOWN ND CLIMATE NORMALS FOR TODAY
                         NORMAL    RECORD    YEAR
 MAXIMUM TEMPERATURE (F)   84       107      1988
 MINIMUM TEMPERATURE (F)   58        42      2013


SUNRISE AND SUNSET
JULY 27 2016..........SUNRISE   609 AM CDT   SUNSET   913 PM CDT
JULY 28 2016..........SUNRISE   610 AM CDT   SUNSET   911 PM CDT


-  INDICATES NEGATIVE NUMBERS.
R  INDICATES RECORD WAS SET OR TIED.
MM INDICATES DATA IS MISSING.
T  INDICATES TRACE AMOUNT.




$$
