000
CDUS43 KBIS 130738
CLIJMS


CLIMATE REPORT
NATIONAL WEATHER SERVICE BISMARCK ND
237 AM CDT SUN JUL 13 2014


...................................

...THE JAMESTOWN ND CLIMATE SUMMARY FOR JULY 12 2014...

CLIMATE NORMAL PERIOD 1981 TO 2010
CLIMATE RECORD PERIOD 1891 TO 2014


WEATHER ITEM   OBSERVED TIME   RECORD YEAR NORMAL DEPARTURE LAST
                VALUE   (LST)  VALUE       VALUE  FROM      YEAR
                                                  NORMAL
..................................................................
TEMPERATURE (F)
 YESTERDAY
  MAXIMUM         80    449 PM 108    1936  82     -2       87
  MINIMUM         58   1151 PM  43    1924  57      1       67
  AVERAGE         69                        70     -1       77

PRECIPITATION (IN)
  YESTERDAY        0.00          1.60 1952   0.12  -0.12     0.00
  MONTH TO DATE    0.44                      1.46  -1.02     0.17
  SINCE JUN 1      6.80                      4.65   2.15     1.90
  SINCE JAN 1     15.24                     10.20   5.04     7.49

DEGREE DAYS
 HEATING
  YESTERDAY        0                         1     -1        0
  MONTH TO DATE   17                        12      5        0
  SINCE JUN 1     76                       109    -33       85
  SINCE JUL 1     17                        12      5        0

 COOLING
  YESTERDAY        4                         6     -2       12
  MONTH TO DATE   49                        61    -12       92
  SINCE JUN 1    105                       141    -36      192
  SINCE JAN 1    159                       161     -2      203
..................................................................


WIND (MPH)
  HIGHEST WIND SPEED    25   HIGHEST WIND DIRECTION    NW (300)
  HIGHEST GUST SPEED    31   HIGHEST GUST DIRECTION    NW (300)
  AVERAGE WIND SPEED     9.5


SKY COVER
  POSSIBLE SUNSHINE  MM
  AVERAGE SKY COVER 0.2


WEATHER CONDITIONS
 THE FOLLOWING WEATHER WAS RECORDED YESTERDAY.
  NO SIGNIFICANT WEATHER WAS OBSERVED.


RELATIVE HUMIDITY (PERCENT)
 HIGHEST    90           600 AM
 LOWEST     40           700 PM
 AVERAGE    65

..........................................................


THE JAMESTOWN ND CLIMATE NORMALS FOR TODAY
                         NORMAL    RECORD    YEAR
 MAXIMUM TEMPERATURE (F)   82       106      1936
 MINIMUM TEMPERATURE (F)   57        38      1924


SUNRISE AND SUNSET
JULY 13 2014..........SUNRISE   553 AM CDT   SUNSET   927 PM CDT
JULY 14 2014..........SUNRISE   554 AM CDT   SUNSET   926 PM CDT


-  INDICATES NEGATIVE NUMBERS.
R  INDICATES RECORD WAS SET OR TIED.
MM INDICATES DATA IS MISSING.
T  INDICATES TRACE AMOUNT.




$$
