000
CDUS43 KBIS 130726
CLIJMS


CLIMATE REPORT
NATIONAL WEATHER SERVICE BISMARCK ND
126 AM CST SAT FEB 13 2016


...................................

...THE JAMESTOWN ND CLIMATE SUMMARY FOR FEBRUARY 12 2016...

CLIMATE NORMAL PERIOD 1981 TO 2010
CLIMATE RECORD PERIOD 1891 TO 2016


WEATHER ITEM   OBSERVED TIME   RECORD YEAR NORMAL DEPARTURE LAST
                VALUE   (LST)  VALUE       VALUE  FROM      YEAR
                                                  NORMAL
..................................................................
TEMPERATURE (F)
 YESTERDAY
  MAXIMUM         11    259 AM  55    1898  24    -13       13
  MINIMUM         -9   1114 PM -39    1905   4    -13      -12
  AVERAGE          1                        14    -13        1

PRECIPITATION (IN)
  YESTERDAY        T             0.60 1897   0.02  -0.02     0.01
  MONTH TO DATE    0.02                      0.13  -0.11     0.09
  SINCE DEC 1      0.16                      0.98  -0.82     0.39
  SINCE JAN 1      0.02                      0.58  -0.56     0.36

DEGREE DAYS
 HEATING
  YESTERDAY       64                        51     13       64
  MONTH TO DATE  545                       630    -85      653
  SINCE DEC 1   3463                      3908   -445     3615
  SINCE JUL 1   5111                      5992   -881     5778

 COOLING
  YESTERDAY        0                         0      0        0
  MONTH TO DATE    0                         0      0        0
  SINCE DEC 1      0                         0      0        0
  SINCE JAN 1      0                         0      0        0
..................................................................


WIND (MPH)
  HIGHEST WIND SPEED    20   HIGHEST WIND DIRECTION     N (360)
  HIGHEST GUST SPEED    24   HIGHEST GUST DIRECTION     N (10)
  AVERAGE WIND SPEED     9.7


SKY COVER
  POSSIBLE SUNSHINE  MM
  AVERAGE SKY COVER 0.4


WEATHER CONDITIONS
 THE FOLLOWING WEATHER WAS RECORDED YESTERDAY.
  LIGHT SNOW
  FOG


RELATIVE HUMIDITY (PERCENT)
 HIGHEST    86           500 AM
 LOWEST     62           200 PM
 AVERAGE    74

..........................................................


THE JAMESTOWN ND CLIMATE NORMALS FOR TODAY
                         NORMAL    RECORD    YEAR
 MAXIMUM TEMPERATURE (F)   24        55      1983
 MINIMUM TEMPERATURE (F)    5       -31      1929


SUNRISE AND SUNSET
FEBRUARY 13 2016......SUNRISE   743 AM CST   SUNSET   556 PM CST
FEBRUARY 14 2016......SUNRISE   741 AM CST   SUNSET   557 PM CST


-  INDICATES NEGATIVE NUMBERS.
R  INDICATES RECORD WAS SET OR TIED.
MM INDICATES DATA IS MISSING.
T  INDICATES TRACE AMOUNT.




$$
