884
CDUS43 KBIS 250836
CLIJMS


CLIMATE REPORT
NATIONAL WEATHER SERVICE BISMARCK ND
235 AM CST SAT FEB 25 2017


...................................

...THE JAMESTOWN ND CLIMATE SUMMARY FOR FEBRUARY 24 2017...

CLIMATE NORMAL PERIOD 1981 TO 2010
CLIMATE RECORD PERIOD 1891 TO 2017


WEATHER ITEM   OBSERVED TIME   RECORD YEAR NORMAL DEPARTURE LAST
                VALUE   (LST)  VALUE       VALUE  FROM      YEAR
                                                  NORMAL
..................................................................
TEMPERATURE (F)
 YESTERDAY
  MAXIMUM         25    334 PM  55    1905  28     -3       37
  MINIMUM         15   1159 PM -27    1955   9      6       21
  AVERAGE         20                        18      2       29

PRECIPITATION (IN)
  YESTERDAY        0.00          0.39 1977   0.02  -0.02     0.00
  MONTH TO DATE    0.20                      0.32  -0.12     0.11
  SINCE DEC 1      1.71                      1.17   0.54     0.25
  SINCE JAN 1      0.42                      0.77  -0.35     0.11

DEGREE DAYS
 HEATING
  YESTERDAY       45                        47     -2       36
  MONTH TO DATE 1021                      1215   -194     1013
  SINCE DEC 1   4272                      4493   -221     3931
  SINCE JUL 1   5833                      6577   -744     5579

 COOLING
  YESTERDAY        0                         0      0        0
  MONTH TO DATE    0                         0      0        0
  SINCE DEC 1      0                         0      0        0
  SINCE JAN 1      0                         0      0        0
..................................................................


WIND (MPH)
  HIGHEST WIND SPEED    24   HIGHEST WIND DIRECTION    NW (330)
  HIGHEST GUST SPEED    30   HIGHEST GUST DIRECTION    NW (330)
  AVERAGE WIND SPEED    11.5


SKY COVER
  POSSIBLE SUNSHINE  MM
  AVERAGE SKY COVER 0.2


WEATHER CONDITIONS
 THE FOLLOWING WEATHER WAS RECORDED YESTERDAY.
  NO SIGNIFICANT WEATHER WAS OBSERVED.


RELATIVE HUMIDITY (PERCENT)
 HIGHEST    92           300 AM
 LOWEST     68          1100 AM
 AVERAGE    80

..........................................................


THE JAMESTOWN ND CLIMATE NORMALS FOR TODAY
                         NORMAL    RECORD    YEAR
 MAXIMUM TEMPERATURE (F)   28        64      1958
 MINIMUM TEMPERATURE (F)   10       -23      1934


SUNRISE AND SUNSET
FEBRUARY 25 2017......SUNRISE   721 AM CST   SUNSET   615 PM CST
FEBRUARY 26 2017......SUNRISE   719 AM CST   SUNSET   616 PM CST


-  INDICATES NEGATIVE NUMBERS.
R  INDICATES RECORD WAS SET OR TIED.
MM INDICATES DATA IS MISSING.
T  INDICATES TRACE AMOUNT.




$$
