000
CDAK47 PAJK 301220
CLIJNU
AKZ025-310000-
CLIMATE REPORT
NATIONAL WEATHER SERVICE JUNEAU, AK
345 AM AKDT SAT MAY 30 2015


...................................

...THE JUNEAU CLIMATE SUMMARY FOR MAY 29 2015...

CLIMATE NORMAL PERIOD 1981 TO 2010
CLIMATE RECORD PERIOD 1943 TO 2015


WEATHER ITEM   OBSERVED TIME   RECORD YEAR NORMAL DEPARTURE LAST
                VALUE   (LST)  VALUE       VALUE  FROM      YEAR
                                                  NORMAL
..................................................................
TEMPERATURE (F)
 YESTERDAY
  MAXIMUM         77    507 PM  79    1964  60     17       57
  MINIMUM         45    302 AM  33    1957  44      1       46
  AVERAGE         61                        52      9       52

PRECIPITATION (IN)
  YESTERDAY        0.00          0.74 1995   0.11  -0.11     0.00
                                      1995
                                      2007
  MONTH TO DATE    0.52                      3.18  -2.66     1.20
  SINCE MAR 1     12.22                      9.90   2.32     7.32
  SINCE JAN 1     27.82                     19.38   8.44    19.45

DEGREE DAYS
 HEATING
  YESTERDAY        4                        13     -9       13
  MONTH TO DATE  323                       483   -160      361
  SINCE MAR 1   1867                      2174   -307     2104
  SINCE JUL 1   7088                      8011   -923     7745

 COOLING
  YESTERDAY        0                         0      0        0
  MONTH TO DATE    0                         0      0        0
  SINCE MAR 1      0                         0      0        0
  SINCE JAN 1      0                         0      0        0
..................................................................


WIND (MPH)
  HIGHEST WIND SPEED    15   HIGHEST WIND DIRECTION    SW (230)
  HIGHEST GUST SPEED    16   HIGHEST GUST DIRECTION    SW (230)
  AVERAGE WIND SPEED     5.5


SKY COVER
  POSSIBLE SUNSHINE  MM
  AVERAGE SKY COVER 0.2


WEATHER CONDITIONS
 THE FOLLOWING WEATHER WAS RECORDED YESTERDAY.
  NO SIGNIFICANT WEATHER WAS OBSERVED.


RELATIVE HUMIDITY (PERCENT)
 HIGHEST    86           400 AM
 LOWEST     26           400 PM
 AVERAGE    56

..........................................................


THE JUNEAU CLIMATE NORMALS FOR TODAY
                         NORMAL    RECORD    YEAR
 MAXIMUM TEMPERATURE (F)   60        75      1964
 MINIMUM TEMPERATURE (F)   44        30      1955


SUNRISE AND SUNSET
MAY 30 2015...........SUNRISE   405 AM AKDT  SUNSET   948 PM AKDT
MAY 31 2015...........SUNRISE   404 AM AKDT  SUNSET   949 PM AKDT


-  INDICATES NEGATIVE NUMBERS.
R  INDICATES RECORD WAS SET OR TIED.
MM INDICATES DATA IS MISSING.
T  INDICATES TRACE AMOUNT.




$$


&&
----------------------------
AMOUNT OF DAYLIGHT TODAY  (HOUR:MIN)........17:43
GAIN/LOSS SINCE YESTERDAY (HOUR:MIN:SEC)....+0:03:04
