000
CDAK47 PAJK 231205
CLIJNU
AKZ025-240000-
CLIMATE REPORT
NATIONAL WEATHER SERVICE JUNEAU, AK
403 AM AKDT THU OCT 23 2014

...................................

...THE JUNEAU CLIMATE SUMMARY FOR OCTOBER 22 2014...

CLIMATE NORMAL PERIOD 1981 TO 2010
CLIMATE RECORD PERIOD 1943 TO 2014


WEATHER ITEM   OBSERVED TIME   RECORD YEAR NORMAL DEPARTURE LAST
                VALUE   (LST)  VALUE       VALUE  FROM      YEAR
                                                  NORMAL
..................................................................
TEMPERATURE (F)
 YESTERDAY
  MAXIMUM         49    249 PM  56    1965  45      4       43
  MINIMUM         33   1151 PM  22    1951  36     -3       35
  AVERAGE         41                        40      1       39

PRECIPITATION (IN)
  YESTERDAY        0.15          2.23 1953   0.27  -0.12     0.17
  MONTH TO DATE    6.40                      6.43  -0.03     7.56
  SINCE SEP 1     15.71                     15.07   0.64    15.09
  SINCE JAN 1     59.81                     48.24  11.57    56.00

SNOWFALL (IN)
  YESTERDAY        0.0           2.0  1966   0.0    0.0      0.0
  MONTH TO DATE    0.0                       0.2   -0.2       T
  SINCE SEP 1      T                         0.2   -0.2       T
  SINCE JUL 1      T                         0.2   -0.2       T
  SNOW DEPTH       0

DEGREE DAYS
 HEATING
  YESTERDAY       24                        25     -1       26
  MONTH TO DATE  432                       463    -31      436
  SINCE SEP 1    823                       912    -89      823
  SINCE JUL 1   1299                      1447   -148     1258

 COOLING
  YESTERDAY        0                         0      0        0
  MONTH TO DATE    0                         0      0        0
  SINCE SEP 1      0                         0      0        0
  SINCE JAN 1      0                         2     -2        9
..................................................................

WIND (MPH)
  HIGHEST WIND SPEED    22   HIGHEST WIND DIRECTION    SE (120)
  HIGHEST GUST SPEED    27   HIGHEST GUST DIRECTION    SE (130)
  AVERAGE WIND SPEED     8.1


SKY COVER
  POSSIBLE SUNSHINE  MM
  AVERAGE SKY COVER 0.7


WEATHER CONDITIONS
 THE FOLLOWING WEATHER WAS RECORDED YESTERDAY.
  LIGHT RAIN
  FOG
  FOG W/VISIBILITY <= 1/4 MILE

RELATIVE HUMIDITY (PERCENT)
 HIGHEST   100           200 AM
 LOWEST     80           100 PM
 AVERAGE    90

..........................................................

THE JUNEAU CLIMATE NORMALS FOR TODAY
                         NORMAL    RECORD    YEAR
 MAXIMUM TEMPERATURE (F)   45        55      1998
 MINIMUM TEMPERATURE (F)   36        20      2004
                                             1956


SUNRISE AND SUNSET
OCTOBER 23 2014.......SUNRISE   753 AM AKDT  SUNSET   531 PM AKDT
OCTOBER 24 2014.......SUNRISE   755 AM AKDT  SUNSET   529 PM AKDT


-  INDICATES NEGATIVE NUMBERS.
R  INDICATES RECORD WAS SET OR TIED.
MM INDICATES DATA IS MISSING.
T  INDICATES TRACE AMOUNT.


$$


&&
----------------------------
AMOUNT OF DAYLIGHT TODAY  (HOUR:MIN)........ 9:38
GAIN/LOSS SINCE YESTERDAY (HOUR:MIN:SEC)....-0:04:56
