000
CDAK47 PAJK 281333
CLIJNU
AKZ025-290100-
CLIMATE REPORT
NATIONAL WEATHER SERVICE JUNEAU, AK
345 AM AKDT THU AUG 28 2014


...................................

...THE JUNEAU CLIMATE SUMMARY FOR AUGUST 27 2014...

CLIMATE NORMAL PERIOD 1981 TO 2010
CLIMATE RECORD PERIOD 1943 TO 2014


WEATHER ITEM   OBSERVED TIME   RECORD YEAR NORMAL DEPARTURE LAST
                VALUE   (LST)  VALUE       VALUE  FROM      YEAR
                                                  NORMAL
..................................................................
TEMPERATURE (F)
 YESTERDAY
  MAXIMUM         57    310 PM  73    1989  61     -4       68
  MINIMUM         51    132 AM  37    1970  47      4       45
  AVERAGE         54                        54      0       57

PRECIPITATION (IN)
  YESTERDAY        0.08          1.17 1952   0.22  -0.14     0.00
  MONTH TO DATE    7.70                      4.81   2.89     3.75
  SINCE JUN 1     23.35                     12.65  10.70    11.39
  SINCE JAN 1     43.27                     32.25  11.02    39.76

DEGREE DAYS
 HEATING
  YESTERDAY       11                        11      0        8
  MONTH TO DATE  198                       239    -41      175
  SINCE JUN 1    778                       805    -27      611
  SINCE JUL 1    428                       490    -62      397

 COOLING
  YESTERDAY        0                         0      0        0
  MONTH TO DATE    0                         0      0        0
  SINCE JUN 1      0                         2     -2        9
  SINCE JAN 1      0                         2     -2        9
..................................................................


WIND (MPH)
  HIGHEST WIND SPEED    14   HIGHEST WIND DIRECTION     E (90)
  HIGHEST GUST SPEED    16   HIGHEST GUST DIRECTION     E (90)
  AVERAGE WIND SPEED     7.7


SKY COVER
  POSSIBLE SUNSHINE  MM
  AVERAGE SKY COVER 1.0


WEATHER CONDITIONS
 THE FOLLOWING WEATHER WAS RECORDED YESTERDAY.
  LIGHT RAIN
  FOG


RELATIVE HUMIDITY (PERCENT)
 HIGHEST   100           200 AM
 LOWEST     80           200 PM
 AVERAGE    90

..........................................................


THE JUNEAU CLIMATE NORMALS FOR TODAY
                         NORMAL    RECORD    YEAR
 MAXIMUM TEMPERATURE (F)   61        73      1989
 MINIMUM TEMPERATURE (F)   47        32      1948


SUNRISE AND SUNSET
AUGUST 28 2014........SUNRISE   549 AM AKDT  SUNSET   809 PM AKDT
AUGUST 29 2014........SUNRISE   551 AM AKDT  SUNSET   806 PM AKDT


-  INDICATES NEGATIVE NUMBERS.
R  INDICATES RECORD WAS SET OR TIED.
MM INDICATES DATA IS MISSING.
T  INDICATES TRACE AMOUNT.




$$


&&
----------------------------
AMOUNT OF DAYLIGHT TODAY  (HOUR:MIN)........14:19
GAIN/LOSS SINCE YESTERDAY (HOUR:MIN:SEC)....-0:04:58
