108
CDUS41 KCTP 012116
CLIJST


CLIMATE REPORT
NATIONAL WEATHER SERVICE STATE COLLEGE PA
516 PM EDT SAT OCT 1 2016


...................................

...THE JOHNSTOWN CLIMATE SUMMARY FOR OCTOBER 1 2016...
VALID TODAY AS OF 0500 PM LOCAL TIME.

CLIMATE NORMAL PERIOD 1981 TO 2010
CLIMATE RECORD PERIOD 1892 TO 2016


WEATHER ITEM   OBSERVED TIME   RECORD YEAR NORMAL DEPARTURE LAST
                VALUE   (LST)  VALUE       VALUE  FROM      YEAR
                                                  NORMAL
..................................................................
TEMPERATURE (F)
 TODAY
  MAXIMUM         64    111 PM  94    1953  63      1       54
  MINIMUM         53    136 AM  28    1899  45      8       46
  AVERAGE         59                        54      5       50

PRECIPITATION (IN)
  TODAY            0.11          1.94 1913   0.12  -0.01      T
  MONTH TO DATE    0.11                      0.12  -0.01      T
  SINCE SEP 1      3.03                      0.12   2.91     3.07
  SINCE JAN 1     27.68                     24.41   3.27    36.72

DEGREE DAYS
 HEATING
  TODAY            6                        11     -5       15
  MONTH TO DATE    6                        11     -5       15
  SINCE SEP 1     72                       191   -119       98
  SINCE JUL 1     83                       229   -146      128

 COOLING
  TODAY            0                         0      0        0
  MONTH TO DATE    0                         0      0        0
  SINCE SEP 1     86                        22     64      101
  SINCE JAN 1    689                       382    307      556
..................................................................


WIND (MPH)
  HIGHEST WIND SPEED    15   HIGHEST WIND DIRECTION     S (160)
  HIGHEST GUST SPEED    21   HIGHEST GUST DIRECTION     S (170)
  AVERAGE WIND SPEED     6.9


SKY COVER
  POSSIBLE SUNSHINE  MM
  AVERAGE SKY COVER 0.9


WEATHER CONDITIONS
 THE FOLLOWING WEATHER WAS RECORDED TODAY.
  RAIN
  LIGHT RAIN
  FOG


RELATIVE HUMIDITY (PERCENT)
 HIGHEST   100          1200 AM
 LOWEST     84          1200 PM
 AVERAGE    92

..........................................................


THE JOHNSTOWN CLIMATE NORMALS FOR TOMORROW
                         NORMAL    RECORD    YEAR
 MAXIMUM TEMPERATURE (F)   63        92      1927
 MINIMUM TEMPERATURE (F)   45        29      1899


SUNRISE AND SUNSET
OCTOBER  1 2016.......SUNRISE   712 AM EDT   SUNSET   657 PM EDT
OCTOBER  2 2016.......SUNRISE   713 AM EDT   SUNSET   655 PM EDT


-  INDICATES NEGATIVE NUMBERS.
R  INDICATES RECORD WAS SET OR TIED.
MM INDICATES DATA IS MISSING.
T  INDICATES TRACE AMOUNT.




$$
