000
CDUS41 KCTP 030613
CLIJST


CLIMATE REPORT
NATIONAL WEATHER SERVICE STATE COLLEGE PA
213 AM EDT FRI JUL 3 2015


...................................

...THE JOHNSTOWN CLIMATE SUMMARY FOR JULY 2 2015...

CLIMATE NORMAL PERIOD 1981 TO 2010
CLIMATE RECORD PERIOD 2000 TO 2015


WEATHER ITEM   OBSERVED TIME   RECORD YEAR NORMAL DEPARTURE LAST
                VALUE   (LST)  VALUE       VALUE  FROM      YEAR
                                                  NORMAL
..................................................................
TEMPERATURE (F)
 YESTERDAY
  MAXIMUM         71    254 PM  98    1898  78     -7       81
  MINIMUM         57    450 AM  42    2001  59     -2       69
  AVERAGE         64                        69     -5       75

PRECIPITATION (IN)
  YESTERDAY        0.00          1.61 1960   0.11  -0.11     0.00
  MONTH TO DATE    T                         0.24  -0.24     0.00
  SINCE JUN 1     11.96                      0.24  11.72     4.84
  SINCE JAN 1     26.36                     16.88   9.48    18.40

DEGREE DAYS
 HEATING
  YESTERDAY        1                         1      0        0
  MONTH TO DATE    1                         2     -1        0
  SINCE JUN 1     62                        81    -19       40
  SINCE JUL 1      1                         2     -1        0

 COOLING
  YESTERDAY        0                         4     -4       10
  MONTH TO DATE    0                         8     -8       20
  SINCE JUN 1     90                        83      7      104
  SINCE JAN 1    174                       101     73      130
..................................................................


WIND (MPH)
  HIGHEST WIND SPEED    12   HIGHEST WIND DIRECTION    NW (310)
  HIGHEST GUST SPEED    14   HIGHEST GUST DIRECTION    NW (320)
  AVERAGE WIND SPEED     5.1


SKY COVER
  POSSIBLE SUNSHINE  MM
  AVERAGE SKY COVER 0.1


WEATHER CONDITIONS
 THE FOLLOWING WEATHER WAS RECORDED YESTERDAY.
  FOG
  HAZE


RELATIVE HUMIDITY (PERCENT)
 HIGHEST    93           200 AM
 LOWEST     57          1100 AM
 AVERAGE    75

..........................................................


THE JOHNSTOWN CLIMATE NORMALS FOR TODAY
                         NORMAL    RECORD    YEAR
 MAXIMUM TEMPERATURE (F)   78       100      1898
 MINIMUM TEMPERATURE (F)   59        46      1957


SUNRISE AND SUNSET
JULY  3 2015..........SUNRISE   550 AM EDT   SUNSET   849 PM EDT
JULY  4 2015..........SUNRISE   551 AM EDT   SUNSET   849 PM EDT


-  INDICATES NEGATIVE NUMBERS.
R  INDICATES RECORD WAS SET OR TIED.
MM INDICATES DATA IS MISSING.
T  INDICATES TRACE AMOUNT.




$$
