000
CDUS41 KCTP 280623
CLIJST


CLIMATE REPORT
NATIONAL WEATHER SERVICE STATE COLLEGE PA
123 AM EST TUE FEB 28 2017


...................................

...THE JOHNSTOWN CLIMATE SUMMARY FOR FEBRUARY 27 2017...

CLIMATE NORMAL PERIOD 1981 TO 2010
CLIMATE RECORD PERIOD 1892 TO 2017


WEATHER ITEM   OBSERVED TIME   RECORD YEAR NORMAL DEPARTURE LAST
                VALUE   (LST)  VALUE       VALUE  FROM      YEAR
                                                  NORMAL
..................................................................
TEMPERATURE (F)
 YESTERDAY
  MAXIMUM         43   1148 AM  72    1951  37      6       35
  MINIMUM         29   1242 AM  -8    1963  22      7       20
  AVERAGE         36                        30      6       28

PRECIPITATION (IN)
  YESTERDAY        0.14          1.23 1945   0.09   0.05      T
  MONTH TO DATE    2.47                      2.26   0.21     1.89
  SINCE DEC 1      9.84                      7.71   2.13     6.49
  SINCE JAN 1      5.66                      5.14   0.52     2.76

DEGREE DAYS
 HEATING
  YESTERDAY       29                        35     -6       37
  MONTH TO DATE  748                      1027   -279      971
  SINCE DEC 1   2834                      3386   -552     2905
  SINCE JUL 1   3903                      4844   -941     4023

 COOLING
  YESTERDAY        0                         0      0        0
  MONTH TO DATE    0                         0      0        0
  SINCE DEC 1      0                         0      0        0
  SINCE JAN 1      0                         0      0        0
..................................................................


WIND (MPH)
  HIGHEST WIND SPEED    15   HIGHEST WIND DIRECTION    SW (240)
  HIGHEST GUST SPEED    20   HIGHEST GUST DIRECTION     W (250)
  AVERAGE WIND SPEED     7.1


SKY COVER
  POSSIBLE SUNSHINE  MM
  AVERAGE SKY COVER 0.8


WEATHER CONDITIONS
 THE FOLLOWING WEATHER WAS RECORDED YESTERDAY.
  RAIN
  LIGHT RAIN
  FOG


RELATIVE HUMIDITY (PERCENT)
 HIGHEST    92           300 PM
 LOWEST     35           900 AM
 AVERAGE    64

..........................................................


THE JOHNSTOWN CLIMATE NORMALS FOR TODAY
                         NORMAL    RECORD    YEAR
 MAXIMUM TEMPERATURE (F)   37        63      1931
 MINIMUM TEMPERATURE (F)   23       -13      1934


SUNRISE AND SUNSET
FEBRUARY 28 2017......SUNRISE   650 AM EST   SUNSET   606 PM EST
MARCH  1 2017.........SUNRISE   648 AM EST   SUNSET   607 PM EST


-  INDICATES NEGATIVE NUMBERS.
R  INDICATES RECORD WAS SET OR TIED.
MM INDICATES DATA IS MISSING.
T  INDICATES TRACE AMOUNT.




$$
