000
CDUS41 KCTP 220618
CLIJST


CLIMATE REPORT
NATIONAL WEATHER SERVICE STATE COLLEGE PA
218 AM EDT WED OCT 22 2014


...................................

...THE JOHNSTOWN CLIMATE SUMMARY FOR OCTOBER 21 2014...

CLIMATE NORMAL PERIOD 1981 TO 2010
CLIMATE RECORD PERIOD 2000 TO 2014


WEATHER ITEM   OBSERVED TIME   RECORD YEAR NORMAL DEPARTURE LAST
                VALUE   (LST)  VALUE       VALUE  FROM      YEAR
                                                  NORMAL
..................................................................
TEMPERATURE (F)
 YESTERDAY
  MAXIMUM         53   1234 PM  85    1963  57     -4       61
  MINIMUM         45   1159 PM  20    1972  40      5       40
  AVERAGE         49                        48      1       51

PRECIPITATION (IN)
  YESTERDAY        0.20          1.18 1944   0.09   0.11     0.00
  MONTH TO DATE    2.54                      2.13   0.41     2.18
  SINCE SEP 1      3.74                      2.13   1.61     6.25
  SINCE JAN 1     29.64                     26.42   3.22    31.20

DEGREE DAYS
 HEATING
  YESTERDAY       16                        17     -1       14
  MONTH TO DATE  248                       295    -47      195
  SINCE SEP 1    398                       475    -77      412
  SINCE JUL 1    481                       513    -32      483

 COOLING
  YESTERDAY        0                         0      0        0
  MONTH TO DATE    0                         0      0       16
  SINCE SEP 1     46                        22     24       47
  SINCE JAN 1    341                       382    -41      393
..................................................................


WIND (MPH)
  HIGHEST WIND SPEED    16   HIGHEST WIND DIRECTION    NW (320)
  HIGHEST GUST SPEED    21   HIGHEST GUST DIRECTION    NW (320)
  AVERAGE WIND SPEED     8.3


SKY COVER
  POSSIBLE SUNSHINE  MM
  AVERAGE SKY COVER 1.0


WEATHER CONDITIONS
 THE FOLLOWING WEATHER WAS RECORDED YESTERDAY.
  HEAVY RAIN
  LIGHT RAIN
  FOG
  FOG W/VISIBILITY <= 1/4 MILE


RELATIVE HUMIDITY (PERCENT)
 HIGHEST   100           700 AM
 LOWEST     76           600 PM
 AVERAGE    88

..........................................................


THE JOHNSTOWN CLIMATE NORMALS FOR TODAY
                         NORMAL    RECORD    YEAR
 MAXIMUM TEMPERATURE (F)   56        89      1979
 MINIMUM TEMPERATURE (F)   40        21      1940


SUNRISE AND SUNSET
OCTOBER 22 2014.......SUNRISE   734 AM EDT   SUNSET   625 PM EDT
OCTOBER 23 2014.......SUNRISE   735 AM EDT   SUNSET   624 PM EDT


-  INDICATES NEGATIVE NUMBERS.
R  INDICATES RECORD WAS SET OR TIED.
MM INDICATES DATA IS MISSING.
T  INDICATES TRACE AMOUNT.




$$
