000
CDUS41 KCTP 280633
CLIJST


CLIMATE REPORT
NATIONAL WEATHER SERVICE STATE COLLEGE PA
133 AM EST WED JAN 28 2015


...................................

...THE JOHNSTOWN CLIMATE SUMMARY FOR JANUARY 27 2015...

CLIMATE NORMAL PERIOD 1981 TO 2010
CLIMATE RECORD PERIOD 2000 TO 2015


WEATHER ITEM   OBSERVED TIME   RECORD YEAR NORMAL DEPARTURE LAST
                VALUE   (LST)  VALUE       VALUE  FROM      YEAR
                                                  NORMAL
..................................................................
TEMPERATURE (F)
 YESTERDAY
  MAXIMUM         19   1249 PM  75    1916  32    -13       40
  MINIMUM         13   1159 PM -10    1907  18     -5       -1
  AVERAGE         16                        25     -9       20

PRECIPITATION (IN)
  YESTERDAY        0.03          1.04 1952   0.08  -0.05     0.04
  MONTH TO DATE    1.75                      2.54  -0.79     0.88
  SINCE DEC 1      4.08                      5.11  -1.03     4.05
  SINCE JAN 1      1.75                      2.54  -0.79     0.88

DEGREE DAYS
 HEATING
  YESTERDAY       49                        40      9       45
  MONTH TO DATE 1122                      1073     49     1205
  SINCE DEC 1   2128                      2200    -72     2268
  SINCE JUL 1   3639                      3657    -18     3899

 COOLING
  YESTERDAY        0                         0      0        0
  MONTH TO DATE    0                         0      0        0
  SINCE DEC 1      0                         0      0        0
  SINCE JAN 1      0                         0      0        0
..................................................................


WIND (MPH)
  HIGHEST WIND SPEED    21   HIGHEST WIND DIRECTION    NW (300)
  HIGHEST GUST SPEED    27   HIGHEST GUST DIRECTION    NW (310)
  AVERAGE WIND SPEED    13.2


SKY COVER
  POSSIBLE SUNSHINE  MM
  AVERAGE SKY COVER 1.0


WEATHER CONDITIONS
 THE FOLLOWING WEATHER WAS RECORDED YESTERDAY.
  LIGHT SNOW
  FOG


RELATIVE HUMIDITY (PERCENT)
 HIGHEST    92           300 AM
 LOWEST     80           400 PM
 AVERAGE    86

..........................................................


THE JOHNSTOWN CLIMATE NORMALS FOR TODAY
                         NORMAL    RECORD    YEAR
 MAXIMUM TEMPERATURE (F)   32        66      1914
 MINIMUM TEMPERATURE (F)   18       -10      2014


SUNRISE AND SUNSET
JANUARY 28 2015.......SUNRISE   728 AM EST   SUNSET   529 PM EST
JANUARY 29 2015.......SUNRISE   727 AM EST   SUNSET   530 PM EST


-  INDICATES NEGATIVE NUMBERS.
R  INDICATES RECORD WAS SET OR TIED.
MM INDICATES DATA IS MISSING.
T  INDICATES TRACE AMOUNT.




$$
