000
CDUS41 KCTP 300621
CLIJST


CLIMATE REPORT
NATIONAL WEATHER SERVICE STATE COLLEGE PA
220 AM EDT SAT AUG 30 2014


...................................

...THE JOHNSTOWN CLIMATE SUMMARY FOR AUGUST 29 2014...

CLIMATE NORMAL PERIOD 1981 TO 2010
CLIMATE RECORD PERIOD 2000 TO 2014


WEATHER ITEM   OBSERVED TIME   RECORD YEAR NORMAL DEPARTURE LAST
                VALUE   (LST)  VALUE       VALUE  FROM      YEAR
                                                  NORMAL
..................................................................
TEMPERATURE (F)
 YESTERDAY
  MAXIMUM         73    441 PM  99    1948  74     -1       80
  MINIMUM         48    504 AM  35    1982  58    -10       64
  AVERAGE         61                        66     -5       72

PRECIPITATION (IN)
  YESTERDAY        0.00          2.22 1988   0.11  -0.11     0.00
  MONTH TO DATE    3.40                      3.59  -0.19     5.56
  SINCE JUN 1     11.73                      7.44   4.29    14.03
  SINCE JAN 1     25.29                     24.08   1.21    24.95

DEGREE DAYS
 HEATING
  YESTERDAY        4                         2      2        0
  MONTH TO DATE   34                        26      8       48
  SINCE JUN 1    123                       113     10      134
  SINCE JUL 1     83                        39     44       71

 COOLING
  YESTERDAY        0                         2     -2        7
  MONTH TO DATE   67                       113    -46       61
  SINCE JUN 1    259                       338    -79      291
  SINCE JAN 1    285                       356    -71      332
..................................................................


WIND (MPH)
  HIGHEST WIND SPEED    14   HIGHEST WIND DIRECTION     S (160)
  HIGHEST GUST SPEED    19   HIGHEST GUST DIRECTION     S (160)
  AVERAGE WIND SPEED     6.5


SKY COVER
  POSSIBLE SUNSHINE  MM
  AVERAGE SKY COVER 0.0


WEATHER CONDITIONS
 THE FOLLOWING WEATHER WAS RECORDED YESTERDAY.
  NO SIGNIFICANT WEATHER WAS OBSERVED.


RELATIVE HUMIDITY (PERCENT)
 HIGHEST    93           500 AM
 LOWEST     44           200 PM
 AVERAGE    69

..........................................................


THE JOHNSTOWN CLIMATE NORMALS FOR TODAY
                         NORMAL    RECORD    YEAR
 MAXIMUM TEMPERATURE (F)   74        97      1924
 MINIMUM TEMPERATURE (F)   58        38      1986


SUNRISE AND SUNSET
AUGUST 30 2014........SUNRISE   641 AM EDT   SUNSET   750 PM EDT
AUGUST 31 2014........SUNRISE   642 AM EDT   SUNSET   749 PM EDT


-  INDICATES NEGATIVE NUMBERS.
R  INDICATES RECORD WAS SET OR TIED.
MM INDICATES DATA IS MISSING.
T  INDICATES TRACE AMOUNT.




$$
