000
CDUS41 KCTP 212123
CLIJST


CLIMATE REPORT
NATIONAL WEATHER SERVICE STATE COLLEGE PA
523 PM EDT SAT OCT 21 2017


...................................

...THE JOHNSTOWN CLIMATE SUMMARY FOR OCTOBER 21 2017...
VALID TODAY AS OF 0500 PM LOCAL TIME.

CLIMATE NORMAL PERIOD 1981 TO 2010
CLIMATE RECORD PERIOD 1892 TO 2017


WEATHER ITEM   OBSERVED TIME   RECORD YEAR NORMAL DEPARTURE LAST
                VALUE   (LST)  VALUE       VALUE  FROM      YEAR
                                                  NORMAL
..................................................................
TEMPERATURE (F)
 TODAY
  MAXIMUM         73   1249 PM  85    1963  57     16       63
  MINIMUM         48    549 AM  20    1972  40      8       42
  AVERAGE         61                        48     13       53

PRECIPITATION (IN)
  TODAY            0.00          1.35 2016   0.09  -0.09     1.35
  MONTH TO DATE    1.87                      2.13  -0.26     3.19
  SINCE SEP 1      4.04                      2.13   1.91     6.11
  SINCE JAN 1     38.29                     26.42  11.87    30.76

DEGREE DAYS
 HEATING
  TODAY            4                        17    -13       12
  MONTH TO DATE  113                       295   -182      175
  SINCE SEP 1    240                       475   -235      241
  SINCE JUL 1    281                       513   -232      252

 COOLING
  TODAY            0                         0      0        0
  MONTH TO DATE   22                         0     22       16
  SINCE SEP 1     95                        22     73      102
  SINCE JAN 1    497                       382    115      705
..................................................................


WIND (MPH)
  HIGHEST WIND SPEED    12   HIGHEST WIND DIRECTION     S (160)
  HIGHEST GUST SPEED    16   HIGHEST GUST DIRECTION    SW (240)
  AVERAGE WIND SPEED     5.8


SKY COVER
  POSSIBLE SUNSHINE  MM
  AVERAGE SKY COVER 0.0


WEATHER CONDITIONS
 THE FOLLOWING WEATHER WAS RECORDED TODAY.
  NO SIGNIFICANT WEATHER WAS OBSERVED.


RELATIVE HUMIDITY (PERCENT)
 HIGHEST    61           300 AM
 LOWEST     29          1200 PM
 AVERAGE    45

..........................................................


THE JOHNSTOWN CLIMATE NORMALS FOR TOMORROW
                         NORMAL    RECORD    YEAR
 MAXIMUM TEMPERATURE (F)   56        89      1979
 MINIMUM TEMPERATURE (F)   40        21      1940


SUNRISE AND SUNSET
OCTOBER 21 2017.......SUNRISE   733 AM EDT   SUNSET   626 PM EDT
OCTOBER 22 2017.......SUNRISE   734 AM EDT   SUNSET   625 PM EDT


-  INDICATES NEGATIVE NUMBERS.
R  INDICATES RECORD WAS SET OR TIED.
MM INDICATES DATA IS MISSING.
T  INDICATES TRACE AMOUNT.




$$
