000
CDUS41 KCTP 290615
CLIJST


CLIMATE REPORT
NATIONAL WEATHER SERVICE STATE COLLEGE PA
215 AM EDT THU JUN 29 2017


...................................

...THE JOHNSTOWN CLIMATE SUMMARY FOR JUNE 28 2017...

CLIMATE NORMAL PERIOD 1981 TO 2010
CLIMATE RECORD PERIOD 1892 TO 2017


WEATHER ITEM   OBSERVED TIME   RECORD YEAR NORMAL DEPARTURE LAST
                VALUE   (LST)  VALUE       VALUE  FROM      YEAR
                                                  NORMAL
..................................................................
TEMPERATURE (F)
 YESTERDAY
  MAXIMUM         73    319 PM  97    1969  77     -4       79
  MINIMUM         49    316 AM  46    1897  59    -10       61
  AVERAGE         61                        68     -7       70

PRECIPITATION (IN)
  YESTERDAY        0.00          1.68 1914   0.12  -0.12     0.00
  MONTH TO DATE    7.76                      3.84   3.92     4.68
  SINCE JUN 1      7.76                      3.84   3.92     4.68
  SINCE JAN 1     27.65                     20.48   7.17    15.48

DEGREE DAYS
 HEATING
  YESTERDAY        4                         1      3        0
  MONTH TO DATE   59                        77    -18       38
  SINCE JUN 1     59                        77    -18       38
  SINCE JUL 1   5522                      6686  -1164     5525

 COOLING
  YESTERDAY        0                         4     -4        5
  MONTH TO DATE   95                        67     28       94
  SINCE JUN 1     95                        67     28       94
  SINCE JAN 1    124                        91     33      132
..................................................................


WIND (MPH)
  HIGHEST WIND SPEED    15   HIGHEST WIND DIRECTION     W (250)
  HIGHEST GUST SPEED    21   HIGHEST GUST DIRECTION     W (250)
  AVERAGE WIND SPEED     6.8


SKY COVER
  POSSIBLE SUNSHINE  MM
  AVERAGE SKY COVER 0.0


WEATHER CONDITIONS
 THE FOLLOWING WEATHER WAS RECORDED YESTERDAY.
  NO SIGNIFICANT WEATHER WAS OBSERVED.


RELATIVE HUMIDITY (PERCENT)
 HIGHEST    93           300 AM
 LOWEST     40           200 PM
 AVERAGE    67

..........................................................


THE JOHNSTOWN CLIMATE NORMALS FOR TODAY
                         NORMAL    RECORD    YEAR
 MAXIMUM TEMPERATURE (F)   77        98      1934
 MINIMUM TEMPERATURE (F)   59        44      1919


SUNRISE AND SUNSET
JUNE 29 2017..........SUNRISE   548 AM EDT   SUNSET   849 PM EDT
JUNE 30 2017..........SUNRISE   549 AM EDT   SUNSET   849 PM EDT


-  INDICATES NEGATIVE NUMBERS.
R  INDICATES RECORD WAS SET OR TIED.
MM INDICATES DATA IS MISSING.
T  INDICATES TRACE AMOUNT.




$$
