000
CDUS41 KCTP 262119
CLIJST


CLIMATE REPORT
NATIONAL WEATHER SERVICE STATE COLLEGE PA
519 PM EDT THU MAY 26 2016


...................................

...THE JOHNSTOWN CLIMATE SUMMARY FOR MAY 26 2016...
VALID TODAY AS OF 0500 PM LOCAL TIME.

CLIMATE NORMAL PERIOD 1981 TO 2010
CLIMATE RECORD PERIOD 1892 TO 2016


WEATHER ITEM   OBSERVED TIME   RECORD YEAR NORMAL DEPARTURE LAST
                VALUE   (LST)  VALUE       VALUE  FROM      YEAR
                                                  NORMAL
..................................................................
TEMPERATURE (F)
 TODAY
  MAXIMUM         77    357 PM  94    1914  68      9       76
  MINIMUM         62    526 AM  33    1917  50     12       64
  AVERAGE         70                        59     11       70

PRECIPITATION (IN)
  TODAY            T             2.37 1950   0.16  -0.16      T
  MONTH TO DATE    3.91                      3.74   0.17     2.00
  SINCE MAR 1      7.71                     10.62  -2.91    10.46
  SINCE JAN 1     10.56                     15.85  -5.29    13.86

DEGREE DAYS
 HEATING
  TODAY            0                         7     -7        0
  MONTH TO DATE  278                       247     31      132
  SINCE MAR 1   1424                      1698   -274     1588
  SINCE JUL 1   5487                      6578  -1091     6777

 COOLING
  TODAY            5                         1      4        5
  MONTH TO DATE    7                        13     -6       53
  SINCE MAR 1      7                        18    -11       53
  SINCE JAN 1      7                        18    -11       53
..................................................................


WIND (MPH)
  HIGHEST WIND SPEED    15   HIGHEST WIND DIRECTION    SW (240)
  HIGHEST GUST SPEED    20   HIGHEST GUST DIRECTION    SW (240)
  AVERAGE WIND SPEED     6.4


SKY COVER
  POSSIBLE SUNSHINE  MM
  AVERAGE SKY COVER 0.5


WEATHER CONDITIONS
 THE FOLLOWING WEATHER WAS RECORDED TODAY.
  LIGHT RAIN


RELATIVE HUMIDITY (PERCENT)
 HIGHEST    56           600 AM
 LOWEST     48          1200 AM
 AVERAGE    52

..........................................................


THE JOHNSTOWN CLIMATE NORMALS FOR TOMORROW
                         NORMAL    RECORD    YEAR
 MAXIMUM TEMPERATURE (F)   69        91      1918
 MINIMUM TEMPERATURE (F)   51        32      1915


SUNRISE AND SUNSET
MAY 26 2016...........SUNRISE   550 AM EDT   SUNSET   835 PM EDT
MAY 27 2016...........SUNRISE   550 AM EDT   SUNSET   836 PM EDT


-  INDICATES NEGATIVE NUMBERS.
R  INDICATES RECORD WAS SET OR TIED.
MM INDICATES DATA IS MISSING.
T  INDICATES TRACE AMOUNT.




$$
