000
CDUS41 KCTP 010637
CLIJST


CLIMATE REPORT
NATIONAL WEATHER SERVICE STATE COLLEGE PA
236 AM EDT TUE SEP 1 2015


...................................

...THE JOHNSTOWN CLIMATE SUMMARY FOR AUGUST 31 2015...

CLIMATE NORMAL PERIOD 1981 TO 2010
CLIMATE RECORD PERIOD 2000 TO 2015


WEATHER ITEM   OBSERVED TIME   RECORD YEAR NORMAL DEPARTURE LAST
                VALUE   (LST)  VALUE       VALUE  FROM      YEAR
                                                  NORMAL
..................................................................
TEMPERATURE (F)
 YESTERDAY
  MAXIMUM         84    344 PM  98    1924  73     11       72
  MINIMUM         67    714 AM  32    1894  57     10       67
  AVERAGE         76                        65     11       70

PRECIPITATION (IN)
  YESTERDAY        0.00          1.71 1981   0.10  -0.10     0.61
  MONTH TO DATE    2.70                      3.80  -1.10     4.01
  SINCE JUN 1     19.25                      7.65  11.60    12.34
  SINCE JAN 1     33.65                     24.29   9.36    25.90

DEGREE DAYS
 HEATING
  YESTERDAY        0                         2     -2        0
  MONTH TO DATE   23                        30     -7       34
  SINCE JUN 1     91                       117    -26      123
  SINCE JUL 1     30                        42    -12       83

 COOLING
  YESTERDAY       11                         2      9        5
  MONTH TO DATE  125                       118      7       77
  SINCE JUN 1    371                       342     29      269
  SINCE JAN 1    455                       360     95      295
..................................................................


WIND (MPH)
  HIGHEST WIND SPEED    15   HIGHEST WIND DIRECTION    NW (300)
  HIGHEST GUST SPEED    20   HIGHEST GUST DIRECTION    NW (300)
  AVERAGE WIND SPEED     6.4


SKY COVER
  POSSIBLE SUNSHINE  MM
  AVERAGE SKY COVER 0.1


WEATHER CONDITIONS
 THE FOLLOWING WEATHER WAS RECORDED YESTERDAY.
  FOG


RELATIVE HUMIDITY (PERCENT)
 HIGHEST    87           300 AM
 LOWEST     46           300 PM
 AVERAGE    67

..........................................................


THE JOHNSTOWN CLIMATE NORMALS FOR TODAY
                         NORMAL    RECORD    YEAR
 MAXIMUM TEMPERATURE (F)   73        98      1932
 MINIMUM TEMPERATURE (F)   57        42      1968


SUNRISE AND SUNSET
SEPTEMBER  1 2015.....SUNRISE   642 AM EDT   SUNSET   747 PM EDT
SEPTEMBER  2 2015.....SUNRISE   643 AM EDT   SUNSET   746 PM EDT


-  INDICATES NEGATIVE NUMBERS.
R  INDICATES RECORD WAS SET OR TIED.
MM INDICATES DATA IS MISSING.
T  INDICATES TRACE AMOUNT.




$$
