000
CDUS41 KCTP 032120
CLIJST


CLIMATE REPORT
NATIONAL WEATHER SERVICE STATE COLLEGE PA
520 PM EDT WED JUN 3 2015


...................................

...THE JOHNSTOWN CLIMATE SUMMARY FOR JUNE 3 2015...
VALID TODAY AS OF 0500 PM LOCAL TIME.

CLIMATE NORMAL PERIOD 1981 TO 2010
CLIMATE RECORD PERIOD 2000 TO 2015


WEATHER ITEM   OBSERVED TIME   RECORD YEAR NORMAL DEPARTURE LAST
                VALUE   (LST)  VALUE       VALUE  FROM      YEAR
                                                  NORMAL
..................................................................
TEMPERATURE (F)
 TODAY
  MAXIMUM         57    207 PM  98    1895  70    -13       77
  MINIMUM         51    509 AM  33    1986  53     -2       60
  AVERAGE         54                        61     -7       69

PRECIPITATION (IN)
  TODAY            0.00          2.11 2003   0.15  -0.15     0.18
  MONTH TO DATE    0.12                      0.45  -0.33     0.18
  SINCE JUN 1      0.12                      0.45  -0.33     0.18
  SINCE JAN 1     14.52                     17.09  -2.57    13.74

DEGREE DAYS
 HEATING
  TODAY           11                         5      6        0
  MONTH TO DATE   27                        15     12        3
  SINCE JUN 1     27                        15     12        3
  SINCE JUL 1   6804                      6624    180     7216

 COOLING
  TODAY            0                         1     -1        4
  MONTH TO DATE    0                         3     -3        5
  SINCE JUN 1      0                         3     -3        5
  SINCE JAN 1     84                        27     57       31
..................................................................


WIND (MPH)
  HIGHEST WIND SPEED    12   HIGHEST WIND DIRECTION    SE (150)
  HIGHEST GUST SPEED    17   HIGHEST GUST DIRECTION     E (110)
  AVERAGE WIND SPEED     6.8


SKY COVER
  POSSIBLE SUNSHINE  MM
  AVERAGE SKY COVER 1.0


WEATHER CONDITIONS
 THE FOLLOWING WEATHER WAS RECORDED TODAY.
  FOG


RELATIVE HUMIDITY (PERCENT)
 HIGHEST    93           900 AM
 LOWEST     86          1100 AM
 AVERAGE    90

..........................................................


THE JOHNSTOWN CLIMATE NORMALS FOR TOMORROW
                         NORMAL    RECORD    YEAR
 MAXIMUM TEMPERATURE (F)   71       102      1895
 MINIMUM TEMPERATURE (F)   53        39      1929


SUNRISE AND SUNSET
JUNE  3 2015..........SUNRISE   547 AM EDT   SUNSET   840 PM EDT
JUNE  4 2015..........SUNRISE   547 AM EDT   SUNSET   841 PM EDT


-  INDICATES NEGATIVE NUMBERS.
R  INDICATES RECORD WAS SET OR TIED.
MM INDICATES DATA IS MISSING.
T  INDICATES TRACE AMOUNT.




$$
