000
CDUS41 KCTP 050618
CLIJST


CLIMATE REPORT
NATIONAL WEATHER SERVICE STATE COLLEGE PA
218 AM EDT WED AUG 5 2015


...................................

...THE JOHNSTOWN CLIMATE SUMMARY FOR AUGUST 4 2015...

CLIMATE NORMAL PERIOD 1981 TO 2010
CLIMATE RECORD PERIOD 2000 TO 2015


WEATHER ITEM   OBSERVED TIME   RECORD YEAR NORMAL DEPARTURE LAST
                VALUE   (LST)  VALUE       VALUE  FROM      YEAR
                                                  NORMAL
..................................................................
TEMPERATURE (F)
 YESTERDAY
  MAXIMUM         76    511 PM 102    1930  78     -2       77
  MINIMUM         60    435 AM  48    1894  60      0       56
  AVERAGE         68                        69     -1       67

PRECIPITATION (IN)
  YESTERDAY        0.20          2.25 1911   0.11   0.09     0.00
  MONTH TO DATE    1.16                      0.47   0.69     0.08
  SINCE JUN 1     17.71                      4.32  13.39     8.41
  SINCE JAN 1     32.11                     20.96  11.15    21.97

DEGREE DAYS
 HEATING
  YESTERDAY        0                         0      0        0
  MONTH TO DATE    0                         0      0        0
  SINCE JUN 1     68                        87    -19       89
  SINCE JUL 1      7                        13     -6       49

 COOLING
  YESTERDAY        3                         5     -2        2
  MONTH TO DATE   19                        20     -1        7
  SINCE JUN 1    265                       245     20      199
  SINCE JAN 1    349                       263     86      225
..................................................................


WIND (MPH)
  HIGHEST WIND SPEED    18   HIGHEST WIND DIRECTION     W (290)
  HIGHEST GUST SPEED    25   HIGHEST GUST DIRECTION    SW (240)
  AVERAGE WIND SPEED     8.5


SKY COVER
  POSSIBLE SUNSHINE  MM
  AVERAGE SKY COVER 0.3


WEATHER CONDITIONS
 THE FOLLOWING WEATHER WAS RECORDED YESTERDAY.
  THUNDERSTORM
  RAIN
  LIGHT RAIN
  FOG


RELATIVE HUMIDITY (PERCENT)
 HIGHEST    97           400 AM
 LOWEST     41           100 PM
 AVERAGE    69

..........................................................


THE JOHNSTOWN CLIMATE NORMALS FOR TODAY
                         NORMAL    RECORD    YEAR
 MAXIMUM TEMPERATURE (F)   78        99      1918
 MINIMUM TEMPERATURE (F)   60        45      1894


SUNRISE AND SUNSET
AUGUST  5 2015........SUNRISE   616 AM EDT   SUNSET   826 PM EDT
AUGUST  6 2015........SUNRISE   617 AM EDT   SUNSET   824 PM EDT


-  INDICATES NEGATIVE NUMBERS.
R  INDICATES RECORD WAS SET OR TIED.
MM INDICATES DATA IS MISSING.
T  INDICATES TRACE AMOUNT.




$$
