000
CDUS43 KGRR 290531
CLIJXN


CLIMATE REPORT
NATIONAL WEATHER SERVICE GRAND RAPIDS, MI
130 AM EDT TUE JUL 29 2014


...................................

...THE JACKSON MI CLIMATE SUMMARY FOR JULY 28 2014...

CLIMATE NORMAL PERIOD 1981 TO 2010
CLIMATE RECORD PERIOD 9999 TO 9999


WEATHER ITEM   OBSERVED TIME   NORMAL DEPARTURE LAST
                VALUE   (LST)  VALUE  FROM      YEAR
                                      NORMAL
......................................................
TEMPERATURE (F)
 YESTERDAY
  MAXIMUM         70    226 PM  82    -12       65
  MINIMUM         50   1159 PM  60    -10       51
  AVERAGE         60            71    -11       58

PRECIPITATION (IN)
  YESTERDAY        0.00          0.13  -0.13     0.29
  MONTH TO DATE    3.14          3.21  -0.07     1.82
  SINCE JUN 1      7.90          6.48   1.42     6.44
  SINCE JAN 1     20.23         17.08   3.15    19.06

DEGREE DAYS
 HEATING
  YESTERDAY        5             0      5        7
  MONTH TO DATE   25             1     24       13
  SINCE JUN 1     56            56      0       70
  SINCE JUL 1     25             1     24       13

 COOLING
  YESTERDAY        0             6     -6        0
  MONTH TO DATE   98           186    -88      212
  SINCE JUN 1    239           312    -73      329
  SINCE JAN 1    273           349    -76      396
......................................................


WIND (MPH)
  RESULTANT WIND SPEED   3   RESULTANT WIND DIRECTION   N (20)
  HIGHEST WIND SPEED    14   HIGHEST WIND DIRECTION    NW (300)
  HIGHEST GUST SPEED    23   HIGHEST GUST DIRECTION     N (340)
  AVERAGE WIND SPEED     5.5


SKY COVER
  AVERAGE SKY COVER 0.8


WEATHER CONDITIONS
 THE FOLLOWING WEATHER WAS RECORDED YESTERDAY.
  NO SIGNIFICANT WEATHER WAS OBSERVED.


RELATIVE HUMIDITY (PERCENT)
 HIGHEST    93           100 AM
 LOWEST     58           600 PM
 AVERAGE    76

..........................................................


THE JACKSON MI CLIMATE NORMALS FOR TODAY
                         NORMAL
 MAXIMUM TEMPERATURE (F)   81
 MINIMUM TEMPERATURE (F)   60


SUNRISE AND SUNSET
JULY 29 2014..........SUNRISE   628 AM EDT   SUNSET   900 PM EDT
JULY 30 2014..........SUNRISE   629 AM EDT   SUNSET   859 PM EDT


-  INDICATES NEGATIVE NUMBERS.
R  INDICATES RECORD WAS SET OR TIED.
MM INDICATES DATA IS MISSING.
T  INDICATES TRACE AMOUNT.




$$
