000
CDUS43 KGRR 190514
CLIJXN


CLIMATE REPORT
NATIONAL WEATHER SERVICE GRAND RAPIDS, MI
112 AM EDT SAT APR 19 2014


...................................

...THE JACKSON MI CLIMATE SUMMARY FOR APRIL 18 2014...

CLIMATE NORMAL PERIOD 1981 TO 2010
CLIMATE RECORD PERIOD 9999 TO 9999


WEATHER ITEM   OBSERVED TIME   NORMAL DEPARTURE LAST
                VALUE   (LST)  VALUE  FROM      YEAR
                                      NORMAL
......................................................
TEMPERATURE (F)
 YESTERDAY
  MAXIMUM         65    239 PM  60      5       75
  MINIMUM         42   1159 PM  38      4       44
  AVERAGE         54            49      5       60

PRECIPITATION (IN)
  YESTERDAY        0.04          0.10  -0.06     0.68
  MONTH TO DATE    1.50          1.56  -0.06     4.05
  SINCE MAR 1      3.41          3.46  -0.05     4.69
  SINCE JAN 1      7.69          6.24   1.45     9.04

DEGREE DAYS
 HEATING
  YESTERDAY       11            16     -5        5
  MONTH TO DATE  357           351      6      392
  SINCE MAR 1   1532          1261    271     1427
  SINCE JUL 1   7096          6175    921     6125

 COOLING
  YESTERDAY        0             0      0        0
  MONTH TO DATE    0             0      0        0
  SINCE MAR 1      0             0      0        0
  SINCE JAN 1      0             0      0        0
......................................................


WIND (MPH)
  RESULTANT WIND SPEED   4   RESULTANT WIND DIRECTION  NW (330)
  HIGHEST WIND SPEED    15   HIGHEST WIND DIRECTION     N (20)
  HIGHEST GUST SPEED    20   HIGHEST GUST DIRECTION    NW (310)
  AVERAGE WIND SPEED     5.7


SKY COVER
  AVERAGE SKY COVER 0.5


WEATHER CONDITIONS
 THE FOLLOWING WEATHER WAS RECORDED YESTERDAY.
  LIGHT RAIN
  FOG
  HAZE


RELATIVE HUMIDITY (PERCENT)
 HIGHEST    93           700 AM
 LOWEST     32           400 PM
 AVERAGE    63

..........................................................


THE JACKSON MI CLIMATE NORMALS FOR TODAY
                         NORMAL
 MAXIMUM TEMPERATURE (F)   60
 MINIMUM TEMPERATURE (F)   38


SUNRISE AND SUNSET
APRIL 19 2014.........SUNRISE   651 AM EDT   SUNSET   824 PM EDT
APRIL 20 2014.........SUNRISE   649 AM EDT   SUNSET   825 PM EDT


-  INDICATES NEGATIVE NUMBERS.
R  INDICATES RECORD WAS SET OR TIED.
MM INDICATES DATA IS MISSING.
T  INDICATES TRACE AMOUNT.




$$
