000
CDUS43 KGRR 270520
CLIJXN


CLIMATE REPORT
NATIONAL WEATHER SERVICE GRAND RAPIDS, MI
120 AM EDT TUE JUN 27 2017


...................................

...THE JACKSON MI CLIMATE SUMMARY FOR JUNE 26 2017...

CLIMATE NORMAL PERIOD 1981 TO 2010
CLIMATE RECORD PERIOD 1944 TO 9999


WEATHER ITEM   OBSERVED TIME   NORMAL DEPARTURE LAST
                VALUE   (LST)  VALUE  FROM      YEAR
                                      NORMAL
......................................................
TEMPERATURE (F)
 YESTERDAY
  MAXIMUM         70    317 PM  81    -11       87
  MINIMUM         51   1159 PM  59     -8       66
  AVERAGE         61            70     -9       77

PRECIPITATION (IN)
  YESTERDAY        T             0.11  -0.11      T
  MONTH TO DATE    0.92          2.84  -1.92     1.03
  SINCE JUN 1      0.92          2.84  -1.92     1.03
  SINCE JAN 1     18.89         13.44   5.45    10.53

DEGREE DAYS
 HEATING
  YESTERDAY        4             1      3        0
  MONTH TO DATE   26            52    -26       23
  SINCE JUN 1     26            52    -26       23
  SINCE JUL 1   5554          6654  -1100     5663

 COOLING
  YESTERDAY        0             6     -6       12
  MONTH TO DATE  143           102     41      138
  SINCE JUN 1    143           102     41      138
  SINCE JAN 1    179           139     40      191
......................................................


WIND (MPH)
  RESULTANT WIND SPEED  10   RESULTANT WIND DIRECTION   W (280)
  HIGHEST WIND SPEED    25   HIGHEST WIND DIRECTION     W (290)
  HIGHEST GUST SPEED    38   HIGHEST GUST DIRECTION    NW (300)
  AVERAGE WIND SPEED    10.5


SKY COVER
  AVERAGE SKY COVER 0.4


WEATHER CONDITIONS
 THE FOLLOWING WEATHER WAS RECORDED YESTERDAY.
  NO SIGNIFICANT WEATHER WAS OBSERVED.


RELATIVE HUMIDITY (PERCENT)
 HIGHEST    93           600 AM
 LOWEST     37           200 PM
 AVERAGE    65

..........................................................


THE JACKSON MI CLIMATE NORMALS FOR TODAY
                         NORMAL
 MAXIMUM TEMPERATURE (F)   82
 MINIMUM TEMPERATURE (F)   59


SUNRISE AND SUNSET
JUNE 27 2017..........SUNRISE   603 AM EDT   SUNSET   918 PM EDT
JUNE 28 2017..........SUNRISE   604 AM EDT   SUNSET   918 PM EDT


-  INDICATES NEGATIVE NUMBERS.
R  INDICATES RECORD WAS SET OR TIED.
MM INDICATES DATA IS MISSING.
T  INDICATES TRACE AMOUNT.




$$
