000
CDUS43 KGRR 222233
CLIJXN


CLIMATE REPORT
NATIONAL WEATHER SERVICE GRAND RAPIDS, MI
532 PM EST MON DEC 22 2014


...................................

...THE JACKSON MI CLIMATE SUMMARY FOR DECEMBER 22 2014...
VALID TODAY AS OF 0500 PM LOCAL TIME.

CLIMATE NORMAL PERIOD 1981 TO 2010
CLIMATE RECORD PERIOD 1944 TO 9999


WEATHER ITEM   OBSERVED TIME   RECORD YEAR NORMAL DEPARTURE LAST
                VALUE   (LST)  VALUE       VALUE  FROM      YEAR
                                                  NORMAL
..................................................................
TEMPERATURE (F)
 TODAY
  MAXIMUM         38    317 PM  MM      MM  33      5       35
  MINIMUM         24    713 AM  MM      MM  20      4       31
  AVERAGE         31                        26      5       33

PRECIPITATION (IN)
  TODAY            0.00         MM      MM   0.06  -0.06     0.23
  MONTH TO DATE    0.39                      1.34  -0.95     1.80
  SINCE DEC 1      0.39                      1.34  -0.95     1.80
  SINCE JAN 1     28.56                     30.97  -2.41    32.80

DEGREE DAYS
 HEATING
  TODAY           34                        39     -5       32
  MONTH TO DATE  725                       785    -60      846
  SINCE DEC 1    725                       785    -60      846
  SINCE JUL 1   2336                      2189    147     2317

 COOLING
  TODAY            0                         0      0        0
  MONTH TO DATE    0                         0      0        0
  SINCE DEC 1      0                         0      0        0
  SINCE JAN 1    496                       592    -96      616
..................................................................


WIND (MPH)
  RESULTANT WIND SPEED   9   RESULTANT WIND DIRECTION  SE (120)
  HIGHEST WIND SPEED    16   HIGHEST WIND DIRECTION     E (110)
  HIGHEST GUST SPEED    20   HIGHEST GUST DIRECTION     E (110)
  AVERAGE WIND SPEED     8.6



WEATHER CONDITIONS
 THE FOLLOWING WEATHER WAS RECORDED TODAY.
  FOG
  HAZE


RELATIVE HUMIDITY (PERCENT)
 HIGHEST    92          1200 AM
 LOWEST     70           200 PM
 AVERAGE    81

..........................................................




SUNRISE AND SUNSET
DECEMBER 22 2014......SUNRISE   804 AM EST   SUNSET   509 PM EST
DECEMBER 23 2014......SUNRISE   804 AM EST   SUNSET   510 PM EST


-  INDICATES NEGATIVE NUMBERS.
R  INDICATES RECORD WAS SET OR TIED.
MM INDICATES DATA IS MISSING.
T  INDICATES TRACE AMOUNT.




$$

JAM
