000
CDUS43 KGRR 180516
CLIJXN


CLIMATE REPORT
NATIONAL WEATHER SERVICE GRAND RAPIDS, MI
115 AM EDT WED OCT 18 2017


...................................

...THE JACKSON MI CLIMATE SUMMARY FOR OCTOBER 17 2017...

CLIMATE NORMAL PERIOD 1981 TO 2010
CLIMATE RECORD PERIOD 1944 TO 9999


WEATHER ITEM   OBSERVED TIME   NORMAL DEPARTURE LAST
                VALUE   (LST)  VALUE  FROM      YEAR
                                      NORMAL
......................................................
TEMPERATURE (F)
 YESTERDAY
  MAXIMUM         67    324 PM  60      7       78
  MINIMUM         41   1230 AM  40      1       63
  AVERAGE         54            50      4       71

PRECIPITATION (IN)
  YESTERDAY        0.00          0.07  -0.07     0.00
  MONTH TO DATE    6.05          1.54   4.51     2.19
  SINCE SEP 1      6.78          5.02   1.76     5.73
  SINCE JAN 1     29.84         25.94   3.90    32.04

DEGREE DAYS
 HEATING
  YESTERDAY       11            15     -4        0
  MONTH TO DATE   91           218   -127      121
  SINCE SEP 1    200           371   -171      165
  SINCE JUL 1    227           406   -179      169

 COOLING
  YESTERDAY        0             0      0        6
  MONTH TO DATE   15             3     12       14
  SINCE SEP 1    128            60     68      101
  SINCE JAN 1    655           589     66      829
......................................................


WIND (MPH)
  RESULTANT WIND SPEED  13   RESULTANT WIND DIRECTION  SW (210)
  HIGHEST WIND SPEED    23   HIGHEST WIND DIRECTION    SW (220)
  HIGHEST GUST SPEED    30   HIGHEST GUST DIRECTION    SW (210)
  AVERAGE WIND SPEED    13.5


SKY COVER
  AVERAGE SKY COVER 0.0


WEATHER CONDITIONS
 THE FOLLOWING WEATHER WAS RECORDED YESTERDAY.
  NO SIGNIFICANT WEATHER WAS OBSERVED.


RELATIVE HUMIDITY (PERCENT)
 HIGHEST    86          1200 AM
 LOWEST     40           200 PM
 AVERAGE    63

..........................................................


THE JACKSON MI CLIMATE NORMALS FOR TODAY
                         NORMAL
 MAXIMUM TEMPERATURE (F)   60
 MINIMUM TEMPERATURE (F)   40


SUNRISE AND SUNSET
OCTOBER 18 2017.......SUNRISE   754 AM EDT   SUNSET   651 PM EDT
OCTOBER 19 2017.......SUNRISE   756 AM EDT   SUNSET   649 PM EDT


-  INDICATES NEGATIVE NUMBERS.
R  INDICATES RECORD WAS SET OR TIED.
MM INDICATES DATA IS MISSING.
T  INDICATES TRACE AMOUNT.




$$
