583
CDUS45 KPUB 171208
CLILAA


CLIMATE REPORT
NATIONAL WEATHER SERVICE PUEBLO
507 AM MST TUE JAN 17 2017


...................................

...THE LAMAR CO CLIMATE SUMMARY FOR JANUARY 16 2017...

CLIMATE NORMAL PERIOD 1981 TO 2010
CLIMATE RECORD PERIOD 9999 TO 9999


WEATHER ITEM   OBSERVED TIME   NORMAL DEPARTURE LAST
                VALUE   (LST)  VALUE  FROM      YEAR
                                      NORMAL
......................................................
TEMPERATURE (F)
 YESTERDAY
  MAXIMUM         36    333 PM  45     -9       44
  MINIMUM         32    628 PM  13     19       14
  AVERAGE         34            29      5       29

PRECIPITATION (IN)
  YESTERDAY        0.29          0.01   0.28      T
  MONTH TO DATE    0.41          0.11   0.30     0.01
  SINCE DEC 1      0.64          0.51   0.13     0.20
  SINCE JAN 1      0.41          0.11   0.30     0.01

DEGREE DAYS
 HEATING
  YESTERDAY       31            36     -5       36
  MONTH TO DATE  609           588     21      553
  SINCE DEC 1   1806          1685    121     1500
  SINCE JUL 1   2612          2901   -289     2436

 COOLING
  YESTERDAY        0             0      0        0
  MONTH TO DATE    0             0      0        0
  SINCE DEC 1      0             0      0        0
  SINCE JAN 1      0             0      0        0
......................................................


WIND (MPH)
  HIGHEST WIND SPEED    16   HIGHEST WIND DIRECTION     N (360)
  HIGHEST GUST SPEED    20   HIGHEST GUST DIRECTION     N (10)
  AVERAGE WIND SPEED     8.1


SKY COVER
  POSSIBLE SUNSHINE  MM
  AVERAGE SKY COVER 0.9


WEATHER CONDITIONS
 THE FOLLOWING WEATHER WAS RECORDED YESTERDAY.
  LT FREEZING RAIN
  LIGHT SNOW
  FOG


RELATIVE HUMIDITY (PERCENT)
 HIGHEST    92           200 AM
 LOWEST     82           300 PM
 AVERAGE    87

..........................................................




SUNRISE AND SUNSET
JANUARY 17 2017.......SUNRISE   705 AM MST   SUNSET   457 PM MST
JANUARY 18 2017.......SUNRISE   704 AM MST   SUNSET   459 PM MST


-  INDICATES NEGATIVE NUMBERS.
R  INDICATES RECORD WAS SET OR TIED.
MM INDICATES DATA IS MISSING.
T  INDICATES TRACE AMOUNT.




$$
