000
CDUS43 KIND 280532
CLILAF


CLIMATE REPORT
NATIONAL WEATHER SERVICE INDIANAPOLIS IN
131 AM EDT SAT MAR 28 2015


...................................

...THE LAFAYETTE IN CLIMATE SUMMARY FOR MARCH 27 2015...

CLIMATE NORMAL PERIOD 1981 TO 2010
CLIMATE RECORD PERIOD 9999 TO 9999


WEATHER ITEM   OBSERVED TIME   NORMAL DEPARTURE LAST
                VALUE   (LST)  VALUE  FROM      YEAR
                                      NORMAL
......................................................
TEMPERATURE (F)
 YESTERDAY
  MAXIMUM         33    144 PM  55    -22       52
  MINIMUM         20   1159 PM  35    -15       34
  AVERAGE         27            45    -18       43

PRECIPITATION (IN)
  YESTERDAY        T             0.09  -0.09     0.31
  MONTH TO DATE    0.76          2.26  -1.50     1.43
  SINCE MAR 1      0.76          2.26  -1.50     1.43
  SINCE JAN 1      2.49          5.88  -3.39     4.77

DEGREE DAYS
 HEATING
  YESTERDAY       38            20     18       22
  MONTH TO DATE  786           675    111      894
  SINCE MAR 1    786           675    111      894
  SINCE JUL 1   5864          5009    855     5856

 COOLING
  YESTERDAY        0             0      0        0
  MONTH TO DATE    0             0      0        0
  SINCE MAR 1      0             0      0        0
  SINCE JAN 1      0             0      0        0
......................................................


WIND (MPH)
  HIGHEST WIND SPEED    23   HIGHEST WIND DIRECTION     N (340)
  HIGHEST GUST SPEED    31   HIGHEST GUST DIRECTION     N (340)
  AVERAGE WIND SPEED    10.2


SKY COVER
  AVERAGE SKY COVER 0.5


WEATHER CONDITIONS
 THE FOLLOWING WEATHER WAS RECORDED YESTERDAY.
  LIGHT SNOW


RELATIVE HUMIDITY (PERCENT)
 HIGHEST    92           200 AM
 LOWEST     47           300 PM
 AVERAGE    70

..........................................................


THE LAFAYETTE IN CLIMATE NORMALS FOR TODAY
                         NORMAL
 MAXIMUM TEMPERATURE (F)   56
 MINIMUM TEMPERATURE (F)   35


SUNRISE AND SUNSET
MARCH 28 2015.........SUNRISE   738 AM EDT   SUNSET   808 PM EDT
MARCH 29 2015.........SUNRISE   737 AM EDT   SUNSET   809 PM EDT


-  INDICATES NEGATIVE NUMBERS.
R  INDICATES RECORD WAS SET OR TIED.
MM INDICATES DATA IS MISSING.
T  INDICATES TRACE AMOUNT.




$$
