000
CDUS43 KIND 040542
CLILAF


CLIMATE REPORT
NATIONAL WEATHER SERVICE INDIANAPOLIS IN
141 AM EDT WED MAY 4 2016


...................................

...THE LAFAYETTE IN CLIMATE SUMMARY FOR MAY 3 2016...

CLIMATE NORMAL PERIOD 1981 TO 2010
CLIMATE RECORD PERIOD 9999 TO 9999


WEATHER ITEM   OBSERVED TIME   NORMAL DEPARTURE LAST
                VALUE   (LST)  VALUE  FROM      YEAR
                                      NORMAL
......................................................
TEMPERATURE (F)
 YESTERDAY
  MAXIMUM         65    357 PM  69     -4       78
  MINIMUM         47    712 AM  46      1       50
  AVERAGE         56            58     -2       64

PRECIPITATION (IN)
  YESTERDAY        0.00          0.13  -0.13      T
  MONTH TO DATE    0.03          0.38  -0.35      T
  SINCE MAR 1      7.46          6.59   0.87     3.08
  SINCE JAN 1     10.19         10.21  -0.02     4.81

DEGREE DAYS
 HEATING
  YESTERDAY        9             8      1        1
  MONTH TO DATE   28            25      3       21
  SINCE MAR 1   1031          1181   -150     1308
  SINCE JUL 1   4839          5515   -676     6386

 COOLING
  YESTERDAY        0             1     -1        0
  MONTH TO DATE    0             3     -3        0
  SINCE MAR 1      2            16    -14        2
  SINCE JAN 1      2            16    -14        2
......................................................


WIND (MPH)
  HIGHEST WIND SPEED    15   HIGHEST WIND DIRECTION     N (340)
  HIGHEST GUST SPEED    21   HIGHEST GUST DIRECTION    NW (320)
  AVERAGE WIND SPEED     6.2


SKY COVER
  AVERAGE SKY COVER 0.8


WEATHER CONDITIONS
 THE FOLLOWING WEATHER WAS RECORDED YESTERDAY.
  NO SIGNIFICANT WEATHER WAS OBSERVED.


RELATIVE HUMIDITY (PERCENT)
 HIGHEST    93          1200 AM
 LOWEST     39           500 PM
 AVERAGE    66

..........................................................


THE LAFAYETTE IN CLIMATE NORMALS FOR TODAY
                         NORMAL
 MAXIMUM TEMPERATURE (F)   69
 MINIMUM TEMPERATURE (F)   47


SUNRISE AND SUNSET
MAY  4 2016...........SUNRISE   643 AM EDT   SUNSET   847 PM EDT
MAY  5 2016...........SUNRISE   641 AM EDT   SUNSET   848 PM EDT


-  INDICATES NEGATIVE NUMBERS.
R  INDICATES RECORD WAS SET OR TIED.
MM INDICATES DATA IS MISSING.
T  INDICATES TRACE AMOUNT.




$$
