000
CDUS43 KIND 010532
CLILAF


CLIMATE REPORT
NATIONAL WEATHER SERVICE INDIANAPOLIS IN
132 AM EDT MON SEP 1 2014


...................................

...THE LAFAYETTE IN CLIMATE SUMMARY FOR AUGUST 31 2014...

CLIMATE NORMAL PERIOD 1981 TO 2010
CLIMATE RECORD PERIOD 9999 TO 9999


WEATHER ITEM   OBSERVED TIME   NORMAL DEPARTURE LAST
                VALUE   (LST)  VALUE  FROM      YEAR
                                      NORMAL
......................................................
TEMPERATURE (F)
 YESTERDAY
  MAXIMUM         83    517 PM  83      0       87
  MINIMUM         67    210 AM  60      7       65
  AVERAGE         75            72      3       76

PRECIPITATION (IN)
  YESTERDAY        0.30          0.10   0.20      T
  MONTH TO DATE    4.03          3.46   0.57     2.09
  SINCE JUN 1     12.49         11.53   0.96     9.01
  SINCE JAN 1     25.32         25.55  -0.23    27.63

DEGREE DAYS
 HEATING
  YESTERDAY        0             0      0        0
  MONTH TO DATE    6             0      6       11
  SINCE JUN 1     30            28      2       38
  SINCE JUL 1     24             6     18       20

 COOLING
  YESTERDAY       10             7      3       11
  MONTH TO DATE  228           261    -33      223
  SINCE JUN 1    579           775   -196      625
  SINCE JAN 1    676           852   -176      726
......................................................


WIND (MPH)
  HIGHEST WIND SPEED    13   HIGHEST WIND DIRECTION    SW (220)
  HIGHEST GUST SPEED    17   HIGHEST GUST DIRECTION    SW (230)
  AVERAGE WIND SPEED     4.7


SKY COVER
  AVERAGE SKY COVER 0.7


WEATHER CONDITIONS
 THE FOLLOWING WEATHER WAS RECORDED YESTERDAY.
  THUNDERSTORM
  HEAVY RAIN
  LIGHT RAIN
  FOG


RELATIVE HUMIDITY (PERCENT)
 HIGHEST   100           500 AM
 LOWEST     69           300 PM
 AVERAGE    85

..........................................................


THE LAFAYETTE IN CLIMATE NORMALS FOR TODAY
                         NORMAL
 MAXIMUM TEMPERATURE (F)   83
 MINIMUM TEMPERATURE (F)   60


SUNRISE AND SUNSET
SEPTEMBER  1 2014.....SUNRISE   715 AM EDT   SUNSET   820 PM EDT
SEPTEMBER  2 2014.....SUNRISE   716 AM EDT   SUNSET   818 PM EDT


-  INDICATES NEGATIVE NUMBERS.
R  INDICATES RECORD WAS SET OR TIED.
MM INDICATES DATA IS MISSING.
T  INDICATES TRACE AMOUNT.




$$
