000
CDUS43 KIND 240531
CLILAF


CLIMATE REPORT
NATIONAL WEATHER SERVICE INDIANAPOLIS IN
130 AM EDT FRI OCT 24 2014


...................................

...THE LAFAYETTE IN CLIMATE SUMMARY FOR OCTOBER 23 2014...

CLIMATE NORMAL PERIOD 1981 TO 2010
CLIMATE RECORD PERIOD 9999 TO 9999


WEATHER ITEM   OBSERVED TIME   NORMAL DEPARTURE LAST
                VALUE   (LST)  VALUE  FROM      YEAR
                                      NORMAL
......................................................
TEMPERATURE (F)
 YESTERDAY
  MAXIMUM         58    323 PM  62     -4       46
  MINIMUM         34    702 AM  42     -8       32
  AVERAGE         46            52     -6       39

PRECIPITATION (IN)
  YESTERDAY        0.00          0.09  -0.09     0.16
  MONTH TO DATE    5.19          2.15   3.04     2.45
  SINCE SEP 1      9.99          4.81   5.18     6.38
  SINCE JAN 1     35.31         30.36   4.95    34.01

DEGREE DAYS
 HEATING
  YESTERDAY       19            13      6       26
  MONTH TO DATE  284           231     53      223
  SINCE SEP 1    410           310    100      282
  SINCE JUL 1    434           316    118      302

 COOLING
  YESTERDAY        0             0      0        0
  MONTH TO DATE    7            13     -6       31
  SINCE SEP 1     67           126    -59      158
  SINCE JAN 1    743           978   -235      884
......................................................


WIND (MPH)
  HIGHEST WIND SPEED    10   HIGHEST WIND DIRECTION    SW (210)
  HIGHEST GUST SPEED    14   HIGHEST GUST DIRECTION    SW (210)
  AVERAGE WIND SPEED     2.5


SKY COVER
  AVERAGE SKY COVER 0.0


WEATHER CONDITIONS
 THE FOLLOWING WEATHER WAS RECORDED YESTERDAY.
  FOG
  HAZE


RELATIVE HUMIDITY (PERCENT)
 HIGHEST   100           100 AM
 LOWEST     51           300 PM
 AVERAGE    76

..........................................................


THE LAFAYETTE IN CLIMATE NORMALS FOR TODAY
                         NORMAL
 MAXIMUM TEMPERATURE (F)   62
 MINIMUM TEMPERATURE (F)   41


SUNRISE AND SUNSET
OCTOBER 24 2014.......SUNRISE   808 AM EDT   SUNSET   655 PM EDT
OCTOBER 25 2014.......SUNRISE   810 AM EDT   SUNSET   653 PM EDT


-  INDICATES NEGATIVE NUMBERS.
R  INDICATES RECORD WAS SET OR TIED.
MM INDICATES DATA IS MISSING.
T  INDICATES TRACE AMOUNT.




$$
