000
CDUS43 KIND 140540
CLILAF


CLIMATE REPORT
NATIONAL WEATHER SERVICE INDIANAPOLIS IN
1240 AM EST SUN FEB 14 2016


...................................

...THE LAFAYETTE IN CLIMATE SUMMARY FOR FEBRUARY 13 2016...

CLIMATE NORMAL PERIOD 1981 TO 2010
CLIMATE RECORD PERIOD 9999 TO 9999


WEATHER ITEM   OBSERVED TIME   NORMAL DEPARTURE LAST
                VALUE   (LST)  VALUE  FROM      YEAR
                                      NORMAL
......................................................
TEMPERATURE (F)
 YESTERDAY
  MAXIMUM         19    436 PM  38    -19       28
  MINIMUM          4    820 AM  22    -18        6
  AVERAGE         12            30    -18       17

PRECIPITATION (IN)
  YESTERDAY        0.00          0.07  -0.07     0.00
  MONTH TO DATE    0.27          0.76  -0.49     0.34
  SINCE DEC 1      8.11          5.13   2.98     3.43
  SINCE JAN 1      1.35          2.62  -1.27     1.64

DEGREE DAYS
 HEATING
  YESTERDAY       53            35     18       48
  MONTH TO DATE  491           474     17      539
  SINCE DEC 1   2395          2741   -346     2840
  SINCE JUL 1   3344          3842   -498     4292

 COOLING
  YESTERDAY        0             0      0        0
  MONTH TO DATE    0             0      0        0
  SINCE DEC 1      0             0      0        0
  SINCE JAN 1      0             0      0        0
......................................................


WIND (MPH)
  HIGHEST WIND SPEED    16   HIGHEST WIND DIRECTION    NW (330)
  HIGHEST GUST SPEED    23   HIGHEST GUST DIRECTION    NW (320)
  AVERAGE WIND SPEED     8.5


SKY COVER
  AVERAGE SKY COVER 0.0


WEATHER CONDITIONS
 THE FOLLOWING WEATHER WAS RECORDED YESTERDAY.
  NO SIGNIFICANT WEATHER WAS OBSERVED.


RELATIVE HUMIDITY (PERCENT)
 HIGHEST    73          1100 PM
 LOWEST     37           200 PM
 AVERAGE    55

..........................................................


THE LAFAYETTE IN CLIMATE NORMALS FOR TODAY
                         NORMAL
 MAXIMUM TEMPERATURE (F)   38
 MINIMUM TEMPERATURE (F)   22


SUNRISE AND SUNSET
FEBRUARY 14 2016......SUNRISE   743 AM EST   SUNSET   621 PM EST
FEBRUARY 15 2016......SUNRISE   742 AM EST   SUNSET   622 PM EST


-  INDICATES NEGATIVE NUMBERS.
R  INDICATES RECORD WAS SET OR TIED.
MM INDICATES DATA IS MISSING.
T  INDICATES TRACE AMOUNT.




$$
