000
CDUS43 KGRR 310536
CLILAN


CLIMATE REPORT
NATIONAL WEATHER SERVICE GRAND RAPIDS, MI
133 AM EDT THU JUL 31 2014


...................................

...THE LANSING MI CLIMATE SUMMARY FOR JULY 30 2014...

CLIMATE NORMAL PERIOD 1981 TO 2010
CLIMATE RECORD PERIOD 1864 TO 2014


WEATHER ITEM   OBSERVED TIME   RECORD YEAR NORMAL DEPARTURE LAST
                VALUE   (LST)  VALUE       VALUE  FROM      YEAR
                                                  NORMAL
..................................................................
TEMPERATURE (F)
 YESTERDAY
  MAXIMUM         74        MM 101    1916  82     -8       80
  MINIMUM         53        MM  41    1965  61     -8       50
                                      1895
  AVERAGE         64                        71     -7       65

PRECIPITATION (IN)
  YESTERDAY        0.08          1.65 1959   0.09  -0.01     0.00
  MONTH TO DATE    4.86                      2.74   2.12     1.37
  SINCE JUN 1     11.26                      6.19   5.07     9.77
  SINCE JAN 1     22.47                     17.76   4.71    27.77

SNOWFALL (IN)
  YESTERDAY        0.0           0.0    MM   0.0    0.0      0.0
  MONTH TO DATE    0.0                       0.0    0.0      0.0
  SINCE JUN 1      0.0                       0.0    0.0      0.0
  SINCE JUL 1      0.0                       0.0    0.0      0.0
  SNOW DEPTH       0

DEGREE DAYS
 HEATING
  YESTERDAY        1                         0      1        0
  MONTH TO DATE   29                         2     27       16
  SINCE JUN 1     53                        57     -4       66
  SINCE JUL 1     29                         2     27       16

 COOLING
  YESTERDAY        0                         7     -7        0
  MONTH TO DATE  104                       210   -106      225
  SINCE JUN 1    251                       342    -91      358
  SINCE JAN 1    290                       383    -93      431
..................................................................


WIND (MPH)
  RESULTANT WIND SPEED   3   RESULTANT WIND DIRECTION   W (260)
  HIGHEST WIND SPEED     9   HIGHEST WIND DIRECTION    SW (240)
  HIGHEST GUST SPEED    23   HIGHEST GUST DIRECTION     W (250)
  AVERAGE WIND SPEED     4.1


SKY COVER
  AVERAGE SKY COVER 0.4


WEATHER CONDITIONS
 THE FOLLOWING WEATHER WAS RECORDED YESTERDAY.
  THUNDERSTORM
  HEAVY RAIN
  LIGHT RAIN
  FOG
  FOG W/VISIBILITY <= 1/4 MILE


RELATIVE HUMIDITY (PERCENT)
 HIGHEST   100           700 AM
 LOWEST     53           200 PM
 AVERAGE    77

..........................................................


THE LANSING MI CLIMATE NORMALS FOR TODAY
                         NORMAL    RECORD    YEAR
 MAXIMUM TEMPERATURE (F)   82        96      1955
                                             1917
 MINIMUM TEMPERATURE (F)   61        42      1918


SUNRISE AND SUNSET
JULY 31 2014..........SUNRISE   629 AM EDT   SUNSET   900 PM EDT
AUGUST  1 2014........SUNRISE   630 AM EDT   SUNSET   859 PM EDT


-  INDICATES NEGATIVE NUMBERS.
R  INDICATES RECORD WAS SET OR TIED.
MM INDICATES DATA IS MISSING.
T  INDICATES TRACE AMOUNT.




$$
