000
CDUS43 KGRR 011439
CLILAN


CLIMATE REPORT
NATIONAL WEATHER SERVICE GRAND RAPIDS, MI
937 AM EST SUN FEB 1 2015


...................................

...THE LANSING MI CLIMATE SUMMARY FOR FEBRUARY 1 2015...
VALID AS OF 0900 AM LOCAL TIME.
PRECIPITATION AND SNOWFALL VALID AS OF 0700 AM LOCAL TIME.

CLIMATE NORMAL PERIOD 1981 TO 2010
CLIMATE RECORD PERIOD 1864 TO 2015


WEATHER ITEM   OBSERVED TIME   RECORD YEAR NORMAL DEPARTURE LAST
                VALUE   (LST)  VALUE       VALUE  FROM      YEAR
                                                  NORMAL
..................................................................
TEMPERATURE (F)
 TODAY
  MAXIMUM         30   1203 AM  52    1968  31     -1       28
  MINIMUM         18    859 AM -16    1918  17      1       18
  AVERAGE         24                        24      0       23

PRECIPITATION (IN)
  TODAY            0.07          0.96 1968   0.04   0.03     0.37
  MONTH TO DATE    0.07                      0.04   0.03     0.37
  SINCE DEC 1      2.98                      3.56  -0.58     4.41
  SINCE JAN 1      1.42                      1.69  -0.27     2.53

SNOWFALL (IN)
  TODAY            1.1           6.2  1967   0.4    0.7      3.9
  MONTH TO DATE    1.1                       0.4    0.7      3.9
  SINCE DEC 1     13.8                      27.2  -13.4     43.2
  SINCE JUL 1     20.0                      31.0  -11.0     43.9
  SNOW DEPTH       4

DEGREE DAYS
 HEATING
  TODAY           41                        41      0       42
  MONTH TO DATE   41                        41      0       42
  SINCE DEC 1   2448                      2467    -19     2788
  SINCE JUL 1   4044                      3881    163     4234

 COOLING
  TODAY            0                         0      0        0
  MONTH TO DATE    0                         0      0        0
  SINCE DEC 1      0                         0      0        0
  SINCE JAN 1      0                         0      0        0
..................................................................


WIND (MPH)
  HIGHEST WIND SPEED    21   HIGHEST WIND DIRECTION    NE (40)
  HIGHEST GUST SPEED    25   HIGHEST GUST DIRECTION    NE (50)



WEATHER CONDITIONS
 THE FOLLOWING WEATHER WAS RECORDED TODAY.
  LIGHT SNOW
  FOG


..........................................................




SUNRISE AND SUNSET
FEBRUARY  1 2015......SUNRISE   753 AM EST   SUNSET   551 PM EST
FEBRUARY  2 2015......SUNRISE   752 AM EST   SUNSET   553 PM EST


-  INDICATES NEGATIVE NUMBERS.
R  INDICATES RECORD WAS SET OR TIED.
MM INDICATES DATA IS MISSING.
T  INDICATES TRACE AMOUNT.




$$

EBW
