895
CDUS43 KGRR 242228
CLILAN


CLIMATE REPORT
NATIONAL WEATHER SERVICE GRAND RAPIDS, MI
528 PM EST FRI NOV 24 2017


...................................

...THE LANSING MI CLIMATE SUMMARY FOR NOVEMBER 24 2017...
VALID TODAY AS OF 0500 PM LOCAL TIME.

CLIMATE NORMAL PERIOD 1981 TO 2010
CLIMATE RECORD PERIOD 1864 TO 2017


WEATHER ITEM   OBSERVED TIME   RECORD YEAR NORMAL DEPARTURE LAST
                VALUE   (LST)  VALUE       VALUE  FROM      YEAR
                                                  NORMAL
..................................................................
TEMPERATURE (F)
 TODAY
  MAXIMUM         57    208 PM  64    1931  43     14       44
  MINIMUM         32    351 AM  -1    1950  30      2       38
                                      1869
  AVERAGE         45                        36      9       41

PRECIPITATION (IN)
  TODAY            0.00          1.01 2014   0.09  -0.09     0.05
  MONTH TO DATE    3.24                      2.28   0.96     2.40
  SINCE SEP 1     12.91                      8.31   4.60     8.95
  SINCE JAN 1     38.21                     29.40   8.81    32.43

SNOWFALL (IN)
  TODAY            0.0           7.8  1949   0.1   -0.1      0.0
  MONTH TO DATE    0.4                       2.1   -1.7       T
  SINCE SEP 1      0.4                       2.5   -2.1       T
  SINCE JUL 1      0.4                       2.5   -2.1       T
  SNOW DEPTH       0

DEGREE DAYS
 HEATING
  TODAY           20                        29     -9       24
  MONTH TO DATE  662                       582     80      447
  SINCE SEP 1   1079                      1197   -118      837
  SINCE JUL 1   1108                      1232   -124      840

 COOLING
  TODAY            0                         0      0        0
  MONTH TO DATE    0                         0      0        0
  SINCE SEP 1    148                        68     80      103
  SINCE JAN 1    782                       625    157      869
..................................................................


WIND (MPH)
  RESULTANT WIND SPEED  13   RESULTANT WIND DIRECTION   S (200)
  HIGHEST WIND SPEED    24   HIGHEST WIND DIRECTION     S (200)
  HIGHEST GUST SPEED    32   HIGHEST GUST DIRECTION    SW (210)
  AVERAGE WIND SPEED    13.2


SKY COVER
  AVERAGE SKY COVER 0.0


WEATHER CONDITIONS
 THE FOLLOWING WEATHER WAS RECORDED TODAY.
  NO SIGNIFICANT WEATHER WAS OBSERVED.


RELATIVE HUMIDITY (PERCENT)
 HIGHEST    75           800 AM
 LOWEST     43           200 PM
 AVERAGE    59

..........................................................


THE LANSING MI CLIMATE NORMALS FOR TOMORROW
                         NORMAL    RECORD    YEAR
 MAXIMUM TEMPERATURE (F)   42        63      1908
 MINIMUM TEMPERATURE (F)   29        -2      1950


SUNRISE AND SUNSET
NOVEMBER 24 2017......SUNRISE   742 AM EST   SUNSET   508 PM EST
NOVEMBER 25 2017......SUNRISE   743 AM EST   SUNSET   508 PM EST


-  INDICATES NEGATIVE NUMBERS.
R  INDICATES RECORD WAS SET OR TIED.
MM INDICATES DATA IS MISSING.
T  INDICATES TRACE AMOUNT.




$$
