680
CDUS43 KGRR 050523
CLILAN


CLIMATE REPORT
NATIONAL WEATHER SERVICE GRAND RAPIDS, MI
1223 AM EST MON DEC 5 2016


...................................

...THE LANSING MI CLIMATE SUMMARY FOR DECEMBER 4 2016...

CLIMATE NORMAL PERIOD 1981 TO 2010
CLIMATE RECORD PERIOD 1864 TO 2016


WEATHER ITEM   OBSERVED TIME   RECORD YEAR NORMAL DEPARTURE LAST
                VALUE   (LST)  VALUE       VALUE  FROM      YEAR
                                                  NORMAL
..................................................................
TEMPERATURE (F)
 YESTERDAY
  MAXIMUM         37    240 PM  64    1941  38     -1       50
  MINIMUM         32   1159 PM -13    1886  26      6       31
  AVERAGE         35                        32      3       41

PRECIPITATION (IN)
  YESTERDAY        0.36          1.15 1887   0.07   0.29     0.00
  MONTH TO DATE    0.37                      0.28   0.09     0.10
  SINCE DEC 1      0.37                      0.28   0.09     0.10
  SINCE JAN 1     33.56                     30.18   3.38    31.90

SNOWFALL (IN)
  YESTERDAY        2.5           5.4  1964   0.3    2.2      0.0
  MONTH TO DATE    2.5                       1.3    1.2       T
  SINCE DEC 1      2.5                       1.3    1.2       T
  SINCE JUL 1      2.5                       5.1   -2.6      8.2
  SNOW DEPTH       0

DEGREE DAYS
 HEATING
  YESTERDAY       30                        33     -3       24
  MONTH TO DATE  113                       130    -17      108
  SINCE DEC 1    113                       130    -17      108
  SINCE JUL 1   1088                      1544   -456     1216

 COOLING
  YESTERDAY        0                         0      0        0
  MONTH TO DATE    0                         0      0        0
  SINCE DEC 1      0                         0      0        0
  SINCE JAN 1    869                       625    244      615
..................................................................


WIND (MPH)
  RESULTANT WIND SPEED   4   RESULTANT WIND DIRECTION  SE (150)
  HIGHEST WIND SPEED    15   HIGHEST WIND DIRECTION    SE (140)
  HIGHEST GUST SPEED    18   HIGHEST GUST DIRECTION    SE (140)
  AVERAGE WIND SPEED     5.9


SKY COVER
  AVERAGE SKY COVER 1.0


WEATHER CONDITIONS
 THE FOLLOWING WEATHER WAS RECORDED YESTERDAY.
  SNOW
  LIGHT SNOW
  FOG


RELATIVE HUMIDITY (PERCENT)
 HIGHEST    92          1100 PM
 LOWEST     59          1100 AM
 AVERAGE    76

..........................................................


THE LANSING MI CLIMATE NORMALS FOR TODAY
                         NORMAL    RECORD    YEAR
 MAXIMUM TEMPERATURE (F)   38        69      2001
 MINIMUM TEMPERATURE (F)   26       -11      1886


SUNRISE AND SUNSET
DECEMBER  5 2016......SUNRISE   754 AM EST   SUNSET   505 PM EST
DECEMBER  6 2016......SUNRISE   755 AM EST   SUNSET   504 PM EST


-  INDICATES NEGATIVE NUMBERS.
R  INDICATES RECORD WAS SET OR TIED.
MM INDICATES DATA IS MISSING.
T  INDICATES TRACE AMOUNT.




$$
