000
CDUS43 KGRR 032129
CLILAN


CLIMATE REPORT
NATIONAL WEATHER SERVICE GRAND RAPIDS, MI
527 PM EDT FRI JUL 3 2015


...................................

...THE LANSING MI CLIMATE SUMMARY FOR JULY 3 2015...
VALID TODAY AS OF 0500 PM LOCAL TIME.

CLIMATE NORMAL PERIOD 1981 TO 2010
CLIMATE RECORD PERIOD 1864 TO 2015


WEATHER ITEM   OBSERVED TIME   RECORD YEAR NORMAL DEPARTURE LAST
                VALUE   (LST)  VALUE       VALUE  FROM      YEAR
                                                  NORMAL
..................................................................
TEMPERATURE (F)
 TODAY
  MAXIMUM         76    306 PM  99    1966  82     -6       73
  MINIMUM         48    441 AM  43    1895  60    -12       50
  AVERAGE         62                        71     -9       62

PRECIPITATION (IN)
  TODAY            0.00          1.49 1932   0.09  -0.09     0.42
  MONTH TO DATE    0.00                      0.28  -0.28     0.83
  SINCE JUN 1      9.07                      3.73   5.34     7.23
  SINCE JAN 1     17.12                     15.30   1.82    18.44

SNOWFALL (IN)
  TODAY            0.0           0.0    MM   0.0    0.0      0.0
  MONTH TO DATE    0.0                       0.0    0.0      0.0
  SINCE JUN 1      0.0                       0.0    0.0      0.0
  SINCE JUL 1      0.0                       0.0    0.0      0.0
  SNOW DEPTH       0

DEGREE DAYS
 HEATING
  TODAY            3                         0      3        3
  MONTH TO DATE    5                         2      3        3
  SINCE JUN 1     41                        57    -16       27
  SINCE JUL 1      5                         2      3        3

 COOLING
  TODAY            0                         7     -7        0
  MONTH TO DATE    0                        21    -21       13
  SINCE JUN 1     87                       153    -66      160
  SINCE JAN 1    146                       194    -48      199
..................................................................


WIND (MPH)
  RESULTANT WIND SPEED   1   RESULTANT WIND DIRECTION  NE (60)
  HIGHEST WIND SPEED     9   HIGHEST WIND DIRECTION     N (20)
  HIGHEST GUST SPEED    10   HIGHEST GUST DIRECTION     N (20)
  AVERAGE WIND SPEED     1.7


SKY COVER
  AVERAGE SKY COVER 0.0


WEATHER CONDITIONS
 THE FOLLOWING WEATHER WAS RECORDED TODAY.
  NO SIGNIFICANT WEATHER WAS OBSERVED.


RELATIVE HUMIDITY (PERCENT)
 HIGHEST    93           600 AM
 LOWEST     38           200 PM
 AVERAGE    66

..........................................................


THE LANSING MI CLIMATE NORMALS FOR TOMORROW
                         NORMAL    RECORD    YEAR
 MAXIMUM TEMPERATURE (F)   82       100      2012
 MINIMUM TEMPERATURE (F)   60        37      1894


SUNRISE AND SUNSET
JULY  3 2015..........SUNRISE   605 AM EDT   SUNSET   920 PM EDT
JULY  4 2015..........SUNRISE   605 AM EDT   SUNSET   920 PM EDT


-  INDICATES NEGATIVE NUMBERS.
R  INDICATES RECORD WAS SET OR TIED.
MM INDICATES DATA IS MISSING.
T  INDICATES TRACE AMOUNT.




$$

63
