000
CDUS45 KCYS 050729
CLILAR


CLIMATE REPORT
NATIONAL WEATHER SERVICE CHEYENNE WY
128 AM MDT WED AUG 5 2015


...................................

...THE LARAMIE WY AIRPORT CLIMATE SUMMARY FOR AUGUST 4 2015...

CLIMATE NORMAL PERIOD 1981 TO 2010
CLIMATE RECORD PERIOD 1948 TO 2015


WEATHER ITEM   OBSERVED TIME   RECORD YEAR NORMAL DEPARTURE LAST
                VALUE   (LST)  VALUE       VALUE  FROM      YEAR
                                                  NORMAL
..................................................................
TEMPERATURE (F)
 YESTERDAY
  MAXIMUM         77    438 PM  91    1979  80     -3       76
  MINIMUM         50   1159 PM  33    1980  49      1       53
  AVERAGE         64                        64      0       65

PRECIPITATION (IN)
  YESTERDAY        0.02          0.80 1955   0.05  -0.03     0.03
  MONTH TO DATE    0.02                      0.19  -0.17     0.03
  SINCE JAN 1      8.58                      7.11   1.47     9.19

DEGREE DAYS
 HEATING
  YESTERDAY        1                         2     -1        0
  MONTH TO DATE    1                         8     -7       11
  SINCE JUN 1    199                       318   -119      308
  SINCE JUL 1     79                        77      2       66

 COOLING
  YESTERDAY        0                         1     -1        0
  MONTH TO DATE    7                         4      3        0
  SINCE JUN 1     41                        51    -10       65
  SINCE JAN 1     41                        51    -10       65
..................................................................


WIND (MPH)
  HIGHEST WIND SPEED    31   HIGHEST WIND DIRECTION     W (290)
  HIGHEST GUST SPEED    42   HIGHEST GUST DIRECTION    NW (300)
  AVERAGE WIND SPEED    13.0


SKY COVER
  AVERAGE SKY COVER 0.7


WEATHER CONDITIONS
 THE FOLLOWING WEATHER WAS RECORDED YESTERDAY.
  LIGHT RAIN


RELATIVE HUMIDITY (PERCENT)
 HIGHEST    93          1200 AM
 LOWEST     31           300 PM
 AVERAGE    62

..........................................................


THE LARAMIE WY AIRPORT CLIMATE NORMALS FOR TODAY
                         NORMAL    RECORD    YEAR
 MAXIMUM TEMPERATURE (F)   80        94      1979
 MINIMUM TEMPERATURE (F)   49        36      1980


SUNRISE AND SUNSET
AUGUST  5 2015........SUNRISE   602 AM MDT   SUNSET   815 PM MDT
AUGUST  6 2015........SUNRISE   603 AM MDT   SUNSET   814 PM MDT


-  INDICATES NEGATIVE NUMBERS.
R  INDICATES RECORD WAS SET OR TIED.
MM INDICATES DATA IS MISSING.
T  INDICATES TRACE AMOUNT.




$$
