000
CDUS45 KVEF 290827
CLILAS


CLIMATE REPORT
NATIONAL WEATHER SERVICE LAS VEGAS, NV
126 AM PDT SUN MAR 29 2015


...................................

...THE LAS VEGAS NV CLIMATE SUMMARY FOR MARCH 28 2015...

CLIMATE NORMAL PERIOD 1981 TO 2010
CLIMATE RECORD PERIOD 1937 TO 2015


WEATHER ITEM   OBSERVED TIME   RECORD YEAR NORMAL DEPARTURE LAST
                VALUE   (LST)  VALUE       VALUE  FROM      YEAR
                                                  NORMAL
..................................................................
TEMPERATURE (F)
 YESTERDAY
  MAXIMUM         91R   327 PM  89    1986  73     18       75
  MINIMUM         62    543 AM  31    1975  51     11       50
  AVERAGE         77                        62     15       63

PRECIPITATION (IN)
  YESTERDAY        0.00          0.39 1973   0.01  -0.01     0.00
  MONTH TO DATE    0.28                      0.41  -0.13     0.00
  SINCE OCT 1      1.99                      2.84  -0.85     1.72
  SINCE JAN 1      1.69                      1.71  -0.02     0.30

SNOWFALL (IN)
  YESTERDAY        0.0           T    1973   0.0    0.0      0.0
  MONTH TO DATE    0.0                       0.0    0.0      0.0
  SINCE MAR 1      0.0                       0.0    0.0      0.0
  SINCE JUL 1      T                         0.3   -0.3      0.0
  SNOW DEPTH       0

DEGREE DAYS
 HEATING
  YESTERDAY        0                         4     -4        2
  MONTH TO DATE   76                       177   -101       81
  SINCE MAR 1     76                       177   -101       81
  SINCE JUL 1   1183                      1868   -685     1467

 COOLING
  YESTERDAY       12                         2     10        0
  MONTH TO DATE  103                        22     81       27
  SINCE MAR 1    103                        22     81       27
  SINCE JAN 1    113                        23     90       30
..................................................................


WIND (MPH)
  RESULTANT WIND SPEED   8   RESULTANT WIND DIRECTION   S (200)
  HIGHEST WIND SPEED    20   HIGHEST WIND DIRECTION    SW (210)
  HIGHEST GUST SPEED    28   HIGHEST GUST DIRECTION    SW (210)
  AVERAGE WIND SPEED     8.8


SKY COVER
  POSSIBLE SUNSHINE  MM
  AVERAGE SKY COVER 0.0


WEATHER CONDITIONS
 THE FOLLOWING WEATHER WAS RECORDED YESTERDAY.
  NO SIGNIFICANT WEATHER WAS OBSERVED.


RELATIVE HUMIDITY (PERCENT)
 HIGHEST    27           400 AM
 LOWEST      4           500 PM
 AVERAGE    16

..........................................................


THE LAS VEGAS NV CLIMATE NORMALS FOR TODAY
                         NORMAL    RECORD    YEAR
 MAXIMUM TEMPERATURE (F)   74        86      1966
 MINIMUM TEMPERATURE (F)   52        33      1975
                                             1944


SUNRISE AND SUNSET
MARCH 29 2015.........SUNRISE   632 AM PDT   SUNSET   700 PM PDT
MARCH 30 2015.........SUNRISE   630 AM PDT   SUNSET   701 PM PDT


-  INDICATES NEGATIVE NUMBERS.
R  INDICATES RECORD WAS SET OR TIED.
MM INDICATES DATA IS MISSING.
T  INDICATES TRACE AMOUNT.




$$
