245
CDUS45 KVEF 230826
CLILAS


CLIMATE REPORT
NATIONAL WEATHER SERVICE LAS VEGAS, NV
126 AM PDT THU MAR 23 2017


...................................

...THE LAS VEGAS NV CLIMATE SUMMARY FOR MARCH 22 2017...

CLIMATE NORMAL PERIOD 1981 TO 2010
CLIMATE RECORD PERIOD 1937 TO 2017


WEATHER ITEM   OBSERVED TIME   RECORD YEAR NORMAL DEPARTURE LAST
                VALUE   (LST)  VALUE       VALUE  FROM      YEAR
                                                  NORMAL
..................................................................
TEMPERATURE (F)
 YESTERDAY
  MAXIMUM         72    302 PM  91    2004  72      0       69
  MINIMUM         55   1159 PM  28    1948  50      5       55
  AVERAGE         64                        61      3       62

PRECIPITATION (IN)
  YESTERDAY        0.00          0.69 1954   0.01  -0.01     0.00
  MONTH TO DATE    T                         0.36  -0.36      T
  SINCE OCT 1      2.52                      2.79  -0.27     1.96
  SINCE JAN 1      1.46                      1.66  -0.20     0.55

SNOWFALL (IN)
  YESTERDAY        0.0           T    1992   0.0    0.0      0.0
                                      1973
  MONTH TO DATE    0.0                       0.0    0.0      0.0
  SINCE MAR 1      0.0                       0.0    0.0      0.0
  SINCE JUL 1      0.0                       0.3   -0.3       T
  SNOW DEPTH       0

DEGREE DAYS
 HEATING
  YESTERDAY        1                         5     -4        3
  MONTH TO DATE   67                       149    -82       39
  SINCE MAR 1     67                       149    -82       39
  SINCE JUL 1   1439                      1840   -401     1618

 COOLING
  YESTERDAY        0                         1     -1        0
  MONTH TO DATE  108                        14     94       51
  SINCE MAR 1    108                        14     94       51
  SINCE JAN 1    111                        15     96       60
..................................................................


WIND (MPH)
  RESULTANT WIND SPEED  13   RESULTANT WIND DIRECTION  SW (210)
  HIGHEST WIND SPEED    24   HIGHEST WIND DIRECTION    SW (230)
  HIGHEST GUST SPEED    32   HIGHEST GUST DIRECTION    SW (230)
  AVERAGE WIND SPEED    13.5


SKY COVER
  POSSIBLE SUNSHINE  MM
  AVERAGE SKY COVER 0.7


WEATHER CONDITIONS
 THE FOLLOWING WEATHER WAS RECORDED YESTERDAY.
  NO SIGNIFICANT WEATHER WAS OBSERVED.


RELATIVE HUMIDITY (PERCENT)
 HIGHEST    48           400 AM
 LOWEST     12           400 PM
 AVERAGE    30

..........................................................


THE LAS VEGAS NV CLIMATE NORMALS FOR TODAY
                         NORMAL    RECORD    YEAR
 MAXIMUM TEMPERATURE (F)   72        89      2004
                                             1940
 MINIMUM TEMPERATURE (F)   51        32      1938


SUNRISE AND SUNSET
MARCH 23 2017.........SUNRISE   639 AM PDT   SUNSET   655 PM PDT
MARCH 24 2017.........SUNRISE   638 AM PDT   SUNSET   656 PM PDT


-  INDICATES NEGATIVE NUMBERS.
R  INDICATES RECORD WAS SET OR TIED.
MM INDICATES DATA IS MISSING.
T  INDICATES TRACE AMOUNT.




$$
