000
CDUS45 KVEF 230829
CLILAS


CLIMATE REPORT
NATIONAL WEATHER SERVICE LAS VEGAS, NV
128 AM PDT SUN APR 23 2017


...................................

...THE LAS VEGAS NV CLIMATE SUMMARY FOR APRIL 22 2017...

CLIMATE NORMAL PERIOD 1981 TO 2010
CLIMATE RECORD PERIOD 1937 TO 2017


WEATHER ITEM   OBSERVED TIME   RECORD YEAR NORMAL DEPARTURE LAST
                VALUE   (LST)  VALUE       VALUE  FROM      YEAR
                                                  NORMAL
..................................................................
TEMPERATURE (F)
 YESTERDAY
  MAXIMUM         84    437 PM  99    2012  80      4       91
  MINIMUM         62    530 AM  33    1963  58      4       65
  AVERAGE         73                        69      4       78

PRECIPITATION (IN)
  YESTERDAY        0.00          0.11 1955   0.00   0.00     0.00
  MONTH TO DATE    0.04                      0.12  -0.08     1.03
  SINCE OCT 1      2.57                      2.99  -0.42     2.99
  SINCE JAN 1      1.51                      1.86  -0.35     1.58

SNOWFALL (IN)
  YESTERDAY        0.0           0.0    MM   0.0    0.0      0.0
  MONTH TO DATE    0.0                       0.0    0.0      0.0
  SINCE MAR 1      0.0                       0.0    0.0      0.0
  SINCE JUL 1      0.0                       0.3   -0.3       T
  SNOW DEPTH       0

DEGREE DAYS
 HEATING
  YESTERDAY        0                         1     -1        0
  MONTH TO DATE    9                        56    -47       17
  SINCE MAR 1     91                       245   -154       95
  SINCE JUL 1   1463                      1936   -473     1674

 COOLING
  YESTERDAY        8                         5      3       13
  MONTH TO DATE  106                        75     31      130
  SINCE MAR 1    214                       105    109      185
  SINCE JAN 1    217                       106    111      194
..................................................................


WIND (MPH)
  RESULTANT WIND SPEED   5   RESULTANT WIND DIRECTION  NE (50)
  HIGHEST WIND SPEED    17   HIGHEST WIND DIRECTION     E (70)
  HIGHEST GUST SPEED    21   HIGHEST GUST DIRECTION    NE (60)
  AVERAGE WIND SPEED     6.7


SKY COVER
  POSSIBLE SUNSHINE  MM
  AVERAGE SKY COVER 0.5


WEATHER CONDITIONS
 THE FOLLOWING WEATHER WAS RECORDED YESTERDAY.
  NO SIGNIFICANT WEATHER WAS OBSERVED.


RELATIVE HUMIDITY (PERCENT)
 HIGHEST    20          1000 PM
 LOWEST      8           300 PM
 AVERAGE    14

..........................................................


THE LAS VEGAS NV CLIMATE NORMALS FOR TODAY
                         NORMAL    RECORD    YEAR
 MAXIMUM TEMPERATURE (F)   81        98      2012
                                             1949
 MINIMUM TEMPERATURE (F)   58        36      1937


SUNRISE AND SUNSET
APRIL 23 2017.........SUNRISE   557 AM PDT   SUNSET   721 PM PDT
APRIL 24 2017.........SUNRISE   556 AM PDT   SUNSET   722 PM PDT


-  INDICATES NEGATIVE NUMBERS.
R  INDICATES RECORD WAS SET OR TIED.
MM INDICATES DATA IS MISSING.
T  INDICATES TRACE AMOUNT.




$$
