000
CDUS45 KVEF 310833
CLILAS


CLIMATE REPORT
NATIONAL WEATHER SERVICE LAS VEGAS, NV
133 AM PDT THU JUL 31 2014


...................................

...THE LAS VEGAS NV CLIMATE SUMMARY FOR JULY 30 2014...

CLIMATE NORMAL PERIOD 1981 TO 2010
CLIMATE RECORD PERIOD 1937 TO 2014


WEATHER ITEM   OBSERVED TIME   RECORD YEAR NORMAL DEPARTURE LAST
                VALUE   (LST)  VALUE       VALUE  FROM      YEAR
                                                  NORMAL
..................................................................
TEMPERATURE (F)
 YESTERDAY
  MAXIMUM        106    203 PM 114    1978 104      2      104
                                      1977
  MINIMUM         83    506 AM  64    1941  81      2       82
  AVERAGE         95                        93      2       93

PRECIPITATION (IN)
  YESTERDAY        0.00          0.30 1966   0.01  -0.01     0.00
  MONTH TO DATE    0.22                      0.38  -0.16     0.30
  SINCE OCT 1      1.94                      3.59  -1.65     2.34
  SINCE JAN 1      0.52                      2.46  -1.94     0.91

SNOWFALL (IN)
  YESTERDAY        0.0           0.0    MM   0.0    0.0      0.0
  MONTH TO DATE    0.0                       0.0    0.0      0.0
  SINCE JUN 1      0.0                       0.0    0.0      0.0
  SINCE JUL 1      0.0                       0.0    0.0      0.0
  SNOW DEPTH       0

DEGREE DAYS
 HEATING
  YESTERDAY        0                         0      0        0
  MONTH TO DATE    0                         0      0        0
  SINCE JUN 1      0                         1     -1        0
  SINCE JUL 1      0                         0      0        0

 COOLING
  YESTERDAY       30                        28      2       28
  MONTH TO DATE  867                       827     40      885
  SINCE JUN 1   1608                      1477    131     1689
  SINCE JAN 1   2266                      2027    239     2379
..................................................................


WIND (MPH)
  RESULTANT WIND SPEED   3   RESULTANT WIND DIRECTION  SW (240)
  HIGHEST WIND SPEED    23   HIGHEST WIND DIRECTION    NW (320)
  HIGHEST GUST SPEED    30   HIGHEST GUST DIRECTION    NW (320)
  AVERAGE WIND SPEED     6.8


SKY COVER
  POSSIBLE SUNSHINE  MM
  AVERAGE SKY COVER 0.3


WEATHER CONDITIONS
 THE FOLLOWING WEATHER WAS RECORDED YESTERDAY.
  THUNDERSTORM


RELATIVE HUMIDITY (PERCENT)
 HIGHEST    40           500 AM
 LOWEST     13           300 PM
 AVERAGE    27

..........................................................


THE LAS VEGAS NV CLIMATE NORMALS FOR TODAY
                         NORMAL    RECORD    YEAR
 MAXIMUM TEMPERATURE (F)  104       115      1978
                                             1977
                                             1938
 MINIMUM TEMPERATURE (F)   81        65      1940


SUNRISE AND SUNSET
JULY 31 2014..........SUNRISE   547 AM PDT   SUNSET   746 PM PDT
AUGUST  1 2014........SUNRISE   548 AM PDT   SUNSET   746 PM PDT


-  INDICATES NEGATIVE NUMBERS.
R  INDICATES RECORD WAS SET OR TIED.
MM INDICATES DATA IS MISSING.
T  INDICATES TRACE AMOUNT.




$$
