000
CDUS46 KLOX 110906
CLILAX


CLIMATE REPORT
NATIONAL WEATHER SERVICE LOS ANGELES/OXNARD CA
106 AM PST THU FEB 11 2016


...................................

...THE LOS ANGELES INTL AIRPORT CA CLIMATE SUMMARY FOR FEBRUARY 10 2016...

CLIMATE NORMAL PERIOD 1981 TO 2010
CLIMATE RECORD PERIOD 1944 TO 2016


WEATHER ITEM   OBSERVED TIME   RECORD YEAR NORMAL DEPARTURE LAST
                VALUE   (LST)  VALUE       VALUE  FROM      YEAR
                                                  NORMAL
..................................................................
TEMPERATURE (F)
 YESTERDAY
  MAXIMUM         85R  1248 PM  83    1988  64     21       72
  MINIMUM         60    318 AM  38    1946  50     10       51
  AVERAGE         73                        57     16       62

PRECIPITATION (IN)
  YESTERDAY        0.00          2.50 1963   0.11  -0.11     0.00
  MONTH TO DATE    0.00                      1.09  -1.09      T
  SINCE OCT 1      4.18                      7.52  -3.34     5.95
  SINCE JAN 1      2.94                      3.80  -0.86     1.25

SNOWFALL (IN)
  YESTERDAY        0.0
  MONTH TO DATE    0.0
  SINCE DEC 1      0.0
  SINCE JUL 1      0.0

DEGREE DAYS
 HEATING
  YESTERDAY        0                         8     -8        3
  MONTH TO DATE   48                        80    -32       48
  SINCE DEC 1    527                       602    -75      415
  SINCE JUL 1    638                       784   -146      457

 COOLING
  YESTERDAY        8                         0      8        0
  MONTH TO DATE   25                         0     25        0
  SINCE DEC 1     31                         5     26        9
  SINCE JAN 1     25                         4     21        7
..................................................................


WIND (MPH)
  HIGHEST WIND SPEED    15   HIGHEST WIND DIRECTION     W (270)
  HIGHEST GUST SPEED    17   HIGHEST GUST DIRECTION     W (270)
  AVERAGE WIND SPEED     4.9


SKY COVER
  POSSIBLE SUNSHINE  MM
  AVERAGE SKY COVER 0.2


WEATHER CONDITIONS
 THE FOLLOWING WEATHER WAS RECORDED YESTERDAY.
  NO SIGNIFICANT WEATHER WAS OBSERVED.


RELATIVE HUMIDITY (PERCENT)
 HIGHEST    51           400 PM
 LOWEST     12          1200 PM
 AVERAGE    32

..........................................................


THE LOS ANGELES INTL AIRPORT CA CLIMATE NORMALS FOR TODAY
                         NORMAL    RECORD    YEAR
 MAXIMUM TEMPERATURE (F)   64        88      1988
 MINIMUM TEMPERATURE (F)   50        37      1999


SUNRISE AND SUNSET
FEBRUARY 11 2016......SUNRISE   642 AM PST   SUNSET   534 PM PST
FEBRUARY 12 2016......SUNRISE   642 AM PST   SUNSET   535 PM PST


-  INDICATES NEGATIVE NUMBERS.
R  INDICATES RECORD WAS SET OR TIED.
MM INDICATES DATA IS MISSING.
T  INDICATES TRACE AMOUNT.




$$
