000
CDUS46 KLOX 110115
CLILAX


CLIMATE REPORT
NATIONAL WEATHER SERVICE LOS ANGELES/OXNARD CA
615 PM PDT THU JUL 10 2014


...................................

...THE LOS ANGELES AIRPORT CLIMATE SUMMARY FOR JULY 10 2014...
VALID TODAY AS OF 0600 PM LOCAL TIME.

CLIMATE NORMAL PERIOD 1981 TO 2010
CLIMATE RECORD PERIOD 1944 TO 2014


WEATHER ITEM   OBSERVED TIME   RECORD YEAR NORMAL DEPARTURE LAST
                VALUE   (LST)  VALUE       VALUE  FROM      YEAR
                                                  NORMAL
..................................................................
TEMPERATURE (F)
 TODAY
  MAXIMUM         76   1258 PM  97    1959  74      2       77
  MINIMUM         67    339 AM  57    1952  63      4       66
  AVERAGE         72                        68      4       72

PRECIPITATION (IN)
  TODAY            0.00          0.03 1957   0.00   0.00      T
  MONTH TO DATE    0.00                      0.01  -0.01      T
  SINCE JUL 1      0.00                      0.01  -0.01      T
  SINCE JAN 1      3.41                      8.82  -5.41     2.61

SNOWFALL (IN)
  TODAY            0.0
  MONTH TO DATE    0.0
  SINCE JUN 1      0.0
  SINCE JUL 1      0.0

DEGREE DAYS
 HEATING
  TODAY            0                         0      0        0
  MONTH TO DATE    0                         0      0        0
  SINCE JUN 1      1                        25    -24        0
  SINCE JUL 1      0                         0      0        0

 COOLING
  TODAY            7                         4      3        7
  MONTH TO DATE   72                        32     40       57
  SINCE JUN 1    159                        74     85      150
  SINCE JAN 1    370                       114    256      231
..................................................................


WIND (MPH)
  HIGHEST WIND SPEED    20   HIGHEST WIND DIRECTION     W (280)
  HIGHEST GUST SPEED    25   HIGHEST GUST DIRECTION     W (280)
  AVERAGE WIND SPEED     8.1


SKY COVER
  POSSIBLE SUNSHINE  MM
  AVERAGE SKY COVER 0.7


WEATHER CONDITIONS
 THE FOLLOWING WEATHER WAS RECORDED TODAY.
  NO SIGNIFICANT WEATHER WAS OBSERVED.


RELATIVE HUMIDITY (PERCENT)
 HIGHEST    81          1200 AM
 LOWEST     60          1200 PM
 AVERAGE    71

..........................................................


THE LOS ANGELES AIRPORT CLIMATE NORMALS FOR TOMORROW
                         NORMAL    RECORD    YEAR
 MAXIMUM TEMPERATURE (F)   74        93      1959
 MINIMUM TEMPERATURE (F)   64        56      1952


SUNRISE AND SUNSET
JULY 10 2014..........SUNRISE   551 AM PDT   SUNSET   807 PM PDT
JULY 11 2014..........SUNRISE   551 AM PDT   SUNSET   807 PM PDT


-  INDICATES NEGATIVE NUMBERS.
R  INDICATES RECORD WAS SET OR TIED.
MM INDICATES DATA IS MISSING.
T  INDICATES TRACE AMOUNT.




$$
