000
CDUS46 KLOX 270114
CLILAX


CLIMATE REPORT
NATIONAL WEATHER SERVICE LOS ANGELES/OXNARD CA
614 PM PDT THU MAY 26 2016


...................................

...THE LOS ANGELES AIRPORT CLIMATE SUMMARY FOR MAY 26 2016...
VALID TODAY AS OF 0600 PM LOCAL TIME.

CLIMATE NORMAL PERIOD 1981 TO 2010
CLIMATE RECORD PERIOD 1944 TO 2016


WEATHER ITEM   OBSERVED TIME   RECORD YEAR NORMAL DEPARTURE LAST
                VALUE   (LST)  VALUE       VALUE  FROM      YEAR
                                                  NORMAL
..................................................................
TEMPERATURE (F)
 TODAY
  MAXIMUM         69   1233 PM  85    1968  68      1       66
  MINIMUM         55    352 AM  49    1980  58     -3       58
                                      1953
  AVERAGE         62                        63     -1       62

PRECIPITATION (IN)
  TODAY            0.00          T    2001   0.01  -0.01     0.00
                                      1992
                                      1985
  MONTH TO DATE    0.59                      0.20   0.39     0.43
  SINCE OCT 1      7.25                     12.43  -5.18     7.25
  SINCE JAN 1      6.01                      8.71  -2.70     2.55

SNOWFALL (IN)
  TODAY            0.0
  MONTH TO DATE    0.0
  SINCE MAR 1      0.0
  SINCE JUL 1      0.0

DEGREE DAYS
 HEATING
  TODAY            3                         2      1        3
  MONTH TO DATE   57                        76    -19      101
  SINCE MAR 1    259                       455   -196      268
  SINCE JUL 1    955                      1384   -429      801

 COOLING
  TODAY            0                         0      0        0
  MONTH TO DATE    1                         4     -3        0
  SINCE MAR 1     36                        21     15       86
  SINCE JAN 1     93                        30     63      113
..................................................................


WIND (MPH)
  HIGHEST WIND SPEED    20   HIGHEST WIND DIRECTION     W (270)
  HIGHEST GUST SPEED    24   HIGHEST GUST DIRECTION     W (260)
  AVERAGE WIND SPEED     8.4


SKY COVER
  POSSIBLE SUNSHINE  MM
  AVERAGE SKY COVER 0.4


WEATHER CONDITIONS
 THE FOLLOWING WEATHER WAS RECORDED TODAY.
  NO SIGNIFICANT WEATHER WAS OBSERVED.


RELATIVE HUMIDITY (PERCENT)
 HIGHEST    86          1200 AM
 LOWEST     55          1200 PM
 AVERAGE    71

..........................................................


THE LOS ANGELES AIRPORT CLIMATE NORMALS FOR TOMORROW
                         NORMAL    RECORD    YEAR
 MAXIMUM TEMPERATURE (F)   68        83      1968
 MINIMUM TEMPERATURE (F)   58        50      1953
                                             1946
                                             1945


SUNRISE AND SUNSET
MAY 26 2016...........SUNRISE   546 AM PDT   SUNSET   756 PM PDT
MAY 27 2016...........SUNRISE   545 AM PDT   SUNSET   757 PM PDT


-  INDICATES NEGATIVE NUMBERS.
R  INDICATES RECORD WAS SET OR TIED.
MM INDICATES DATA IS MISSING.
T  INDICATES TRACE AMOUNT.




$$
