000
CDUS46 KLOX 190129
CLILAX


CLIMATE REPORT
NATIONAL WEATHER SERVICE LOS ANGELES/OXNARD CA
528 PM PST SAT NOV 18 2017


...................................

...THE LOS ANGELES AIRPORT CLIMATE SUMMARY FOR NOVEMBER 18 2017...
VALID TODAY AS OF 0500 PM LOCAL TIME.

CLIMATE NORMAL PERIOD 1981 TO 2010
CLIMATE RECORD PERIOD 1944 TO 2017


WEATHER ITEM   OBSERVED TIME   RECORD YEAR NORMAL DEPARTURE LAST
                VALUE   (LST)  VALUE       VALUE  FROM      YEAR
                                                  NORMAL
..................................................................
TEMPERATURE (F)
 TODAY
  MAXIMUM         76   1126 AM  88    1989  69      7       77
  MINIMUM         55    447 AM  41    1964  53      2       55
                                      1945
  AVERAGE         66                        60      6       66

PRECIPITATION (IN)
  TODAY            0.00          0.28 1973   0.04  -0.04     0.00
  MONTH TO DATE    0.09                      0.58  -0.49     0.00
  SINCE OCT 1      0.09                      1.14  -1.05     0.36
  SINCE JAN 1     12.24                     10.24   2.00     6.38

SNOWFALL (IN)
  TODAY            0.0
  MONTH TO DATE    0.0
  SINCE SEP 1      0.0
  SINCE JUL 1      0.0

DEGREE DAYS
 HEATING
  TODAY            0                         5     -5        0
  MONTH TO DATE   16                        66    -50       12
  SINCE SEP 1     17                       106    -89       15
  SINCE JUL 1     17                       110    -93       15

 COOLING
  TODAY            1                         1      0        1
  MONTH TO DATE    9                        18     -9       78
  SINCE SEP 1    421                       203    218      379
  SINCE JAN 1    985                       549    436      961
..................................................................


WIND (MPH)
  HIGHEST WIND SPEED    21   HIGHEST WIND DIRECTION     W (270)
  HIGHEST GUST SPEED    23   HIGHEST GUST DIRECTION     W (270)
  AVERAGE WIND SPEED     5.3


SKY COVER
  POSSIBLE SUNSHINE  MM
  AVERAGE SKY COVER 0.2


WEATHER CONDITIONS
 THE FOLLOWING WEATHER WAS RECORDED TODAY.
  NO SIGNIFICANT WEATHER WAS OBSERVED.


RELATIVE HUMIDITY (PERCENT)
 HIGHEST    93           400 AM
 LOWEST     46          1100 AM
 AVERAGE    70

..........................................................


THE LOS ANGELES AIRPORT CLIMATE NORMALS FOR TOMORROW
                         NORMAL    RECORD    YEAR
 MAXIMUM TEMPERATURE (F)   68        90      1989
 MINIMUM TEMPERATURE (F)   52        38      1964


SUNRISE AND SUNSET
NOVEMBER 18 2017......SUNRISE   629 AM PST   SUNSET   448 PM PST
NOVEMBER 19 2017......SUNRISE   630 AM PST   SUNSET   448 PM PST


-  INDICATES NEGATIVE NUMBERS.
R  INDICATES RECORD WAS SET OR TIED.
MM INDICATES DATA IS MISSING.
T  INDICATES TRACE AMOUNT.




$$
