000
CDUS46 KLOX 040114
CLILAX


CLIMATE REPORT
NATIONAL WEATHER SERVICE LOS ANGELES/OXNARD CA
514 PM PST TUE MAR 3 2015


...................................

...THE LOS ANGELES AIRPORT CLIMATE SUMMARY FOR MARCH 3 2015...
VALID TODAY AS OF 0500 PM LOCAL TIME.

CLIMATE NORMAL PERIOD 1981 TO 2010
CLIMATE RECORD PERIOD 1944 TO 2015


WEATHER ITEM   OBSERVED TIME   RECORD YEAR NORMAL DEPARTURE LAST
                VALUE   (LST)  VALUE       VALUE  FROM      YEAR
                                                  NORMAL
..................................................................
TEMPERATURE (F)
 TODAY
  MAXIMUM         63   1142 AM  78    1972  64     -1       64
  MINIMUM         47    543 AM  41    1953  51     -4       52
  AVERAGE         55                        58     -3       58

PRECIPITATION (IN)
  TODAY            0.07          0.90 1980   0.08  -0.01     0.00
  MONTH TO DATE    0.49                      0.26   0.23     0.35
  SINCE OCT 1      6.71                      9.94  -3.23     4.15
  SINCE JAN 1      2.01                      6.22  -4.21     3.14

SNOWFALL (IN)
  TODAY           MM
  MONTH TO DATE    0.0
  SINCE MAR 1      0.0
  SINCE JUL 1      0.0

DEGREE DAYS
 HEATING
  TODAY           10                         8      2        7
  MONTH TO DATE   29                        24      5       19
  SINCE MAR 1     29                        24      5       19
  SINCE JUL 1    562                       953   -391      574

 COOLING
  TODAY            0                         0      0        0
  MONTH TO DATE    0                         0      0        0
  SINCE MAR 1      0                         0      0        0
  SINCE JAN 1     27                         9     18       16
..................................................................


WIND (MPH)
  HIGHEST WIND SPEED    21   HIGHEST WIND DIRECTION     W (260)
  HIGHEST GUST SPEED    24   HIGHEST GUST DIRECTION     W (280)
  AVERAGE WIND SPEED     8.1


SKY COVER
  POSSIBLE SUNSHINE  MM
  AVERAGE SKY COVER 0.4


WEATHER CONDITIONS
 THE FOLLOWING WEATHER WAS RECORDED TODAY.
  HEAVY RAIN
  FOG


RELATIVE HUMIDITY (PERCENT)
 HIGHEST    83           200 AM
 LOWEST     46          1100 AM
 AVERAGE    65

..........................................................


THE LOS ANGELES AIRPORT CLIMATE NORMALS FOR TOMORROW
                         NORMAL    RECORD    YEAR
 MAXIMUM TEMPERATURE (F)   64        87      2012
 MINIMUM TEMPERATURE (F)   51        38      1951


SUNRISE AND SUNSET
MARCH  3 2015.........SUNRISE   620 AM PST   SUNSET   552 PM PST
MARCH  4 2015.........SUNRISE   619 AM PST   SUNSET   552 PM PST


-  INDICATES NEGATIVE NUMBERS.
R  INDICATES RECORD WAS SET OR TIED.
MM INDICATES DATA IS MISSING.
T  INDICATES TRACE AMOUNT.




$$
