000
CDUS46 KLOX 250858
CLILAX


CLIMATE REPORT
NATIONAL WEATHER SERVICE LOS ANGELES/OXNARD CA
1258 AM PST THU DEC 25 2014


...................................

...THE LOS ANGELES INTL AIRPORT CA CLIMATE SUMMARY FOR DECEMBER 24 2014...

CLIMATE NORMAL PERIOD 1981 TO 2010
CLIMATE RECORD PERIOD 1944 TO 2014


WEATHER ITEM   OBSERVED TIME   RECORD YEAR NORMAL DEPARTURE LAST
                VALUE   (LST)  VALUE       VALUE  FROM      YEAR
                                                  NORMAL
..................................................................
TEMPERATURE (F)
 YESTERDAY
  MAXIMUM         73   1216 PM  84    1950  64      9       78
  MINIMUM         57    702 AM  35    1948  48      9       53
  AVERAGE         65                        56      9       66

PRECIPITATION (IN)
  YESTERDAY        0.00          1.60 1971   0.07  -0.07     0.00
  MONTH TO DATE    3.73                      1.46   2.27     0.30
  SINCE JUL 1      4.58                      3.42   1.16     1.04
  SINCE JAN 1      7.99                     12.23  -4.24     3.65

SNOWFALL (IN)
  YESTERDAY        0.0
  MONTH TO DATE    0.0
  SINCE DEC 1      0.0
  SINCE JUL 1      0.0

DEGREE DAYS
 HEATING
  YESTERDAY        0                         9     -9        0
  MONTH TO DATE  117                       201    -84      172
  SINCE DEC 1    117                       201    -84      172
  SINCE JUL 1    159                       383   -224      272

 COOLING
  YESTERDAY        0                         0      0        1
  MONTH TO DATE    2                         0      2       13
  SINCE DEC 1      2                         0      2       13
  SINCE JAN 1   1176                       550    626      715
..................................................................


WIND (MPH)
  HIGHEST WIND SPEED    14   HIGHEST WIND DIRECTION     W (270)
  HIGHEST GUST SPEED    20   HIGHEST GUST DIRECTION     W (290)
  AVERAGE WIND SPEED     5.7


SKY COVER
  POSSIBLE SUNSHINE  MM
  AVERAGE SKY COVER 0.4


WEATHER CONDITIONS
 THE FOLLOWING WEATHER WAS RECORDED YESTERDAY.
  NO SIGNIFICANT WEATHER WAS OBSERVED.


RELATIVE HUMIDITY (PERCENT)
 HIGHEST    97           900 PM
 LOWEST     27          1200 PM
 AVERAGE    62

..........................................................


THE LOS ANGELES INTL AIRPORT CA CLIMATE NORMALS FOR TODAY
                         NORMAL    RECORD    YEAR
 MAXIMUM TEMPERATURE (F)   64        83      1947
 MINIMUM TEMPERATURE (F)   48        35      1974


SUNRISE AND SUNSET
DECEMBER 25 2014......SUNRISE   657 AM PST   SUNSET   451 PM PST
DECEMBER 26 2014......SUNRISE   657 AM PST   SUNSET   451 PM PST


-  INDICATES NEGATIVE NUMBERS.
R  INDICATES RECORD WAS SET OR TIED.
MM INDICATES DATA IS MISSING.
T  INDICATES TRACE AMOUNT.




$$
