000
CDUS46 KLOX 200118
CLILAX


CLIMATE REPORT
NATIONAL WEATHER SERVICE LOS ANGELES/OXNARD CA
518 PM PST THU JAN 19 2017


...................................

...THE LOS ANGELES AIRPORT CLIMATE SUMMARY FOR JANUARY 19 2017...
VALID TODAY AS OF 0500 PM LOCAL TIME.

CLIMATE NORMAL PERIOD 1981 TO 2010
CLIMATE RECORD PERIOD 1944 TO 2017


WEATHER ITEM   OBSERVED TIME   RECORD YEAR NORMAL DEPARTURE LAST
                VALUE   (LST)  VALUE       VALUE  FROM      YEAR
                                                  NORMAL
..................................................................
TEMPERATURE (F)
 TODAY
  MAXIMUM         61    206 PM  86    1975  65     -4       61
  MINIMUM         53    512 AM  40    1955  49      4       55
                                      1948
                                      1947
  AVERAGE         57                        57      0       58

PRECIPITATION (IN)
  TODAY            0.57          1.70 1969   0.09   0.48     0.05
  MONTH TO DATE    2.99                      1.70   1.29     2.79
  SINCE OCT 1      7.24                      5.42   1.82     4.03
  SINCE JAN 1      2.99                      1.70   1.29     2.79

SNOWFALL (IN)
  TODAY            0.0
  MONTH TO DATE    0.0
  SINCE DEC 1      0.0
  SINCE JUL 1      0.0

DEGREE DAYS
 HEATING
  TODAY            8                         8      0        7
  MONTH TO DATE  159                       163     -4      173
  SINCE DEC 1    364                       423    -59      411
  SINCE JUL 1    443                       605   -162      522

 COOLING
  TODAY            0                         0      0        0
  MONTH TO DATE    0                         0      0        0
  SINCE DEC 1      2                         1      1        6
  SINCE JAN 1      0                         0      0        0
..................................................................


WIND (MPH)
  HIGHEST WIND SPEED    26   HIGHEST WIND DIRECTION     W (260)
  HIGHEST GUST SPEED    31   HIGHEST GUST DIRECTION     W (260)
  AVERAGE WIND SPEED    13.7


SKY COVER
  POSSIBLE SUNSHINE  MM
  AVERAGE SKY COVER 0.7


WEATHER CONDITIONS
 THE FOLLOWING WEATHER WAS RECORDED TODAY.
  HEAVY RAIN
  RAIN
  LIGHT RAIN
  FOG


RELATIVE HUMIDITY (PERCENT)
 HIGHEST   100           300 AM
 LOWEST     64           200 PM
 AVERAGE    82

..........................................................


THE LOS ANGELES AIRPORT CLIMATE NORMALS FOR TOMORROW
                         NORMAL    RECORD    YEAR
 MAXIMUM TEMPERATURE (F)   65        85      1976
 MINIMUM TEMPERATURE (F)   49        36      1947


SUNRISE AND SUNSET
JANUARY 19 2017.......SUNRISE   657 AM PST   SUNSET   512 PM PST
JANUARY 20 2017.......SUNRISE   657 AM PST   SUNSET   513 PM PST


-  INDICATES NEGATIVE NUMBERS.
R  INDICATES RECORD WAS SET OR TIED.
MM INDICATES DATA IS MISSING.
T  INDICATES TRACE AMOUNT.




$$
