000
CDUS46 KLOX 290927
CLILAX


CLIMATE REPORT
NATIONAL WEATHER SERVICE LOS ANGELES/OXNARD CA
227 AM PDT MON MAY 29 2017


...................................

...THE LOS ANGELES INTL AIRPORT CA CLIMATE SUMMARY FOR MAY 28 2017...

CLIMATE NORMAL PERIOD 1981 TO 2010
CLIMATE RECORD PERIOD 1944 TO 2017


WEATHER ITEM   OBSERVED TIME   RECORD YEAR NORMAL DEPARTURE LAST
                VALUE   (LST)  VALUE       VALUE  FROM      YEAR
                                                  NORMAL
..................................................................
TEMPERATURE (F)
 YESTERDAY
  MAXIMUM         69    131 PM  84    1973  69      0       67
  MINIMUM         58    519 AM  50    1946  59     -1       59
                                      1945
  AVERAGE         64                        64      0       63

PRECIPITATION (IN)
  YESTERDAY        0.00          0.77 1990   0.01  -0.01     0.00
  MONTH TO DATE    0.13                      0.21  -0.08     0.59
  SINCE OCT 1     16.32                     12.44   3.88     7.25
  SINCE JAN 1     12.07                      8.72   3.35     6.01

SNOWFALL (IN)
  YESTERDAY        0.0
  MONTH TO DATE    0.0
  SINCE MAR 1      0.0
  SINCE JUL 1      0.0

DEGREE DAYS
 HEATING
  YESTERDAY        1                         2     -1        2
  MONTH TO DATE   65                        80    -15       61
  SINCE MAR 1    244                       459   -215      263
  SINCE JUL 1   1017                      1388   -371      959

 COOLING
  YESTERDAY        0                         0      0        0
  MONTH TO DATE   23                         4     19        1
  SINCE MAR 1     58                        21     37       36
  SINCE JAN 1     58                        30     28       93
..................................................................


WIND (MPH)
  HIGHEST WIND SPEED    18   HIGHEST WIND DIRECTION     W (260)
  HIGHEST GUST SPEED    23   HIGHEST GUST DIRECTION     W (260)
  AVERAGE WIND SPEED     9.0


SKY COVER
  POSSIBLE SUNSHINE  MM
  AVERAGE SKY COVER 0.3


WEATHER CONDITIONS
 THE FOLLOWING WEATHER WAS RECORDED YESTERDAY.
  NO SIGNIFICANT WEATHER WAS OBSERVED.


RELATIVE HUMIDITY (PERCENT)
 HIGHEST    93           200 AM
 LOWEST     63          1100 AM
 AVERAGE    78

..........................................................


THE LOS ANGELES INTL AIRPORT CA CLIMATE NORMALS FOR TODAY
                         NORMAL    RECORD    YEAR
 MAXIMUM TEMPERATURE (F)   69        95      1978
 MINIMUM TEMPERATURE (F)   59        50      1953
                                             1945


SUNRISE AND SUNSET
MAY 29 2017...........SUNRISE   544 AM PDT   SUNSET   758 PM PDT
MAY 30 2017...........SUNRISE   544 AM PDT   SUNSET   759 PM PDT


-  INDICATES NEGATIVE NUMBERS.
R  INDICATES RECORD WAS SET OR TIED.
MM INDICATES DATA IS MISSING.
T  INDICATES TRACE AMOUNT.




$$
