000
CDUS44 KLUB 200628
CLILBB


CLIMATE REPORT
NATIONAL WEATHER SERVICE LUBBOCK, TX
128 AM CDT SUN APR 20 2014


...................................

...THE LUBBOCK CLIMATE SUMMARY FOR APRIL 19 2014...

CLIMATE NORMAL PERIOD 1981 TO 2010
CLIMATE RECORD PERIOD 1911 TO 2014


WEATHER ITEM   OBSERVED TIME   RECORD YEAR NORMAL DEPARTURE LAST
                VALUE   (LST)  VALUE       VALUE  FROM      YEAR
                                                  NORMAL
..................................................................
TEMPERATURE (F)
 YESTERDAY
  MAXIMUM         71    116 PM  92    2001  76     -5       65
                                      1987
                                      1961
  MINIMUM         52    720 AM  25    2013  47      5       25
  AVERAGE         62                        62      0       45

PRECIPITATION (IN)
  YESTERDAY        0.40R         0.40 1992   0.05   0.35     0.00
  MONTH TO DATE    0.54                      0.81  -0.27     0.04
  SINCE MAR 1      0.71                      1.91  -1.20     0.04
  SINCE JAN 1      0.87                      3.31  -2.44     2.27

SNOWFALL (IN)
  YESTERDAY        0.0                       0.0    0.0      0.0
  MONTH TO DATE    T                         0.2   -0.2      0.4
  SINCE MAR 1      T                         0.8   -0.8      0.4
  SINCE JUL 1      4.2                       8.2   -4.0      4.1
  SNOW DEPTH       0

DEGREE DAYS
 HEATING
  YESTERDAY        3                         5     -2       20
  MONTH TO DATE  142                       139      3      172
  SINCE MAR 1    582                       554     28      528
  SINCE JUL 1   3434                      3293    141     3058

 COOLING
  YESTERDAY        0                         2     -2        0
  MONTH TO DATE   19                        23     -4       23
  SINCE MAR 1     22                        30     -8       25
  SINCE JAN 1     22                        30     -8       25
..................................................................


WIND (MPH)
  HIGHEST WIND SPEED    31   HIGHEST WIND DIRECTION    SW (240)
  HIGHEST GUST SPEED    43   HIGHEST GUST DIRECTION    SW (240)
  AVERAGE WIND SPEED    11.5


SKY COVER
  POSSIBLE SUNSHINE  MM
  AVERAGE SKY COVER 0.8


WEATHER CONDITIONS
 THE FOLLOWING WEATHER WAS RECORDED YESTERDAY.
  THUNDERSTORM
  RAIN
  LIGHT RAIN
  FOG


RELATIVE HUMIDITY (PERCENT)
 HIGHEST    87          1000 PM
 LOWEST     53          1200 PM
 AVERAGE    70

..........................................................


THE LUBBOCK CLIMATE NORMALS FOR TODAY
                         NORMAL    RECORD    YEAR
 MAXIMUM TEMPERATURE (F)   77        93      1925
 MINIMUM TEMPERATURE (F)   47        30      1933


SUNRISE AND SUNSET
APRIL 20 2014.........SUNRISE   711 AM CDT   SUNSET   822 PM CDT
APRIL 21 2014.........SUNRISE   710 AM CDT   SUNSET   823 PM CDT


-  INDICATES NEGATIVE NUMBERS.
R  INDICATES RECORD WAS SET OR TIED.
MM INDICATES DATA IS MISSING.
T  INDICATES TRACE AMOUNT.




$$
