000
CDUS44 KLUB 220626
CLILBB


CLIMATE REPORT
NATIONAL WEATHER SERVICE LUBBOCK, TX
125 AM CDT MON MAY 22 2017


...................................

...THE LUBBOCK CLIMATE SUMMARY FOR MAY 21 2017...

CLIMATE NORMAL PERIOD 1981 TO 2010
CLIMATE RECORD PERIOD 1911 TO 2017


WEATHER ITEM   OBSERVED TIME   RECORD YEAR NORMAL DEPARTURE LAST
                VALUE   (LST)  VALUE       VALUE  FROM      YEAR
                                                  NORMAL
..................................................................
TEMPERATURE (F)
 YESTERDAY
  MAXIMUM         78   1248 PM 101    1989  85     -7       83
                                      1966
  MINIMUM         50    559 AM  39    1967  58     -8       63
  AVERAGE         64                        71     -7       73

PRECIPITATION (IN)
  YESTERDAY        0.00          3.12 1979   0.09  -0.09     0.00
  MONTH TO DATE    0.47                      1.38  -0.91     3.27
  SINCE MAR 1      2.46                      3.89  -1.43     4.49
  SINCE JAN 1      5.38                      5.29   0.09     4.88

SNOWFALL (IN)
  YESTERDAY        0.0           0.0  2002   0.0    0.0      0.0
  MONTH TO DATE    0.0                       0.0    0.0      0.0
  SINCE MAR 1      T                         0.8   -0.8       T
  SINCE JUL 1      0.2                       8.2   -8.0     13.3
  SNOW DEPTH       0

DEGREE DAYS
 HEATING
  YESTERDAY        1                         1      0        0
  MONTH TO DATE   19                        34    -15       83
  SINCE MAR 1    380                       632   -252      454
  SINCE JUL 1   2464                      3371   -907     2854

 COOLING
  YESTERDAY        0                         7     -7        8
  MONTH TO DATE   98                       106     -8       79
  SINCE MAR 1    223                       162     61      126
  SINCE JAN 1    227                       162     65      130
..................................................................


WIND (MPH)
  RESULTANT WIND SPEED  15   RESULTANT WIND DIRECTION  SE (140)
  HIGHEST WIND SPEED    26   HIGHEST WIND DIRECTION    SE (140)
  HIGHEST GUST SPEED    40   HIGHEST GUST DIRECTION     S (160)
  AVERAGE WIND SPEED    15.4


SKY COVER
  AVERAGE SKY COVER 0.4


WEATHER CONDITIONS
 THE FOLLOWING WEATHER WAS RECORDED YESTERDAY.
  NO SIGNIFICANT WEATHER WAS OBSERVED.


RELATIVE HUMIDITY (PERCENT)
 HIGHEST    74           600 AM
 LOWEST     21           300 PM
 AVERAGE    48

..........................................................


THE LUBBOCK CLIMATE NORMALS FOR TODAY
                         NORMAL    RECORD    YEAR
 MAXIMUM TEMPERATURE (F)   85       105      1996
 MINIMUM TEMPERATURE (F)   58        40      1931


SUNRISE AND SUNSET
MAY 22 2017...........SUNRISE   642 AM CDT   SUNSET   846 PM CDT
MAY 23 2017...........SUNRISE   641 AM CDT   SUNSET   847 PM CDT


-  INDICATES NEGATIVE NUMBERS.
R  INDICATES RECORD WAS SET OR TIED.
MM INDICATES DATA IS MISSING.
T  INDICATES TRACE AMOUNT.




$$
