000
CDUS44 KLUB 190631
CLILBB


CLIMATE REPORT
NATIONAL WEATHER SERVICE LUBBOCK, TX
1231 AM CST SUN FEB 19 2017


...................................

...THE LUBBOCK CLIMATE SUMMARY FOR FEBRUARY 18 2017...

CLIMATE NORMAL PERIOD 1981 TO 2010
CLIMATE RECORD PERIOD 1911 TO 2017


WEATHER ITEM   OBSERVED TIME   RECORD YEAR NORMAL DEPARTURE LAST
                VALUE   (LST)  VALUE       VALUE  FROM      YEAR
                                                  NORMAL
..................................................................
TEMPERATURE (F)
 YESTERDAY
  MAXIMUM         71    414 PM  87    2016  60     11       87
  MINIMUM         34    658 AM  -2    1978  31      3       50
  AVERAGE         53                        45      8       69

PRECIPITATION (IN)
  YESTERDAY        0.00          0.94 1911   0.02  -0.02     0.00
  MONTH TO DATE    0.89                      0.48   0.41     0.00
  SINCE DEC 1      3.41                      1.89   1.52     1.87
  SINCE JAN 1      2.92                      1.13   1.79     0.30

SNOWFALL (IN)
  YESTERDAY        0.0           1.5  1938   0.0    0.0      0.0
  MONTH TO DATE    T                         1.2   -1.2      0.0
  SINCE DEC 1      0.2                       6.1   -5.9     13.3
  SINCE JUL 1      0.2                       7.0   -6.8     13.3
  SNOW DEPTH       0

DEGREE DAYS
 HEATING
  YESTERDAY       12                        20     -8        0
  MONTH TO DATE  260                       390   -130      338
  SINCE DEC 1   1619                      1913   -294     1732
  SINCE JUL 1   1983                      2555   -572     2251

 COOLING
  YESTERDAY        0                         0      0        4
  MONTH TO DATE    4                         0      4        4
  SINCE DEC 1      4                         0      4        4
  SINCE JAN 1      4                         0      4        4
..................................................................


WIND (MPH)
  RESULTANT WIND SPEED   2   RESULTANT WIND DIRECTION  SE (120)
  HIGHEST WIND SPEED    20   HIGHEST WIND DIRECTION    SE (120)
  HIGHEST GUST SPEED    25   HIGHEST GUST DIRECTION    SE (130)
  AVERAGE WIND SPEED     9.4


SKY COVER
  AVERAGE SKY COVER 0.6


WEATHER CONDITIONS
 THE FOLLOWING WEATHER WAS RECORDED YESTERDAY.
  NO SIGNIFICANT WEATHER WAS OBSERVED.


RELATIVE HUMIDITY (PERCENT)
 HIGHEST    89           500 AM
 LOWEST     25           300 PM
 AVERAGE    57

..........................................................


THE LUBBOCK CLIMATE NORMALS FOR TODAY
                         NORMAL    RECORD    YEAR
 MAXIMUM TEMPERATURE (F)   60        85      2016
 MINIMUM TEMPERATURE (F)   31         2      1978


SUNRISE AND SUNSET
FEBRUARY 19 2017......SUNRISE   727 AM CST   SUNSET   636 PM CST
FEBRUARY 20 2017......SUNRISE   726 AM CST   SUNSET   636 PM CST


-  INDICATES NEGATIVE NUMBERS.
R  INDICATES RECORD WAS SET OR TIED.
MM INDICATES DATA IS MISSING.
T  INDICATES TRACE AMOUNT.




$$
