000
CDUS44 KLUB 270626
CLILBB


CLIMATE REPORT
NATIONAL WEATHER SERVICE LUBBOCK, TX
126 AM CDT WED JUL 27 2016


...................................

...THE LUBBOCK CLIMATE SUMMARY FOR JULY 26 2016...

CLIMATE NORMAL PERIOD 1981 TO 2010
CLIMATE RECORD PERIOD 1911 TO 2016


WEATHER ITEM   OBSERVED TIME   RECORD YEAR NORMAL DEPARTURE LAST
                VALUE   (LST)  VALUE       VALUE  FROM      YEAR
                                                  NORMAL
..................................................................
TEMPERATURE (F)
 YESTERDAY
  MAXIMUM         97    341 PM 105    1995  93      4       97
  MINIMUM         69    557 AM  58    1959  68      1       69
                                      1942
  AVERAGE         83                        80      3       83

PRECIPITATION (IN)
  YESTERDAY        0.00          0.81 1975   0.06  -0.06     0.00
  MONTH TO DATE    0.58                      1.64  -1.06     3.96
  SINCE JUN 1      1.62                      4.68  -3.06     6.11
  SINCE JAN 1      6.89                     10.89  -4.00    22.04

SNOWFALL (IN)
  YESTERDAY        0.0           T    1955   0.0    0.0      0.0
  MONTH TO DATE    0.0                       0.0    0.0      0.0
  SINCE JUN 1      0.0                       0.0    0.0      0.0
  SINCE JUL 1      0.0                       0.0    0.0      0.0
  SNOW DEPTH       0

DEGREE DAYS
 HEATING
  YESTERDAY        0                         0      0        0
  MONTH TO DATE    0                         0      0        0
  SINCE JUN 1      3                         2      1        0
  SINCE JUL 1      0                         0      0        0

 COOLING
  YESTERDAY       18                        15      3       18
  MONTH TO DATE  554                       390    164      419
  SINCE JUN 1    980                       764    216      796
  SINCE JAN 1   1207                      1010    197      934
..................................................................


WIND (MPH)
  RESULTANT WIND SPEED   5   RESULTANT WIND DIRECTION  NE (50)
  HIGHEST WIND SPEED    28   HIGHEST WIND DIRECTION     E (110)
  HIGHEST GUST SPEED    33   HIGHEST GUST DIRECTION     E (110)
  AVERAGE WIND SPEED    10.2


SKY COVER
  AVERAGE SKY COVER 0.5


WEATHER CONDITIONS
 THE FOLLOWING WEATHER WAS RECORDED YESTERDAY.
  HAZE
  SANDSTORM


RELATIVE HUMIDITY (PERCENT)
 HIGHEST    78           600 AM
 LOWEST     28           100 PM
 AVERAGE    53

..........................................................


THE LUBBOCK CLIMATE NORMALS FOR TODAY
                         NORMAL    RECORD    YEAR
 MAXIMUM TEMPERATURE (F)   93       106      1995
 MINIMUM TEMPERATURE (F)   68        57      1933


SUNRISE AND SUNSET
JULY 27 2016..........SUNRISE   656 AM CDT   SUNSET   851 PM CDT
JULY 28 2016..........SUNRISE   657 AM CDT   SUNSET   850 PM CDT


-  INDICATES NEGATIVE NUMBERS.
R  INDICATES RECORD WAS SET OR TIED.
MM INDICATES DATA IS MISSING.
T  INDICATES TRACE AMOUNT.




$$
