000
CDUS44 KLUB 220637
CLILBB


CLIMATE REPORT
NATIONAL WEATHER SERVICE LUBBOCK, TX
137 AM CDT SUN OCT 22 2017


...................................

...THE LUBBOCK CLIMATE SUMMARY FOR OCTOBER 21 2017...

CLIMATE NORMAL PERIOD 1981 TO 2010
CLIMATE RECORD PERIOD 1911 TO 2017


WEATHER ITEM   OBSERVED TIME   RECORD YEAR NORMAL DEPARTURE LAST
                VALUE   (LST)  VALUE       VALUE  FROM      YEAR
                                                  NORMAL
..................................................................
TEMPERATURE (F)
 YESTERDAY
  MAXIMUM         85    212 PM  90    2003  74     11       74
  MINIMUM         50   1159 PM  26    1917  46      4       43
  AVERAGE         68                        60      8       59

PRECIPITATION (IN)
  YESTERDAY        0.01          2.91 1969   0.07  -0.06     0.00
  MONTH TO DATE    0.43                      1.42  -0.99     1.05
  SINCE SEP 1      3.89                      3.93  -0.04     2.52
  SINCE JAN 1     21.85                     17.00   4.85    12.44

SNOWFALL (IN)
  YESTERDAY        0.0           4.1  1911   0.0    0.0      0.0
  MONTH TO DATE    0.0                       0.0    0.0      0.0
  SINCE SEP 1      0.0                       0.0    0.0      0.0
  SINCE JUL 1      0.0                       0.0    0.0      0.0
  SNOW DEPTH       0

DEGREE DAYS
 HEATING
  YESTERDAY        0                         6     -6        6
  MONTH TO DATE   50                        84    -34       44
  SINCE SEP 1     75                       107    -32       46
  SINCE JUL 1     75                       107    -32       46

 COOLING
  YESTERDAY        3                         1      2        0
  MONTH TO DATE   85                        46     39       93
  SINCE SEP 1    335                       269     66      347
  SINCE JAN 1   1980                      1795    185     2073
..................................................................


WIND (MPH)
  RESULTANT WIND SPEED   8   RESULTANT WIND DIRECTION  SW (220)
  HIGHEST WIND SPEED    32   HIGHEST WIND DIRECTION     W (280)
  HIGHEST GUST SPEED    43   HIGHEST GUST DIRECTION     W (280)
  AVERAGE WIND SPEED    15.3


SKY COVER
  AVERAGE SKY COVER 0.5


WEATHER CONDITIONS
 THE FOLLOWING WEATHER WAS RECORDED YESTERDAY.
  THUNDERSTORM
  LIGHT RAIN
  FOG


RELATIVE HUMIDITY (PERCENT)
 HIGHEST    93           500 AM
 LOWEST     22           300 PM
 AVERAGE    58

..........................................................


THE LUBBOCK CLIMATE NORMALS FOR TODAY
                         NORMAL    RECORD    YEAR
 MAXIMUM TEMPERATURE (F)   74        89      1961
 MINIMUM TEMPERATURE (F)   46        28      1945


SUNRISE AND SUNSET
OCTOBER 22 2017.......SUNRISE   758 AM CDT   SUNSET   705 PM CDT
OCTOBER 23 2017.......SUNRISE   759 AM CDT   SUNSET   704 PM CDT


-  INDICATES NEGATIVE NUMBERS.
R  INDICATES RECORD WAS SET OR TIED.
MM INDICATES DATA IS MISSING.
T  INDICATES TRACE AMOUNT.




$$
