000
CDUS44 KLUB 230625
CLILBB


CLIMATE REPORT
NATIONAL WEATHER SERVICE LUBBOCK, TX
125 AM CDT TUE SEP 23 2014


...................................

...THE LUBBOCK CLIMATE SUMMARY FOR SEPTEMBER 22 2014...

CLIMATE NORMAL PERIOD 1981 TO 2010
CLIMATE RECORD PERIOD 1911 TO 2014


WEATHER ITEM   OBSERVED TIME   RECORD YEAR NORMAL DEPARTURE LAST
                VALUE   (LST)  VALUE       VALUE  FROM      YEAR
                                                  NORMAL
..................................................................
TEMPERATURE (F)
 YESTERDAY
  MAXIMUM         78    322 PM  98    1977  83     -5       85
  MINIMUM         64    818 AM  40    1995  56      8       52
  AVERAGE         71                        70      1       69

PRECIPITATION (IN)
  YESTERDAY        0.00          2.75 1915   0.09  -0.09     0.00
  MONTH TO DATE    4.00                      1.89   2.11     0.08
  SINCE SEP 1      4.00                      1.89   2.11     0.08
  SINCE JAN 1     15.90                     14.96   0.94     9.86

SNOWFALL (IN)
  YESTERDAY        0.0           0.0  2002   0.0    0.0      0.0
  MONTH TO DATE    0.0                       0.0    0.0      0.0
  SINCE SEP 1      0.0                       0.0    0.0      0.0
  SINCE JUL 1      0.0                       0.0    0.0      0.0
  SNOW DEPTH       0

DEGREE DAYS
 HEATING
  YESTERDAY        0                         1     -1        0
  MONTH TO DATE   25                         9     16        0
  SINCE SEP 1     25                         9     16        0
  SINCE JUL 1     25                         9     16        0

 COOLING
  YESTERDAY        6                         6      0        4
  MONTH TO DATE  188                       186      2      253
  SINCE SEP 1    188                       186      2      253
  SINCE JAN 1   1817                      1712    105     1981
..................................................................


WIND (MPH)
  RESULTANT WIND SPEED  10   RESULTANT WIND DIRECTION   E (100)
  HIGHEST WIND SPEED    17   HIGHEST WIND DIRECTION     E (110)
  HIGHEST GUST SPEED    22   HIGHEST GUST DIRECTION     E (110)
  AVERAGE WIND SPEED    10.7


SKY COVER
  AVERAGE SKY COVER 0.8


WEATHER CONDITIONS
 THE FOLLOWING WEATHER WAS RECORDED YESTERDAY.
  FOG


RELATIVE HUMIDITY (PERCENT)
 HIGHEST    93          1200 AM
 LOWEST     60           300 PM
 AVERAGE    77

..........................................................


THE LUBBOCK CLIMATE NORMALS FOR TODAY
                         NORMAL    RECORD    YEAR
 MAXIMUM TEMPERATURE (F)   82        98      1926
 MINIMUM TEMPERATURE (F)   56        41      2009


SUNRISE AND SUNSET
SEPTEMBER 23 2014.....SUNRISE   736 AM CDT   SUNSET   743 PM CDT
SEPTEMBER 24 2014.....SUNRISE   737 AM CDT   SUNSET   741 PM CDT


-  INDICATES NEGATIVE NUMBERS.
R  INDICATES RECORD WAS SET OR TIED.
MM INDICATES DATA IS MISSING.
T  INDICATES TRACE AMOUNT.




$$
