000
CDUS44 KLUB 300627
CLILBB


CLIMATE REPORT
NATIONAL WEATHER SERVICE LUBBOCK, TX
125 AM CDT SAT MAY 30 2015


...................................

...THE LUBBOCK CLIMATE SUMMARY FOR MAY 29 2015...

CLIMATE NORMAL PERIOD 1981 TO 2010
CLIMATE RECORD PERIOD 1911 TO 2015


WEATHER ITEM   OBSERVED TIME   RECORD YEAR NORMAL DEPARTURE LAST
                VALUE   (LST)  VALUE       VALUE  FROM      YEAR
                                                  NORMAL
..................................................................
TEMPERATURE (F)
 YESTERDAY
  MAXIMUM         83    258 PM 104    2011  87     -4       86
                                      1938
  MINIMUM         56    613 AM  38    1947  60     -4       61
  AVERAGE         70                        74     -4       74

PRECIPITATION (IN)
  YESTERDAY        0.48          0.94 1926   0.10   0.38     0.00
  MONTH TO DATE   12.12                      2.11  10.01     5.23
  SINCE MAR 1     13.66                      4.62   9.04     5.97
  SINCE JAN 1     15.93                      6.02   9.91     6.13

SNOWFALL (IN)
  YESTERDAY        0.0           0.0  2002   0.0    0.0      0.0
  MONTH TO DATE    0.0                       0.0    0.0      0.0
  SINCE MAR 1      1.1                       0.8    0.3       T
  SINCE JUL 1     14.7                       8.2    6.5      4.2
  SNOW DEPTH       0

DEGREE DAYS
 HEATING
  YESTERDAY        0                         0      0        0
  MONTH TO DATE   44                        39      5       51
  SINCE MAR 1    556                       637    -81      661
  SINCE JUL 1   3275                      3376   -101     3513

 COOLING
  YESTERDAY        5                         9     -4        9
  MONTH TO DATE   81                       171    -90      197
  SINCE MAR 1    136                       227    -91      255
  SINCE JAN 1    136                       227    -91      255
..................................................................


WIND (MPH)
  RESULTANT WIND SPEED   5   RESULTANT WIND DIRECTION  NE (40)
  HIGHEST WIND SPEED    37   HIGHEST WIND DIRECTION     N (340)
  HIGHEST GUST SPEED    46   HIGHEST GUST DIRECTION     N (350)
  AVERAGE WIND SPEED     9.7


SKY COVER
  AVERAGE SKY COVER 0.7


WEATHER CONDITIONS
 THE FOLLOWING WEATHER WAS RECORDED YESTERDAY.
  THUNDERSTORM
  RAIN
  LIGHT RAIN
  FOG
  SANDSTORM


RELATIVE HUMIDITY (PERCENT)
 HIGHEST   100           500 AM
 LOWEST     42           300 PM
 AVERAGE    71

..........................................................


THE LUBBOCK CLIMATE NORMALS FOR TODAY
                         NORMAL    RECORD    YEAR
 MAXIMUM TEMPERATURE (F)   87       103      1998
 MINIMUM TEMPERATURE (F)   60        45      1983
                                             1947


SUNRISE AND SUNSET
MAY 30 2015...........SUNRISE   639 AM CDT   SUNSET   851 PM CDT
MAY 31 2015...........SUNRISE   638 AM CDT   SUNSET   852 PM CDT


-  INDICATES NEGATIVE NUMBERS.
R  INDICATES RECORD WAS SET OR TIED.
MM INDICATES DATA IS MISSING.
T  INDICATES TRACE AMOUNT.




$$
