000
CDUS44 KLUB 040626
CLILBB


CLIMATE REPORT
NATIONAL WEATHER SERVICE LUBBOCK, TX
125 AM CDT SAT JUL 4 2015


...................................

...THE LUBBOCK CLIMATE SUMMARY FOR JULY 3 2015...

CLIMATE NORMAL PERIOD 1981 TO 2010
CLIMATE RECORD PERIOD 1911 TO 2015


WEATHER ITEM   OBSERVED TIME   RECORD YEAR NORMAL DEPARTURE LAST
                VALUE   (LST)  VALUE       VALUE  FROM      YEAR
                                                  NORMAL
..................................................................
TEMPERATURE (F)
 YESTERDAY
  MAXIMUM         89    418 PM 108    1983  93     -4       80
  MINIMUM         69    516 AM  54    1929  67      2       65
                                      1924
  AVERAGE         79                        80     -1       73

PRECIPITATION (IN)
  YESTERDAY        0.00          3.27 2010   0.08  -0.08     0.08
  MONTH TO DATE    0.00                      0.24  -0.24     2.16
  SINCE JUN 1      2.15                      3.28  -1.13     4.75
  SINCE JAN 1     18.08                      9.49   8.59    10.88

SNOWFALL (IN)
  YESTERDAY        0.0           0.0  2002   0.0    0.0      0.0
  MONTH TO DATE    0.0                       0.0    0.0      0.0
  SINCE JUN 1      0.0                       0.0    0.0      0.0
  SINCE JUL 1      0.0                       0.0    0.0      0.0
  SNOW DEPTH       0

DEGREE DAYS
 HEATING
  YESTERDAY        0                         0      0        0
  MONTH TO DATE    0                         0      0        0
  SINCE JUN 1      0                         2     -2        0
  SINCE JUL 1      0                         0      0        0

 COOLING
  YESTERDAY       14                        15     -1        8
  MONTH TO DATE   47                        45      2       26
  SINCE JUN 1    424                       419      5      433
  SINCE JAN 1    562                       665   -103      712
..................................................................


WIND (MPH)
  RESULTANT WIND SPEED   5   RESULTANT WIND DIRECTION   S (170)
  HIGHEST WIND SPEED    16   HIGHEST WIND DIRECTION    SE (150)
  HIGHEST GUST SPEED    20   HIGHEST GUST DIRECTION    SE (150)
  AVERAGE WIND SPEED     7.1


SKY COVER
  AVERAGE SKY COVER 0.8


WEATHER CONDITIONS
 THE FOLLOWING WEATHER WAS RECORDED YESTERDAY.
  HAZE


RELATIVE HUMIDITY (PERCENT)
 HIGHEST    84           600 AM
 LOWEST     41           400 PM
 AVERAGE    63

..........................................................


THE LUBBOCK CLIMATE NORMALS FOR TODAY
                         NORMAL    RECORD    YEAR
 MAXIMUM TEMPERATURE (F)   93       105      1987
 MINIMUM TEMPERATURE (F)   67        56      1924
                                             1922


SUNRISE AND SUNSET
JULY  4 2015..........SUNRISE   642 AM CDT   SUNSET   901 PM CDT
JULY  5 2015..........SUNRISE   642 AM CDT   SUNSET   901 PM CDT


-  INDICATES NEGATIVE NUMBERS.
R  INDICATES RECORD WAS SET OR TIED.
MM INDICATES DATA IS MISSING.
T  INDICATES TRACE AMOUNT.




$$
