000
CDUS43 KLBF 160916
CLILBF

CLIMATE REPORT
NATIONAL WEATHER SERVICE NORTH PLATTE
415 AM CDT TUE SEP 16 2014


...................................

...THE NORTH PLATTE NE CLIMATE SUMMARY FOR SEPTEMBER 15 2014...

CLIMATE NORMAL PERIOD 1981 TO 2010
CLIMATE RECORD PERIOD 1874 TO 2014


WEATHER ITEM   OBSERVED TIME   RECORD YEAR NORMAL DEPARTURE LAST
                VALUE   (LST)  VALUE       VALUE  FROM      YEAR
                                                  NORMAL
..................................................................
TEMPERATURE (F)
 YESTERDAY
  MAXIMUM         67    410 PM  97    1955  78    -11       67
  MINIMUM         43   1159 PM  32    1903  47     -4       58
                                      1889
  AVERAGE         55                        63     -8       63

PRECIPITATION (IN)
  YESTERDAY        0.00          2.82 2013   0.04  -0.04     2.82
  MONTH TO DATE    0.82                      0.70   0.12     3.68
  SINCE SEP 1      0.82                      0.70   0.12     3.68
  SINCE JAN 1     19.10                     16.92   2.18    18.04

SNOWFALL (IN)
  YESTERDAY        0.0           0.0  2002   0.0    0.0      0.0
                                      2001
  MONTH TO DATE    T                         0.0    0.0      0.0
  SINCE SEP 1      T                         0.0    0.0      0.0
  SINCE JUL 1      T                         0.0    0.0      0.0
  SNOW DEPTH       0

DEGREE DAYS
 HEATING
  YESTERDAY       10                         5      5        2
  MONTH TO DATE  107                        44     63        6
  SINCE SEP 1    107                        44     63        6
  SINCE JUL 1    124                        64     60       19

 COOLING
  YESTERDAY        0                         2     -2        0
  MONTH TO DATE   30                        53    -23      140
  SINCE SEP 1     30                        53    -23      140
  SINCE JAN 1    699                       748    -49      977
..................................................................


WIND (MPH)
  HIGHEST WIND SPEED    23   HIGHEST WIND DIRECTION     N (10)
  HIGHEST GUST SPEED    32   HIGHEST GUST DIRECTION     N (360)
  AVERAGE WIND SPEED     8.7


SKY COVER
  POSSIBLE SUNSHINE  MM
  AVERAGE SKY COVER 0.2


WEATHER CONDITIONS
 THE FOLLOWING WEATHER WAS RECORDED YESTERDAY.
  HAZE


RELATIVE HUMIDITY (PERCENT)
 HIGHEST    93          1200 AM
 LOWEST     37           300 PM
 AVERAGE    65

..........................................................


THE NORTH PLATTE NE CLIMATE NORMALS FOR TODAY
                         NORMAL    RECORD    YEAR
 MAXIMUM TEMPERATURE (F)   78        94      1895
                                             1891
 MINIMUM TEMPERATURE (F)   47        25      1903


SUNRISE AND SUNSET
SEPTEMBER 16 2014.....SUNRISE   724 AM CDT   SUNSET   750 PM CDT
SEPTEMBER 17 2014.....SUNRISE   725 AM CDT   SUNSET   748 PM CDT


-  INDICATES NEGATIVE NUMBERS.
R  INDICATES RECORD WAS SET OR TIED.
MM INDICATES DATA IS MISSING.
T  INDICATES TRACE AMOUNT.

$$
