000
CDUS43 KLBF 062318
CLILBF

CLIMATE REPORT
NATIONAL WEATHER SERVICE NORTH PLATTE
517 PM CST FRI MAR 6 2015

...................................

...THE NORTH PLATTE NE CLIMATE SUMMARY FOR MARCH 6 2015...
VALID TODAY AS OF 0500 PM LOCAL TIME.

CLIMATE NORMAL PERIOD 1981 TO 2010
CLIMATE RECORD PERIOD 1874 TO 2015


WEATHER ITEM   OBSERVED TIME   RECORD YEAR NORMAL DEPARTURE LAST
                VALUE   (LST)  VALUE       VALUE  FROM      YEAR
                                                  NORMAL
..................................................................
TEMPERATURE (F)
 TODAY
  MAXIMUM         63    428 PM  78    1987  49     14       65
                                      1972
  MINIMUM         12    500 AM -16    1943  21     -9       28
  AVERAGE         38                        35      3       47

PRECIPITATION (IN)
  TODAY            0.00          0.89 1990   0.03  -0.03     0.00
  MONTH TO DATE    0.01                      0.16  -0.15      T
  SINCE MAR 1      0.01                      0.16  -0.15      T
  SINCE JAN 1      0.75                      1.00  -0.25     1.05

SNOWFALL (IN)
  TODAY            0.0           2.9  1995   0.2   -0.2      0.0
  MONTH TO DATE    0.2                       1.0   -0.8       T
  SINCE MAR 1      0.2                       1.0   -0.8       T
  SINCE JUL 1     19.1                      21.9   -2.8     22.4
  SNOW DEPTH       0

DEGREE DAYS
 HEATING
  TODAY           27                        30     -3       18
  MONTH TO DATE  227                       185     42      250
  SINCE MAR 1    227                       185     42      250
  SINCE JUL 1   5116                      5213    -97     5441

 COOLING
  TODAY            0                         0      0        0
  MONTH TO DATE    0                         0      0        0
  SINCE MAR 1      0                         0      0        0
  SINCE JAN 1      0                         0      0        0
..................................................................


WIND (MPH)
  HIGHEST WIND SPEED    24   HIGHEST WIND DIRECTION     W (290)
  HIGHEST GUST SPEED    30   HIGHEST GUST DIRECTION    NW (320)
  AVERAGE WIND SPEED    10.2


SKY COVER
  POSSIBLE SUNSHINE  MM
  AVERAGE SKY COVER 0.0


WEATHER CONDITIONS
 THE FOLLOWING WEATHER WAS RECORDED TODAY.
  NO SIGNIFICANT WEATHER WAS OBSERVED.


RELATIVE HUMIDITY (PERCENT)
 HIGHEST    88           500 AM
 LOWEST     14           400 PM
 AVERAGE    51

..........................................................


THE NORTH PLATTE NE CLIMATE NORMALS FOR TOMORROW
                         NORMAL    RECORD    YEAR
 MAXIMUM TEMPERATURE (F)   50        78      1879
 MINIMUM TEMPERATURE (F)   21       -13      1920


SUNRISE AND SUNSET
MARCH  6 2015.........SUNRISE   709 AM CST   SUNSET   639 PM CST
MARCH  7 2015.........SUNRISE   708 AM CST   SUNSET   640 PM CST


-  INDICATES NEGATIVE NUMBERS.
R  INDICATES RECORD WAS SET OR TIED.
MM INDICATES DATA IS MISSING.
T  INDICATES TRACE AMOUNT.

$$
