000
CDUS43 KLBF 230945
CLILBF

CLIMATE REPORT
NATIONAL WEATHER SERVICE NORTH PLATTE
445 AM CDT WED APR 23 2014

...................................

...THE NORTH PLATTE NE CLIMATE SUMMARY FOR APRIL 22 2014...

CLIMATE NORMAL PERIOD 1981 TO 2010
CLIMATE RECORD PERIOD 1874 TO 2014


WEATHER ITEM   OBSERVED TIME   RECORD YEAR NORMAL DEPARTURE LAST
                VALUE   (LST)  VALUE       VALUE  FROM      YEAR
                                                  NORMAL
..................................................................
TEMPERATURE (F)
 YESTERDAY
  MAXIMUM         76    457 PM  93    1989  64     12       43
  MINIMUM         34    521 AM  20    1996  35     -1       28
                                      1967
  AVERAGE         55                        50      5       36

PRECIPITATION (IN)
  YESTERDAY        0.00          2.80 1890   0.09  -0.09     0.02
  MONTH TO DATE    0.18                      1.56  -1.38     1.27
  SINCE MAR 1      0.97                      2.61  -1.64     1.76
  SINCE JAN 1      2.02                      3.45  -1.43     3.04

SNOWFALL (IN)
  YESTERDAY        0.0           3.6  1887   0.1   -0.1      0.0
  MONTH TO DATE    1.1                       2.8   -1.7      6.7
  SINCE MAR 1      7.4                       7.2    0.2      9.4
  SINCE JUL 1     29.8                      28.1    1.7     29.3
  SNOW DEPTH       0

DEGREE DAYS
 HEATING
  YESTERDAY       10                        15     -5       29
  MONTH TO DATE  398                       414    -16      542
  SINCE MAR 1   1272                      1251     21     1415
  SINCE JUL 1   6463                      6279    184     6375

 COOLING
  YESTERDAY        0                         0      0        0
  MONTH TO DATE    0                         0      0        0
  SINCE MAR 1      0                         0      0        0
  SINCE JAN 1      0                         0      0        0
..................................................................


WIND (MPH)
  HIGHEST WIND SPEED    30   HIGHEST WIND DIRECTION     S (170)
  HIGHEST GUST SPEED    38   HIGHEST GUST DIRECTION     S (180)
  AVERAGE WIND SPEED    15.2


SKY COVER
  POSSIBLE SUNSHINE  MM
  AVERAGE SKY COVER 0.0


WEATHER CONDITIONS
 THE FOLLOWING WEATHER WAS RECORDED YESTERDAY.
  NO SIGNIFICANT WEATHER WAS OBSERVED.


RELATIVE HUMIDITY (PERCENT)
 HIGHEST    82           500 AM
 LOWEST     19           400 PM
 AVERAGE    51

..........................................................


THE NORTH PLATTE NE CLIMATE NORMALS FOR TODAY
                         NORMAL    RECORD    YEAR
 MAXIMUM TEMPERATURE (F)   65        91      1939
 MINIMUM TEMPERATURE (F)   36        18      2013


SUNRISE AND SUNSET
APRIL 23 2014.........SUNRISE   651 AM CDT   SUNSET   831 PM CDT
APRIL 24 2014.........SUNRISE   650 AM CDT   SUNSET   832 PM CDT


-  INDICATES NEGATIVE NUMBERS.
R  INDICATES RECORD WAS SET OR TIED.
MM INDICATES DATA IS MISSING.
T  INDICATES TRACE AMOUNT.

$$
