000
CDUS43 KLBF 250849
CLILBF


CLIMATE REPORT
NATIONAL WEATHER SERVICE NORTH PLATTE
346 AM CDT SAT MAR 25 2017


...................................

...THE NORTH PLATTE NE CLIMATE SUMMARY FOR MARCH 24 2017...

CLIMATE NORMAL PERIOD 1981 TO 2010
CLIMATE RECORD PERIOD 1874 TO 2017


WEATHER ITEM   OBSERVED TIME   RECORD YEAR NORMAL DEPARTURE LAST
                VALUE   (LST)  VALUE       VALUE  FROM      YEAR
                                                  NORMAL
..................................................................
TEMPERATURE (F)
 YESTERDAY
  MAXIMUM         54   1245 AM  82    2004  55     -1       47
                                      1907
  MINIMUM         36   1159 PM   0    1966  26     10       17
  AVERAGE         45                        40      5       32

PRECIPITATION (IN)
  YESTERDAY        0.37          0.56 1902   0.04   0.33     0.00
  MONTH TO DATE    1.19                      0.75   0.44     0.64
  SINCE MAR 1      1.19                      0.75   0.44     0.64
  SINCE JAN 1      2.38                      1.59   0.79     1.90

SNOWFALL (IN)
  YESTERDAY        0.0           4.7  1971   0.1   -0.1      0.0
  MONTH TO DATE    T                         3.4   -3.4      4.3
  SINCE MAR 1      T                         3.4   -3.4      4.3
  SINCE JUL 1     20.3                      24.3   -4.0     29.9
  SNOW DEPTH       0

DEGREE DAYS
 HEATING
  YESTERDAY       20                        25     -5       33
  MONTH TO DATE  518                       673   -155      522
  SINCE MAR 1    518                       673   -155      522
  SINCE JUL 1   4840                      5701   -861     4799

 COOLING
  YESTERDAY        0                         0      0        0
  MONTH TO DATE    0                         0      0        0
  SINCE MAR 1      0                         0      0        0
  SINCE JAN 1      0                         0      0        0
..................................................................


WIND (MPH)
  HIGHEST WIND SPEED    44   HIGHEST WIND DIRECTION     N (20)
  HIGHEST GUST SPEED    52   HIGHEST GUST DIRECTION     N (20)
  AVERAGE WIND SPEED    17.7


SKY COVER
  POSSIBLE SUNSHINE  MM
  AVERAGE SKY COVER 1.0


WEATHER CONDITIONS
 THE FOLLOWING WEATHER WAS RECORDED YESTERDAY.
  RAIN
  LIGHT RAIN
  FOG


RELATIVE HUMIDITY (PERCENT)
 HIGHEST    89           200 AM
 LOWEST     71           300 PM
 AVERAGE    80

..........................................................


THE NORTH PLATTE NE CLIMATE NORMALS FOR TODAY
                         NORMAL    RECORD    YEAR
 MAXIMUM TEMPERATURE (F)   55        84      1907
 MINIMUM TEMPERATURE (F)   26         0      1965


SUNRISE AND SUNSET
MARCH 25 2017.........SUNRISE   737 AM CDT   SUNSET   801 PM CDT
MARCH 26 2017.........SUNRISE   736 AM CDT   SUNSET   802 PM CDT


-  INDICATES NEGATIVE NUMBERS.
R  INDICATES RECORD WAS SET OR TIED.
MM INDICATES DATA IS MISSING.
T  INDICATES TRACE AMOUNT.




$$
