000
CDUS43 KLBF 231131
CLILBF


CLIMATE REPORT
NATIONAL WEATHER SERVICE NORTH PLATTE
530 AM CST FRI FEB 23 2018


...................................

...THE NORTH PLATTE NE CLIMATE SUMMARY FOR FEBRUARY 22 2018...

CLIMATE NORMAL PERIOD 1981 TO 2010
CLIMATE RECORD PERIOD 1874 TO 2018


WEATHER ITEM   OBSERVED TIME   RECORD YEAR NORMAL DEPARTURE LAST
                VALUE   (LST)  VALUE       VALUE  FROM      YEAR
                                                  NORMAL
..................................................................
TEMPERATURE (F)
 YESTERDAY
  MAXIMUM         24    807 PM  76    1982  45    -21       66
  MINIMUM          9   1125 PM  -9    1914  17     -8       27
  AVERAGE         17                        31    -14       47

PRECIPITATION (IN)
  YESTERDAY        0.06          1.15 1909   0.02   0.04     0.00
  MONTH TO DATE    0.70                      0.35   0.35     0.22
  SINCE DEC 1      2.30                      1.10   1.20     1.51
  SINCE JAN 1      1.75                      0.69   1.06     0.89

SNOWFALL (IN)
  YESTERDAY        0.9           9.6  1909   0.2    0.7      0.0
  MONTH TO DATE   10.8                       4.2    6.6      1.5
  SINCE DEC 1     32.5                      13.6   18.9     10.9
  SINCE JUL 1     33.5                      19.8   13.7     15.9
  SNOW DEPTH       2

DEGREE DAYS
 HEATING
  YESTERDAY       48                        34     14       18
  MONTH TO DATE  986                       810    176      592
  SINCE DEC 1   3507                      3279    228     3054
  SINCE JUL 1   4798                      4830    -32     4095

 COOLING
  YESTERDAY        0                         0      0        0
  MONTH TO DATE    0                         0      0        0
  SINCE DEC 1      0                         0      0        0
  SINCE JAN 1      0                         0      0        0
..................................................................


WIND (MPH)
  HIGHEST WIND SPEED    14   HIGHEST WIND DIRECTION    SE (120)
  HIGHEST GUST SPEED    19   HIGHEST GUST DIRECTION    SE (130)
  AVERAGE WIND SPEED     5.8


SKY COVER
  POSSIBLE SUNSHINE  MM
  AVERAGE SKY COVER 0.9


WEATHER CONDITIONS
 THE FOLLOWING WEATHER WAS RECORDED YESTERDAY.
  LIGHT SNOW
  FOG
  FOG W/VISIBILITY <= 1/4 MILE
  HAZE


RELATIVE HUMIDITY (PERCENT)
 HIGHEST    92          1100 PM
 LOWEST     68           600 PM
 AVERAGE    80

..........................................................


THE NORTH PLATTE NE CLIMATE NORMALS FOR TODAY
                         NORMAL    RECORD    YEAR
 MAXIMUM TEMPERATURE (F)   45        73      1918
 MINIMUM TEMPERATURE (F)   17       -17      1993


SUNRISE AND SUNSET
FEBRUARY 23 2018......SUNRISE   726 AM CST   SUNSET   627 PM CST
FEBRUARY 24 2018......SUNRISE   724 AM CST   SUNSET   628 PM CST


-  INDICATES NEGATIVE NUMBERS.
R  INDICATES RECORD WAS SET OR TIED.
MM INDICATES DATA IS MISSING.
T  INDICATES TRACE AMOUNT.




$$
