000
CDUS43 KLBF 110935
CLILBF

CLIMATE REPORT
NATIONAL WEATHER SERVICE NORTH PLATTE
435 AM CDT FRI JUL 11 2014


...................................

...THE NORTH PLATTE NE CLIMATE SUMMARY FOR JULY 10 2014...

CLIMATE NORMAL PERIOD 1981 TO 2010
CLIMATE RECORD PERIOD 1874 TO 2014


WEATHER ITEM   OBSERVED TIME   RECORD YEAR NORMAL DEPARTURE LAST
                VALUE   (LST)  VALUE       VALUE  FROM      YEAR
                                                  NORMAL
..................................................................
TEMPERATURE (F)
 YESTERDAY
  MAXIMUM         89    458 PM 106    1954  88      1       85
  MINIMUM         63   1227 AM  46    1999  60      3       60
  AVERAGE         76                        74      2       73

PRECIPITATION (IN)
  YESTERDAY        0.00          3.15 1964   0.09  -0.09     0.03
  MONTH TO DATE    0.08                      0.92  -0.84     0.07
  SINCE JUN 1      8.83                      4.34   4.49     2.02
  SINCE JAN 1     13.12                     11.78   1.34     8.18

SNOWFALL (IN)
  YESTERDAY        0.0           0.0  2002   0.0    0.0      0.0
                                      2001
  MONTH TO DATE    0.0                       0.0    0.0      0.0
  SINCE JUN 1      T                         0.0    0.0       T
  SINCE JUL 1      0.0                       0.0    0.0      0.0
  SNOW DEPTH       0

DEGREE DAYS
 HEATING
  YESTERDAY        0                         0      0        0
  MONTH TO DATE    3                         0      3        4
  SINCE JUN 1     42                        51     -9       51
  SINCE JUL 1      3                         0      3        4

 COOLING
  YESTERDAY       11                         9      2        8
  MONTH TO DATE   67                        87    -20       94
  SINCE JUN 1    198                       225    -27      273
  SINCE JAN 1    247                       253     -6      321
..................................................................


WIND (MPH)
  HIGHEST WIND SPEED    28   HIGHEST WIND DIRECTION    SE (140)
  HIGHEST GUST SPEED    38   HIGHEST GUST DIRECTION    SE (130)
  AVERAGE WIND SPEED    14.2


SKY COVER
  POSSIBLE SUNSHINE  MM
  AVERAGE SKY COVER 0.2


WEATHER CONDITIONS
 THE FOLLOWING WEATHER WAS RECORDED YESTERDAY.
  FOG
  HAZE


RELATIVE HUMIDITY (PERCENT)
 HIGHEST    93          1200 AM
 LOWEST     44           400 PM
 AVERAGE    69

..........................................................


THE NORTH PLATTE NE CLIMATE NORMALS FOR TODAY
                         NORMAL    RECORD    YEAR
 MAXIMUM TEMPERATURE (F)   88       112      1954
 MINIMUM TEMPERATURE (F)   60        44      1999


SUNRISE AND SUNSET
JULY 11 2014..........SUNRISE   620 AM CDT   SUNSET   916 PM CDT
JULY 12 2014..........SUNRISE   621 AM CDT   SUNSET   916 PM CDT


-  INDICATES NEGATIVE NUMBERS.
R  INDICATES RECORD WAS SET OR TIED.
MM INDICATES DATA IS MISSING.
T  INDICATES TRACE AMOUNT.

$$
