000
CDUS43 KLBF 280936
CLILBF

CLIMATE REPORT
NATIONAL WEATHER SERVICE NORTH PLATTE
434 AM CDT THU AUG 28 2014


...................................

...THE NORTH PLATTE NE CLIMATE SUMMARY FOR AUGUST 27 2014...

CLIMATE NORMAL PERIOD 1981 TO 2010
CLIMATE RECORD PERIOD 1874 TO 2014


WEATHER ITEM   OBSERVED TIME   RECORD YEAR NORMAL DEPARTURE LAST
                VALUE   (LST)  VALUE       VALUE  FROM      YEAR
                                                  NORMAL
..................................................................
TEMPERATURE (F)
 YESTERDAY
  MAXIMUM         76   1113 AM 104    1990  85     -9      101
  MINIMUM         65    510 AM  40    1992  55     10       65
  AVERAGE         71                        70      1       83

PRECIPITATION (IN)
  YESTERDAY        1.33R         1.10 1903   0.06   1.27     0.00
  MONTH TO DATE    4.83                      2.09   2.74     3.33
  SINCE JUN 1     13.72                      8.58   5.14     8.02
  SINCE JAN 1     18.01                     16.02   1.99    14.18

SNOWFALL (IN)
  YESTERDAY        0.0           0.0  2002   0.0    0.0      0.0
                                      2001
  MONTH TO DATE    0.0                       0.0    0.0      0.0
  SINCE JUN 1      T                         0.0    0.0       T
  SINCE JUL 1      0.0                       0.0    0.0      0.0
  SNOW DEPTH       0

DEGREE DAYS
 HEATING
  YESTERDAY        0                         1     -1        0
  MONTH TO DATE    0                         6     -6        0
  SINCE JUN 1     56                        62     -6       60
  SINCE JUL 1     17                        11      6       13

 COOLING
  YESTERDAY        6                         6      0       18
  MONTH TO DATE  240                       213     27      251
  SINCE JUN 1    606                       644    -38      732
  SINCE JAN 1    655                       672    -17      780
..................................................................


WIND (MPH)
  HIGHEST WIND SPEED    21   HIGHEST WIND DIRECTION     E (110)
  HIGHEST GUST SPEED    31   HIGHEST GUST DIRECTION     S (190)
  AVERAGE WIND SPEED     8.5


SKY COVER
  POSSIBLE SUNSHINE  MM
  AVERAGE SKY COVER 0.9


WEATHER CONDITIONS
 THE FOLLOWING WEATHER WAS RECORDED YESTERDAY.
  THUNDERSTORM
  HEAVY RAIN
  RAIN
  LIGHT RAIN
  FOG


RELATIVE HUMIDITY (PERCENT)
 HIGHEST   100           400 AM
 LOWEST     79          1100 AM
 AVERAGE    90

..........................................................


THE NORTH PLATTE NE CLIMATE NORMALS FOR TODAY
                         NORMAL    RECORD    YEAR
 MAXIMUM TEMPERATURE (F)   84       102      2012
 MINIMUM TEMPERATURE (F)   55        35      1976


SUNRISE AND SUNSET
AUGUST 28 2014........SUNRISE   705 AM CDT   SUNSET   822 PM CDT
AUGUST 29 2014........SUNRISE   706 AM CDT   SUNSET   820 PM CDT


-  INDICATES NEGATIVE NUMBERS.
R  INDICATES RECORD WAS SET OR TIED.
MM INDICATES DATA IS MISSING.
T  INDICATES TRACE AMOUNT.




$$
