000
CDUS43 KLBF 221031
CLILBF


CLIMATE REPORT
NATIONAL WEATHER SERVICE NORTH PLATTE
430 AM CST WED NOV 22 2017


...................................

...THE NORTH PLATTE NE CLIMATE SUMMARY FOR NOVEMBER 21 2017...

CLIMATE NORMAL PERIOD 1981 TO 2010
CLIMATE RECORD PERIOD 1874 TO 2017


WEATHER ITEM   OBSERVED TIME   RECORD YEAR NORMAL DEPARTURE LAST
                VALUE   (LST)  VALUE       VALUE  FROM      YEAR
                                                  NORMAL
..................................................................
TEMPERATURE (F)
 YESTERDAY
  MAXIMUM         45    221 PM  73    1986  47     -2       47
  MINIMUM         20   1131 PM  -7    1964  19      1       24
  AVERAGE         33                        33      0       36

PRECIPITATION (IN)
  YESTERDAY        0.00          0.62 1979   0.02  -0.02     0.00
  MONTH TO DATE    0.07                      0.49  -0.42     0.58
  SINCE SEP 1      7.93                      3.45   4.48     3.06
  SINCE JAN 1     25.69                     19.67   6.02    22.22

SNOWFALL (IN)
  YESTERDAY        0.0           8.8  1979   0.1   -0.1      0.0
  MONTH TO DATE    0.4                       2.6   -2.2      5.0
  SINCE SEP 1      1.0                       4.9   -3.9      5.0
  SINCE JUL 1      1.0                       4.9   -3.9      5.0
  SNOW DEPTH       0

DEGREE DAYS
 HEATING
  YESTERDAY       32                        32      0       29
  MONTH TO DATE  547                       572    -25      407
  SINCE SEP 1   1100                      1221   -121      774
  SINCE JUL 1   1104                      1241   -137      786

 COOLING
  YESTERDAY        0                         0      0        0
  MONTH TO DATE    0                         0      0        0
  SINCE SEP 1    131                        73     58      104
  SINCE JAN 1    954                       768    186      911
..................................................................


WIND (MPH)
  HIGHEST WIND SPEED    30   HIGHEST WIND DIRECTION     N (20)
  HIGHEST GUST SPEED    40   HIGHEST GUST DIRECTION     N (20)
  AVERAGE WIND SPEED    10.0


SKY COVER
  POSSIBLE SUNSHINE  MM
  AVERAGE SKY COVER 0.2


WEATHER CONDITIONS
 THE FOLLOWING WEATHER WAS RECORDED YESTERDAY.
  NO SIGNIFICANT WEATHER WAS OBSERVED.


RELATIVE HUMIDITY (PERCENT)
 HIGHEST    78           200 AM
 LOWEST     31           300 PM
 AVERAGE    55

..........................................................


THE NORTH PLATTE NE CLIMATE NORMALS FOR TODAY
                         NORMAL    RECORD    YEAR
 MAXIMUM TEMPERATURE (F)   47        73      1903
 MINIMUM TEMPERATURE (F)   18        -6      1898


SUNRISE AND SUNSET
NOVEMBER 22 2017......SUNRISE   739 AM CST   SUNSET   519 PM CST
NOVEMBER 23 2017......SUNRISE   740 AM CST   SUNSET   518 PM CST


-  INDICATES NEGATIVE NUMBERS.
R  INDICATES RECORD WAS SET OR TIED.
MM INDICATES DATA IS MISSING.
T  INDICATES TRACE AMOUNT.




$$
