681
CDUS43 KLBF 200858
CLILBF


CLIMATE REPORT
NATIONAL WEATHER SERVICE NORTH PLATTE
357 AM CDT WED SEP 20 2017


...................................

...THE NORTH PLATTE NE CLIMATE SUMMARY FOR SEPTEMBER 19 2017...

CLIMATE NORMAL PERIOD 1981 TO 2010
CLIMATE RECORD PERIOD 1874 TO 2017


WEATHER ITEM   OBSERVED TIME   RECORD YEAR NORMAL DEPARTURE LAST
                VALUE   (LST)  VALUE       VALUE  FROM      YEAR
                                                  NORMAL
..................................................................
TEMPERATURE (F)
 YESTERDAY
  MAXIMUM         92    407 PM  96    1895  77     15       87
  MINIMUM         48   1143 PM  26    2003  45      3       47
                                      1991
                                      1971
  AVERAGE         70                        61      9       67

PRECIPITATION (IN)
  YESTERDAY        0.00          1.69 1996   0.05  -0.05     0.00
  MONTH TO DATE    0.54                      0.89  -0.35     0.81
  SINCE SEP 1      0.54                      0.89  -0.35     0.81
  SINCE JAN 1     18.30                     17.11   1.19    19.97

SNOWFALL (IN)
  YESTERDAY        0.0           T    1983   0.0    0.0      0.0
  MONTH TO DATE    0.0                       0.0    0.0      0.0
  SINCE SEP 1      0.0                       0.0    0.0      0.0
  SINCE JUL 1      T                         0.0    0.0      0.0
  SNOW DEPTH       0

DEGREE DAYS
 HEATING
  YESTERDAY        0                         6     -6        0
  MONTH TO DATE   34                        65    -31       33
  SINCE SEP 1     34                        65    -31       33
  SINCE JUL 1     38                        85    -47       45

 COOLING
  YESTERDAY        5                         2      3        2
  MONTH TO DATE  113                        61     52       63
  SINCE SEP 1    113                        61     52       63
  SINCE JAN 1    936                       756    180      870
..................................................................


WIND (MPH)
  HIGHEST WIND SPEED    35   HIGHEST WIND DIRECTION    NW (320)
  HIGHEST GUST SPEED    47   HIGHEST GUST DIRECTION    NW (320)
  AVERAGE WIND SPEED    10.5


SKY COVER
  POSSIBLE SUNSHINE  MM
  AVERAGE SKY COVER 0.0


WEATHER CONDITIONS
 THE FOLLOWING WEATHER WAS RECORDED YESTERDAY.
  FOG


RELATIVE HUMIDITY (PERCENT)
 HIGHEST   100           200 AM
 LOWEST     21           300 PM
 AVERAGE    61

..........................................................


THE NORTH PLATTE NE CLIMATE NORMALS FOR TODAY
                         NORMAL    RECORD    YEAR
 MAXIMUM TEMPERATURE (F)   76        96      2016
 MINIMUM TEMPERATURE (F)   45        25      1918


SUNRISE AND SUNSET
SEPTEMBER 20 2017.....SUNRISE   728 AM CDT   SUNSET   743 PM CDT
SEPTEMBER 21 2017.....SUNRISE   729 AM CDT   SUNSET   741 PM CDT


-  INDICATES NEGATIVE NUMBERS.
R  INDICATES RECORD WAS SET OR TIED.
MM INDICATES DATA IS MISSING.
T  INDICATES TRACE AMOUNT.




$$
