000
CDUS43 KLBF 172227
CLILBF

CLIMATE REPORT
NATIONAL WEATHER SERVICE NORTH PLATTE
426 PM CST WED DEC 17 2014


...................................

...THE NORTH PLATTE NE CLIMATE SUMMARY FOR DECEMBER 17 2014...
VALID TODAY AS OF 0400 PM LOCAL TIME.

CLIMATE NORMAL PERIOD 1981 TO 2010
CLIMATE RECORD PERIOD 1874 TO 2014


WEATHER ITEM   OBSERVED TIME   RECORD YEAR NORMAL DEPARTURE LAST
                VALUE   (LST)  VALUE       VALUE  FROM      YEAR
                                                  NORMAL
..................................................................
TEMPERATURE (F)
 TODAY
  MAXIMUM         23    136 PM  75    1980  38    -15       50
  MINIMUM         20   1004 AM -16    1878  11      9       15
  AVERAGE         22                        25     -3       33

PRECIPITATION (IN)
  TODAY            0.00          0.25 1936   0.01  -0.01     0.00
  MONTH TO DATE    0.72                      0.23   0.49     0.06
  SINCE DEC 1      0.72                      0.23   0.49     0.06
  SINCE JAN 1     21.20                     20.05   1.15    21.67

SNOWFALL (IN)
  TODAY            0.0           3.3  1936   0.1   -0.1      0.0
  MONTH TO DATE    2.3                       2.4   -0.1      1.5
  SINCE DEC 1      2.3                       2.4   -0.1      1.5
  SINCE JUL 1      2.7                       8.6   -5.9      4.6
  SNOW DEPTH       T

DEGREE DAYS
 HEATING
  TODAY           43                        40      3       32
  MONTH TO DATE  534                       659   -125      723
  SINCE DEC 1    534                       659   -125      723
  SINCE JUL 1   2054                      2210   -156     2208

 COOLING
  TODAY            0                         0      0        0
  MONTH TO DATE    0                         0      0        0
  SINCE DEC 1      0                         0      0        0
  SINCE JAN 1    744                       768    -24      998
..................................................................


WIND (MPH)
  HIGHEST WIND SPEED    12   HIGHEST WIND DIRECTION     S (160)
  HIGHEST GUST SPEED    14   HIGHEST GUST DIRECTION     S (160)
  AVERAGE WIND SPEED     6.5


SKY COVER
  POSSIBLE SUNSHINE  MM
  AVERAGE SKY COVER 1.0


WEATHER CONDITIONS
 THE FOLLOWING WEATHER WAS RECORDED TODAY.
  FOG


RELATIVE HUMIDITY (PERCENT)
 HIGHEST    92          1100 AM
 LOWEST     84           200 AM
 AVERAGE    88

..........................................................


THE NORTH PLATTE NE CLIMATE NORMALS FOR TOMORROW
                         NORMAL    RECORD    YEAR
 MAXIMUM TEMPERATURE (F)   38        68      2013
 MINIMUM TEMPERATURE (F)   11       -19      1983


SUNRISE AND SUNSET
DECEMBER 17 2014......SUNRISE   802 AM CST   SUNSET   516 PM CST
DECEMBER 18 2014......SUNRISE   803 AM CST   SUNSET   516 PM CST


-  INDICATES NEGATIVE NUMBERS.
R  INDICATES RECORD WAS SET OR TIED.
MM INDICATES DATA IS MISSING.
T  INDICATES TRACE AMOUNT.

$$
