364
CDUS42 KILM 270843
CLILBT


CLIMATE REPORT
NATIONAL WEATHER SERVICE WILMINGTON NC
443 AM EDT FRI MAY 27 2016


...................................

...THE LUMBERTON NC CLIMATE SUMMARY FOR MAY 26 2016...

CLIMATE NORMAL PERIOD 1981 TO 2010
CLIMATE RECORD PERIOD 9999 TO 9999


WEATHER ITEM   OBSERVED TIME   NORMAL DEPARTURE LAST
                VALUE   (LST)  VALUE  FROM      YEAR
                                      NORMAL
......................................................
TEMPERATURE (F)
 YESTERDAY
  MAXIMUM         90    335 PM  84      6       92
  MINIMUM         65    550 AM  61      4       59
  AVERAGE         78            73      5       76

PRECIPITATION (IN)
  YESTERDAY        0.00          0.12  -0.12      T
  MONTH TO DATE    5.01          2.42   2.59     1.77
  SINCE MAR 1      9.36          8.57   0.79     7.84
  SINCE JAN 1     17.64         14.44   3.20    17.30

DEGREE DAYS
 HEATING
  YESTERDAY        0             0      0        0
  MONTH TO DATE   22            30     -8       12
  SINCE MAR 1    339           529   -190      414
  SINCE JUL 1   2018          2759   -741     2778

 COOLING
  YESTERDAY       13             8      5       11
  MONTH TO DATE  139           138      1      180
  SINCE MAR 1    255           203     52      274
  SINCE JAN 1    256           206     50      274
......................................................


WIND (MPH)
  HIGHEST WIND SPEED    12   HIGHEST WIND DIRECTION    SW (210)
  HIGHEST GUST SPEED    15   HIGHEST GUST DIRECTION    SW (210)
  AVERAGE WIND SPEED     4.6


SKY COVER
  POSSIBLE SUNSHINE  MM
  AVERAGE SKY COVER 0.1


WEATHER CONDITIONS
 THE FOLLOWING WEATHER WAS RECORDED YESTERDAY.
  FOG


RELATIVE HUMIDITY (PERCENT)
 HIGHEST    93           400 AM
 LOWEST     41           200 PM
 AVERAGE    67

..........................................................


THE LUMBERTON NC CLIMATE NORMALS FOR TODAY
                         NORMAL
 MAXIMUM TEMPERATURE (F)   85
 MINIMUM TEMPERATURE (F)   62


SUNRISE AND SUNSET
MAY 27 2016...........SUNRISE   606 AM EDT   SUNSET   821 PM EDT
MAY 28 2016...........SUNRISE   606 AM EDT   SUNSET   822 PM EDT


-  INDICATES NEGATIVE NUMBERS.
R  INDICATES RECORD WAS SET OR TIED.
MM INDICATES DATA IS MISSING.
T  INDICATES TRACE AMOUNT.




$$
