000
CDUS42 KILM 252057
CLILBT


CLIMATE REPORT
NATIONAL WEATHER SERVICE WILMINGTON NC
454 PM EDT THU MAY 25 2017


...................................

...THE LUMBERTON NC CLIMATE SUMMARY FOR MAY 25 2017...
VALID TODAY AS OF 0400 PM LOCAL TIME.

CLIMATE NORMAL PERIOD 1981 TO 2010
CLIMATE RECORD PERIOD 9999 TO 9999


WEATHER ITEM   OBSERVED TIME   NORMAL DEPARTURE LAST
                VALUE   (LST)  VALUE  FROM      YEAR
                                      NORMAL
......................................................
TEMPERATURE (F)
 TODAY
  MAXIMUM         75    246 PM  84     -9       90
  MINIMUM         66    646 AM  61      5       57
  AVERAGE         71            72     -1       74

PRECIPITATION (IN)
  TODAY            T             0.12  -0.12     0.00
  MONTH TO DATE    3.80          2.30   1.50     5.01
  SINCE MAR 1     13.77          8.45   5.32     9.36
  SINCE JAN 1     17.26         14.32   2.94    17.64

DEGREE DAYS
 HEATING
  TODAY            0             0      0        0
  MONTH TO DATE   14            30    -16       22
  SINCE MAR 1    432           529    -97      339
  SINCE JUL 1   2079          2759   -680     2018

 COOLING
  TODAY            6             8     -2        9
  MONTH TO DATE  170           130     40      126
  SINCE MAR 1    319           195    124      242
  SINCE JAN 1    329           198    131      243
......................................................


WIND (MPH)
  HIGHEST WIND SPEED    28   HIGHEST WIND DIRECTION    SW (240)
  HIGHEST GUST SPEED    36   HIGHEST GUST DIRECTION    SW (240)
  AVERAGE WIND SPEED    12.5


SKY COVER
  POSSIBLE SUNSHINE  MM
  AVERAGE SKY COVER 0.5


WEATHER CONDITIONS
 THE FOLLOWING WEATHER WAS RECORDED TODAY.
  LIGHT RAIN


RELATIVE HUMIDITY (PERCENT)
 HIGHEST   100           400 AM
 LOWEST     53          1200 PM
 AVERAGE    77

..........................................................


THE LUMBERTON NC CLIMATE NORMALS FOR TOMORROW
                         NORMAL
 MAXIMUM TEMPERATURE (F)   84
 MINIMUM TEMPERATURE (F)   61


SUNRISE AND SUNSET
MAY 25 2017...........SUNRISE   607 AM EDT   SUNSET   820 PM EDT
MAY 26 2017...........SUNRISE   607 AM EDT   SUNSET   820 PM EDT


-  INDICATES NEGATIVE NUMBERS.
R  INDICATES RECORD WAS SET OR TIED.
MM INDICATES DATA IS MISSING.
T  INDICATES TRACE AMOUNT.




$$
