000
CDUS44 KLCH 272258
CLILCH


CLIMATE REPORT
NATIONAL WEATHER SERVICE LAKE CHARLES, LA
458 PM CST FRI FEB 27 2015


...................................

...THE LAKE CHARLES CLIMATE SUMMARY FOR FEBRUARY 27 2015...
VALID TODAY AS OF 0400 PM LOCAL TIME.

CLIMATE NORMAL PERIOD 1981 TO 2010
CLIMATE RECORD PERIOD 1895 TO 2015


WEATHER ITEM   OBSERVED TIME   RECORD YEAR NORMAL DEPARTURE LAST
                VALUE   (LST)  VALUE       VALUE  FROM      YEAR
                                                  NORMAL
..................................................................
TEMPERATURE (F)
 TODAY
  MAXIMUM         51    358 PM  83    1956  67    -16       55
  MINIMUM         36    813 AM  24    2002  48    -12       33
  AVERAGE         44                        58    -14       44

PRECIPITATION (IN)
  TODAY            0.00          2.56 1903   0.11  -0.11     0.00
  MONTH TO DATE    1.58                      3.34  -1.76     4.50
  SINCE DEC 1     10.51                     13.25  -2.74     8.84
  SINCE JAN 1      8.48                      8.57  -0.09     6.79

SNOWFALL (IN)
  TODAY            0.0           0.0    MM   0.0    0.0      0.0
  MONTH TO DATE    0.0                       0.1   -0.1       T
  SINCE DEC 1      0.0                       0.1   -0.1      0.1
  SINCE JUL 1      0.0                       0.1   -0.1      0.1
  SNOW DEPTH       0

DEGREE DAYS
 HEATING
  TODAY           21                         8     13       21
  MONTH TO DATE  372                       283     89      346
  SINCE DEC 1   1146                      1067     79     1362
  SINCE JUL 1   1422                      1274    148     1636

 COOLING
  TODAY            0                         1     -1        0
  MONTH TO DATE    6                         5      1       15
  SINCE DEC 1     23                        35    -12       40
  SINCE JAN 1      6                        15     -9       15
..................................................................


WIND (MPH)
  HIGHEST WIND SPEED    21   HIGHEST WIND DIRECTION    NE (50)
  HIGHEST GUST SPEED    27   HIGHEST GUST DIRECTION    NE (50)
  AVERAGE WIND SPEED    14.4


SKY COVER
  POSSIBLE SUNSHINE  MM
  AVERAGE SKY COVER 0.6


WEATHER CONDITIONS
 THE FOLLOWING WEATHER WAS RECORDED TODAY.
  NO SIGNIFICANT WEATHER WAS OBSERVED.


RELATIVE HUMIDITY (PERCENT)
 HIGHEST    79           300 AM
 LOWEST     50           200 PM
 AVERAGE    65

..........................................................


THE LAKE CHARLES CLIMATE NORMALS FOR TOMORROW
                         NORMAL    RECORD    YEAR
 MAXIMUM TEMPERATURE (F)   68        85      1932
 MINIMUM TEMPERATURE (F)   48        26      1913


SUNRISE AND SUNSET
FEBRUARY 27 2015......SUNRISE   641 AM CST   SUNSET   610 PM CST
FEBRUARY 28 2015......SUNRISE   640 AM CST   SUNSET   611 PM CST


-  INDICATES NEGATIVE NUMBERS.
R  INDICATES RECORD WAS SET OR TIED.
MM INDICATES DATA IS MISSING.
T  INDICATES TRACE AMOUNT.




$$
