000
CDUS44 KLCH 281245
CLILCH


CLIMATE REPORT
NATIONAL WEATHER SERVICE LAKE CHARLES, LA
745 AM CDT SAT MAY 28 2016


...................................

...THE LAKE CHARLES CLIMATE SUMMARY FOR MAY 27 2016...

CLIMATE NORMAL PERIOD 1981 TO 2010
CLIMATE RECORD PERIOD 1895 TO 2016


WEATHER ITEM   OBSERVED TIME   RECORD YEAR NORMAL DEPARTURE LAST
                VALUE   (LST)  VALUE       VALUE  FROM      YEAR
                                                  NORMAL
..................................................................
TEMPERATURE (F)
 YESTERDAY
  MAXIMUM         85    103 PM  95    2010  87     -2       88
                                      1916
                                      1906
  MINIMUM         67   1006 PM  49    1901  69     -2       66
  AVERAGE         76                        78     -2       77

PRECIPITATION (IN)
  YESTERDAY        1.78          3.11 1941   0.20   1.58     1.78
  MONTH TO DATE   10.73                      4.43   6.30     6.49
  SINCE MAR 1     24.06                     11.42  12.64    25.88
  SINCE JAN 1     29.23                     20.11   9.12    34.36

SNOWFALL (IN)
  YESTERDAY        0.0           0.0    MM   0.0    0.0      0.0
  MONTH TO DATE    0.0                       0.0    0.0      0.0
  SINCE MAR 1      0.0                       0.0    0.0       T
  SINCE JUL 1      0.0                       0.1   -0.1       T
  SNOW DEPTH       0

DEGREE DAYS
 HEATING
  YESTERDAY        0                         0      0        0
  MONTH TO DATE    0                         0      0        0
  SINCE MAR 1     85                       207   -122      105
  SINCE JUL 1   1034                      1489   -455     1543

 COOLING
  YESTERDAY       11                        13     -2       12
  MONTH TO DATE  271                       276     -5      326
  SINCE MAR 1    545                       461     84      579
  SINCE JAN 1    560                       484     76      585
..................................................................


WIND (MPH)
  HIGHEST WIND SPEED    26   HIGHEST WIND DIRECTION    SE (150)
  HIGHEST GUST SPEED    35   HIGHEST GUST DIRECTION    SE (140)
  AVERAGE WIND SPEED    13.9


SKY COVER
  POSSIBLE SUNSHINE  MM
  AVERAGE SKY COVER 0.6


WEATHER CONDITIONS
 THE FOLLOWING WEATHER WAS RECORDED YESTERDAY.
  THUNDERSTORM
  HEAVY RAIN
  RAIN
  LIGHT RAIN
  FOG


RELATIVE HUMIDITY (PERCENT)
 HIGHEST   100           800 PM
 LOWEST     65          1100 AM
 AVERAGE    83

..........................................................


THE LAKE CHARLES CLIMATE NORMALS FOR TODAY
                         NORMAL    RECORD    YEAR
 MAXIMUM TEMPERATURE (F)   87        97      2010
                                             1953
                                             1916
 MINIMUM TEMPERATURE (F)   70        54      1961
                                             1901


SUNRISE AND SUNSET
MAY 28 2016...........SUNRISE   613 AM CDT   SUNSET   808 PM CDT
MAY 29 2016...........SUNRISE   613 AM CDT   SUNSET   808 PM CDT


-  INDICATES NEGATIVE NUMBERS.
R  INDICATES RECORD WAS SET OR TIED.
MM INDICATES DATA IS MISSING.
T  INDICATES TRACE AMOUNT.




$$
