000
CDUS44 KLCH 140819
CLILCH


CLIMATE REPORT
NATIONAL WEATHER SERVICE LAKE CHARLES, LA
219 AM CST THU DEC 14 2017


...................................

...THE LAKE CHARLES CLIMATE SUMMARY FOR DECEMBER 13 2017...

CLIMATE NORMAL PERIOD 1981 TO 2010
CLIMATE RECORD PERIOD 1895 TO 2017


WEATHER ITEM   OBSERVED TIME   RECORD YEAR NORMAL DEPARTURE LAST
                VALUE   (LST)  VALUE       VALUE  FROM      YEAR
                                                  NORMAL
..................................................................
TEMPERATURE (F)
 YESTERDAY
  MAXIMUM         59    232 PM  81    1933  64     -5       78
                                      1921
                                      1919
  MINIMUM         32    657 AM  18    1962  44    -12       61
  AVERAGE         46                        54     -8       70

PRECIPITATION (IN)
  YESTERDAY        0.00          3.73 1956   0.15  -0.15     0.14
  MONTH TO DATE    2.24                      1.90   0.34     8.74
  SINCE DEC 1      2.24                      1.90   0.34     8.74
  SINCE JAN 1     73.19                     54.71  18.48    71.56

SNOWFALL (IN)
  YESTERDAY        0.0           0.0    MM   0.0    0.0      0.0
  MONTH TO DATE    2.1                       0.0    2.1      0.0
  SINCE DEC 1      2.1                       0.0    2.1      0.0
  SINCE JUL 1      2.1                       0.0    2.1      0.0
  SNOW DEPTH       0

DEGREE DAYS
 HEATING
  YESTERDAY       19                        12      7        0
  MONTH TO DATE  157                       135     22      131
  SINCE DEC 1    157                       135     22      131
  SINCE JUL 1    305                       342    -37      225

 COOLING
  YESTERDAY        0                         1     -1        5
  MONTH TO DATE    6                        13     -7       10
  SINCE DEC 1      6                        13     -7       10
  SINCE JAN 1   3165                      2802    363     3209
..................................................................


WIND (MPH)
  HIGHEST WIND SPEED    12   HIGHEST WIND DIRECTION    SW (210)
  HIGHEST GUST SPEED    18   HIGHEST GUST DIRECTION    SW (210)
  AVERAGE WIND SPEED     2.9


SKY COVER
  POSSIBLE SUNSHINE  MM
  AVERAGE SKY COVER 0.0


WEATHER CONDITIONS
 THE FOLLOWING WEATHER WAS RECORDED YESTERDAY.
  NO SIGNIFICANT WEATHER WAS OBSERVED.


RELATIVE HUMIDITY (PERCENT)
 HIGHEST   100           500 AM
 LOWEST     35          1100 AM
 AVERAGE    68

..........................................................


THE LAKE CHARLES CLIMATE NORMALS FOR TODAY
                         NORMAL    RECORD    YEAR
 MAXIMUM TEMPERATURE (F)   64        81      1971
 MINIMUM TEMPERATURE (F)   44        24      1914


SUNRISE AND SUNSET
DECEMBER 14 2017......SUNRISE   701 AM CST   SUNSET   514 PM CST
DECEMBER 15 2017......SUNRISE   702 AM CST   SUNSET   515 PM CST


-  INDICATES NEGATIVE NUMBERS.
R  INDICATES RECORD WAS SET OR TIED.
MM INDICATES DATA IS MISSING.
T  INDICATES TRACE AMOUNT.




$$
