000
CDUS44 KLCH 240816
CLILCH


CLIMATE REPORT
NATIONAL WEATHER SERVICE LAKE CHARLES, LA
215 AM CST MON NOV 24 2014


...................................

...THE LAKE CHARLES CLIMATE SUMMARY FOR NOVEMBER 23 2014...

CLIMATE NORMAL PERIOD 1981 TO 2010
CLIMATE RECORD PERIOD 1895 TO 2014


WEATHER ITEM   OBSERVED TIME   RECORD YEAR NORMAL DEPARTURE LAST
                VALUE   (LST)  VALUE       VALUE  FROM      YEAR
                                                  NORMAL
..................................................................
TEMPERATURE (F)
 YESTERDAY
  MAXIMUM         72    225 PM  91    1915  69      3       60
  MINIMUM         61    736 AM  28    1975  49     12       45
  AVERAGE         67                        59      8       53

PRECIPITATION (IN)
  YESTERDAY        3.37R         1.80 1986   0.14   3.23     0.02
  MONTH TO DATE    7.05                      3.43   3.62     0.54
  SINCE SEP 1     14.53                     13.59   0.94    13.77
  SINCE JAN 1     66.60                     51.81  14.79    52.77

SNOWFALL (IN)
  YESTERDAY        0.0           0.0    MM   0.0    0.0     MM
  MONTH TO DATE    0.0                       0.0    0.0      0.0
  SINCE SEP 1      0.0                       0.0    0.0      0.0
  SINCE JUL 1      0.0                       0.0    0.0      0.0
  SNOW DEPTH       0

DEGREE DAYS
 HEATING
  YESTERDAY        0                         7     -7       12
  MONTH TO DATE  210                       112     98      105
  SINCE SEP 1    215                       148     67      123
  SINCE JUL 1    215                       148     67      123

 COOLING
  YESTERDAY        2                         1      1        0
  MONTH TO DATE   16                        47    -31       40
  SINCE SEP 1    675                       651     24      742
  SINCE JAN 1   2685                      2780    -95     2947
..................................................................


WIND (MPH)
  HIGHEST WIND SPEED    22   HIGHEST WIND DIRECTION    NW (310)
  HIGHEST GUST SPEED    32   HIGHEST GUST DIRECTION    SW (230)
  AVERAGE WIND SPEED    11.2


SKY COVER
  POSSIBLE SUNSHINE  MM
  AVERAGE SKY COVER 0.4


WEATHER CONDITIONS
 THE FOLLOWING WEATHER WAS RECORDED YESTERDAY.
  THUNDERSTORM
  HEAVY RAIN
  RAIN
  LIGHT RAIN
  FOG


RELATIVE HUMIDITY (PERCENT)
 HIGHEST   100           400 AM
 LOWEST     66           100 PM
 AVERAGE    83

..........................................................


THE LAKE CHARLES CLIMATE NORMALS FOR TODAY
                         NORMAL    RECORD    YEAR
 MAXIMUM TEMPERATURE (F)   69        90      1915
 MINIMUM TEMPERATURE (F)   48        28      1911


SUNRISE AND SUNSET
NOVEMBER 24 2014......SUNRISE   646 AM CST   SUNSET   513 PM CST
NOVEMBER 25 2014......SUNRISE   646 AM CST   SUNSET   513 PM CST


-  INDICATES NEGATIVE NUMBERS.
R  INDICATES RECORD WAS SET OR TIED.
MM INDICATES DATA IS MISSING.
T  INDICATES TRACE AMOUNT.




$$
