000
CDUS44 KLCH 190823
CLILCH


CLIMATE REPORT
NATIONAL WEATHER SERVICE LAKE CHARLES, LA
322 AM CDT TUE SEP 19 2017


...................................

...THE LAKE CHARLES CLIMATE SUMMARY FOR SEPTEMBER 18 2017...

CLIMATE NORMAL PERIOD 1981 TO 2010
CLIMATE RECORD PERIOD 1895 TO 2017


WEATHER ITEM   OBSERVED TIME   RECORD YEAR NORMAL DEPARTURE LAST
                VALUE   (LST)  VALUE       VALUE  FROM      YEAR
                                                  NORMAL
..................................................................
TEMPERATURE (F)
 YESTERDAY
  MAXIMUM         92   1251 PM  99    1927  88      4       95
                                      1915
  MINIMUM         72    606 AM  50    1903  69      3       77
  AVERAGE         82                        78      4       86

PRECIPITATION (IN)
  YESTERDAY        T             3.14 1990   0.16  -0.16     0.00
  MONTH TO DATE    T                         3.38  -3.38     3.03
  SINCE SEP 1      T                         3.38  -3.38     3.03
  SINCE JAN 1     63.76                     41.60  22.16    58.94

SNOWFALL (IN)
  YESTERDAY        0.0           0.0    MM   0.0    0.0      0.0
  MONTH TO DATE    0.0                       0.0    0.0      0.0
  SINCE SEP 1      0.0                       0.0    0.0      0.0
  SINCE JUL 1      0.0                       0.0    0.0      0.0
  SNOW DEPTH       0

DEGREE DAYS
 HEATING
  YESTERDAY        0                         0      0        0
  MONTH TO DATE    0                         0      0        0
  SINCE SEP 1      0                         0      0        0
  SINCE JUL 1      0                         0      0        0

 COOLING
  YESTERDAY       17                        13      4       21
  MONTH TO DATE  239                       273    -34      328
  SINCE SEP 1    239                       273    -34      328
  SINCE JAN 1   2565                      2402    163     2655
..................................................................


WIND (MPH)
  HIGHEST WIND SPEED    12   HIGHEST WIND DIRECTION    SW (220)
  HIGHEST GUST SPEED    18   HIGHEST GUST DIRECTION     S (180)
  AVERAGE WIND SPEED     4.3


SKY COVER
  POSSIBLE SUNSHINE  MM
  AVERAGE SKY COVER 0.2


WEATHER CONDITIONS
 THE FOLLOWING WEATHER WAS RECORDED YESTERDAY.
  LIGHT RAIN
  FOG
  FOG W/VISIBILITY <= 1/4 MILE


RELATIVE HUMIDITY (PERCENT)
 HIGHEST   100           500 AM
 LOWEST     52          1200 PM
 AVERAGE    76

..........................................................


THE LAKE CHARLES CLIMATE NORMALS FOR TODAY
                         NORMAL    RECORD    YEAR
 MAXIMUM TEMPERATURE (F)   88        97      1915
                                             1909
                                             1906
 MINIMUM TEMPERATURE (F)   68        49      1981


SUNRISE AND SUNSET
SEPTEMBER 19 2017.....SUNRISE   700 AM CDT   SUNSET   713 PM CDT
SEPTEMBER 20 2017.....SUNRISE   700 AM CDT   SUNSET   712 PM CDT


-  INDICATES NEGATIVE NUMBERS.
R  INDICATES RECORD WAS SET OR TIED.
MM INDICATES DATA IS MISSING.
T  INDICATES TRACE AMOUNT.




$$
