000
CDUS44 KLCH 281245
CLILCH


CLIMATE REPORT
NATIONAL WEATHER SERVICE LAKE CHARLES, LA
745 AM CDT THU JUL 28 2016


...................................

...THE LAKE CHARLES CLIMATE SUMMARY FOR JULY 27 2016...

CLIMATE NORMAL PERIOD 1981 TO 2010
CLIMATE RECORD PERIOD 1895 TO 2016


WEATHER ITEM   OBSERVED TIME   RECORD YEAR NORMAL DEPARTURE LAST
                VALUE   (LST)  VALUE       VALUE  FROM      YEAR
                                                  NORMAL
..................................................................
TEMPERATURE (F)
 YESTERDAY
  MAXIMUM         84    419 PM  99    1930  92     -8       96
                                      1925
                                      1915
  MINIMUM         74    715 AM  64    1911  75     -1       77
  AVERAGE         79                        83     -4       87

PRECIPITATION (IN)
  YESTERDAY        0.28          3.42 1943   0.17   0.11     0.00
  MONTH TO DATE    2.70                      4.94  -2.24     0.28
  SINCE JUN 1     11.84                     11.79   0.05     7.36
  SINCE JAN 1     41.16                     32.67   8.49    41.79

SNOWFALL (IN)
  YESTERDAY        0.0           0.0    MM   0.0    0.0      0.0
  MONTH TO DATE    0.0                       0.0    0.0      0.0
  SINCE JUN 1      0.0                       0.0    0.0      0.0
  SINCE JUL 1      0.0                       0.0    0.0      0.0
  SNOW DEPTH       0

DEGREE DAYS
 HEATING
  YESTERDAY        0                         0      0        0
  MONTH TO DATE    0                         0      0        0
  SINCE JUN 1      0                         0      0        0
  SINCE JUL 1      0                         0      0        0

 COOLING
  YESTERDAY       14                        18     -4       22
  MONTH TO DATE  542                       483     59      534
  SINCE JUN 1   1054                       963     91     1046
  SINCE JAN 1   1670                      1501    169     1690
..................................................................


WIND (MPH)
  HIGHEST WIND SPEED    15   HIGHEST WIND DIRECTION     S (190)
  HIGHEST GUST SPEED    23   HIGHEST GUST DIRECTION     S (190)
  AVERAGE WIND SPEED     5.2


SKY COVER
  POSSIBLE SUNSHINE  MM
  AVERAGE SKY COVER 0.4


WEATHER CONDITIONS
 THE FOLLOWING WEATHER WAS RECORDED YESTERDAY.
  THUNDERSTORM
  HEAVY RAIN
  RAIN
  LIGHT RAIN
  FOG


RELATIVE HUMIDITY (PERCENT)
 HIGHEST    91           300 AM
 LOWEST     61           300 PM
 AVERAGE    76

..........................................................


THE LAKE CHARLES CLIMATE NORMALS FOR TODAY
                         NORMAL    RECORD    YEAR
 MAXIMUM TEMPERATURE (F)   92       100      1995
                                             1930
                                             1915
 MINIMUM TEMPERATURE (F)   75        67      1917
                                             1904


SUNRISE AND SUNSET
JULY 28 2016..........SUNRISE   630 AM CDT   SUNSET   809 PM CDT
JULY 29 2016..........SUNRISE   630 AM CDT   SUNSET   808 PM CDT


-  INDICATES NEGATIVE NUMBERS.
R  INDICATES RECORD WAS SET OR TIED.
MM INDICATES DATA IS MISSING.
T  INDICATES TRACE AMOUNT.




$$
