000
CDUS43 KLMK 262135
CLILEX


CLIMATE REPORT
NATIONAL WEATHER SERVICE LOUISVILLE KY
434 PM EST MON JAN 26 2015


...................................

...THE LEXINGTON KY CLIMATE SUMMARY FOR JANUARY 26 2015...
VALID TODAY AS OF 0400 PM LOCAL TIME.

CLIMATE NORMAL PERIOD 1981 TO 2010
CLIMATE RECORD PERIOD 1872 TO 2015


WEATHER ITEM   OBSERVED TIME   RECORD YEAR NORMAL DEPARTURE LAST
                VALUE   (LST)  VALUE       VALUE  FROM      YEAR
                                                  NORMAL
..................................................................
TEMPERATURE (F)
 TODAY
  MAXIMUM         40   1211 AM  71    1944  41     -1       49
  MINIMUM         23   1032 AM  -7    1940  25     -2        9
  AVERAGE         32                        33     -1       29

PRECIPITATION (IN)
  TODAY            T             1.54 1950   0.10  -0.10     0.00
  MONTH TO DATE    1.78                      2.66  -0.88     2.31
  SINCE DEC 1      5.08                      6.59  -1.51     7.89
  SINCE JAN 1      1.78                      2.66  -0.88     2.31

SNOWFALL (IN)
  TODAY            0.1          13.4  1943   0.1    0.0      0.0
  MONTH TO DATE    5.1                       3.1    2.0      8.6
  SINCE DEC 1      5.1                       5.6   -0.5      9.2
  SINCE JUL 1      6.7                       5.9    0.8     10.6
  SNOW DEPTH       T

DEGREE DAYS
 HEATING
  TODAY           33                        32      1       36
  MONTH TO DATE  872                       832     40      958
  SINCE DEC 1   1683                      1733    -50     1789
  SINCE JUL 1   2690                      2620     70     2716

 COOLING
  TODAY            0                         0      0        0
  MONTH TO DATE    0                         0      0        0
  SINCE DEC 1      0                         0      0        0
  SINCE JAN 1      0                         0      0        0
..................................................................


WIND (MPH)
  HIGHEST WIND SPEED    22   HIGHEST WIND DIRECTION    NW (330)
  HIGHEST GUST SPEED    28   HIGHEST GUST DIRECTION    NW (310)
  AVERAGE WIND SPEED    12.4


SKY COVER
  POSSIBLE SUNSHINE  MM
  AVERAGE SKY COVER 1.0


WEATHER CONDITIONS
 THE FOLLOWING WEATHER WAS RECORDED TODAY.
  LIGHT SNOW
  FOG
  FOG W/VISIBILITY <= 1/4 MILE


RELATIVE HUMIDITY (PERCENT)
 HIGHEST   100          1200 AM
 LOWEST     75           400 PM
 AVERAGE    88

..........................................................


THE LEXINGTON KY CLIMATE NORMALS FOR TOMORROW
                         NORMAL    RECORD    YEAR
 MAXIMUM TEMPERATURE (F)   41        74      1944
 MINIMUM TEMPERATURE (F)   25       -15      1936


SUNRISE AND SUNSET
JANUARY 26 2015.......SUNRISE   748 AM EST   SUNSET   555 PM EST
JANUARY 27 2015.......SUNRISE   747 AM EST   SUNSET   556 PM EST


-  INDICATES NEGATIVE NUMBERS.
R  INDICATES RECORD WAS SET OR TIED.
MM INDICATES DATA IS MISSING.
T  INDICATES TRACE AMOUNT.




$$
