000
CDUS43 KLMK 290627
CLILEX


CLIMATE REPORT
NATIONAL WEATHER SERVICE LOUISVILLE KY
227 AM EDT SUN MAY 29 2016


...................................

...THE LEXINGTON KY CLIMATE SUMMARY FOR MAY 28 2016...

CLIMATE NORMAL PERIOD 1981 TO 2010
CLIMATE RECORD PERIOD 1872 TO 2016


WEATHER ITEM   OBSERVED TIME   RECORD YEAR NORMAL DEPARTURE LAST
                VALUE   (LST)  VALUE       VALUE  FROM      YEAR
                                                  NORMAL
..................................................................
TEMPERATURE (F)
 YESTERDAY
  MAXIMUM         84    503 PM  93    1941  78      6       79
                                      1911
  MINIMUM         65   1127 PM  39    1907  57      8       60
  AVERAGE         75                        68      7       70

PRECIPITATION (IN)
  YESTERDAY        0.00          1.36 1990   0.17  -0.17     0.08
  MONTH TO DATE    6.49                      4.72   1.77     1.87
  SINCE MAR 1     12.59                     12.39   0.20    20.74
  SINCE JAN 1     18.29                     18.79  -0.50    25.59

SNOWFALL (IN)
  YESTERDAY        0.0          MM      MM   0.0    0.0      0.0
  MONTH TO DATE    0.0                       0.0    0.0      0.0
  SINCE MAR 1      0.7                       1.7   -1.0     17.1
  SINCE JUL 1     15.3                      13.0    2.3     40.0
  SNOW DEPTH       0

DEGREE DAYS
 HEATING
  YESTERDAY        0                         2     -2        0
  MONTH TO DATE  137                       107     30       59
  SINCE MAR 1    793                      1025   -232      968
  SINCE JUL 1   3764                      4596   -832     4946

 COOLING
  YESTERDAY       10                         4      6        5
  MONTH TO DATE   56                        69    -13      129
  SINCE MAR 1     84                        91     -7      141
  SINCE JAN 1     84                        91     -7      141
..................................................................


WIND (MPH)
  HIGHEST WIND SPEED    17   HIGHEST WIND DIRECTION     S (200)
  HIGHEST GUST SPEED    23   HIGHEST GUST DIRECTION     S (190)
  AVERAGE WIND SPEED     7.3


SKY COVER
  POSSIBLE SUNSHINE  MM
  AVERAGE SKY COVER 0.2


WEATHER CONDITIONS
 THE FOLLOWING WEATHER WAS RECORDED YESTERDAY.
  NO SIGNIFICANT WEATHER WAS OBSERVED.


RELATIVE HUMIDITY (PERCENT)
 HIGHEST    87           300 AM
 LOWEST     43           200 PM
 AVERAGE    65

..........................................................


THE LEXINGTON KY CLIMATE NORMALS FOR TODAY
                         NORMAL    RECORD    YEAR
 MAXIMUM TEMPERATURE (F)   78        94      1941
 MINIMUM TEMPERATURE (F)   58        41      1964


SUNRISE AND SUNSET
MAY 29 2016...........SUNRISE   618 AM EDT   SUNSET   854 PM EDT
MAY 30 2016...........SUNRISE   618 AM EDT   SUNSET   854 PM EDT


-  INDICATES NEGATIVE NUMBERS.
R  INDICATES RECORD WAS SET OR TIED.
MM INDICATES DATA IS MISSING.
T  INDICATES TRACE AMOUNT.




$$
