000
CDUS43 KLMK 170628
CLILEX


CLIMATE REPORT
NATIONAL WEATHER SERVICE LOUISVILLE KY
128 AM EST TUE JAN 17 2017


...................................

...THE LEXINGTON KY CLIMATE SUMMARY FOR JANUARY 16 2017...

CLIMATE NORMAL PERIOD 1981 TO 2010
CLIMATE RECORD PERIOD 1872 TO 2017


WEATHER ITEM   OBSERVED TIME   RECORD YEAR NORMAL DEPARTURE LAST
                VALUE   (LST)  VALUE       VALUE  FROM      YEAR
                                                  NORMAL
..................................................................
TEMPERATURE (F)
 YESTERDAY
  MAXIMUM         62    316 PM  69    1949  41     21       44
  MINIMUM         41    302 AM -11    1972  25     16       31
                                      1912
  AVERAGE         52                        33     19       38

PRECIPITATION (IN)
  YESTERDAY        0.06          1.20 1935   0.10  -0.04      T
  MONTH TO DATE    2.30                      1.65   0.65     0.59
  SINCE DEC 1      8.48                      5.58   2.90     7.80
  SINCE JAN 1      2.30                      1.65   0.65     0.59

SNOWFALL (IN)
  YESTERDAY        0.0           5.6  1978   0.2   -0.2      0.0
  MONTH TO DATE    2.5                       1.9    0.6      0.3
  SINCE DEC 1      2.6                       4.4   -1.8      0.3
  SINCE JUL 1      2.6                       4.7   -2.1      0.3
  SNOW DEPTH       0

DEGREE DAYS
 HEATING
  YESTERDAY       13                        32    -19       27
  MONTH TO DATE  446                       512    -66      483
  SINCE DEC 1   1303                      1413   -110      979
  SINCE JUL 1   1889                      2300   -411     1665

 COOLING
  YESTERDAY        0                         0      0        0
  MONTH TO DATE    0                         0      0        0
  SINCE DEC 1      0                         0      0        0
  SINCE JAN 1      0                         0      0        0
..................................................................


WIND (MPH)
  HIGHEST WIND SPEED    15   HIGHEST WIND DIRECTION     S (170)
  HIGHEST GUST SPEED    19   HIGHEST GUST DIRECTION     S (170)
  AVERAGE WIND SPEED     6.2


SKY COVER
  POSSIBLE SUNSHINE  MM
  AVERAGE SKY COVER 0.9


WEATHER CONDITIONS
 THE FOLLOWING WEATHER WAS RECORDED YESTERDAY.
  LIGHT RAIN
  FOG


RELATIVE HUMIDITY (PERCENT)
 HIGHEST    93          1200 AM
 LOWEST     72           200 PM
 AVERAGE    83

..........................................................


THE LEXINGTON KY CLIMATE NORMALS FOR TODAY
                         NORMAL    RECORD    YEAR
 MAXIMUM TEMPERATURE (F)   41        67      1952
 MINIMUM TEMPERATURE (F)   25       -13      1982


SUNRISE AND SUNSET
JANUARY 17 2017.......SUNRISE   752 AM EST   SUNSET   545 PM EST
JANUARY 18 2017.......SUNRISE   752 AM EST   SUNSET   546 PM EST


-  INDICATES NEGATIVE NUMBERS.
R  INDICATES RECORD WAS SET OR TIED.
MM INDICATES DATA IS MISSING.
T  INDICATES TRACE AMOUNT.




$$
