000
CDUS43 KLMK 010630
CLILEX


CLIMATE REPORT
NATIONAL WEATHER SERVICE LOUISVILLE KY
230 AM EDT FRI AUG 1 2014


...................................

...THE LEXINGTON KY CLIMATE SUMMARY FOR JULY 31 2014...

CLIMATE NORMAL PERIOD 1981 TO 2010
CLIMATE RECORD PERIOD 1872 TO 2014


WEATHER ITEM   OBSERVED TIME   RECORD YEAR NORMAL DEPARTURE LAST
                VALUE   (LST)  VALUE       VALUE  FROM      YEAR
                                                  NORMAL
..................................................................
TEMPERATURE (F)
 YESTERDAY
  MAXIMUM         83    425 PM  99    1999  86     -3       74
  MINIMUM         58    555 AM  52    1895  66     -8       64
  AVERAGE         71                        76     -5       69

PRECIPITATION (IN)
  YESTERDAY        0.00          3.17 2004   0.14  -0.14     0.16
  MONTH TO DATE    3.23                      4.65  -1.42     9.10
  SINCE JUN 1      8.82                      9.09  -0.27    16.64
  SINCE JAN 1     30.17                     28.42   1.75    38.50

SNOWFALL (IN)
  YESTERDAY        0.0          MM      MM   0.0    0.0      0.0
  MONTH TO DATE    0.0                       0.0    0.0      0.0
  SINCE JUN 1      0.0                       0.0    0.0      0.0
  SINCE JUL 1      0.0                       0.0    0.0      0.0
  SNOW DEPTH       0

DEGREE DAYS
 HEATING
  YESTERDAY        0                         0      0        0
  MONTH TO DATE    2                         0      2        0
  SINCE JUN 1      2                        11     -9        0
  SINCE JUL 1      2                         0      2        0

 COOLING
  YESTERDAY        6                        11     -5        4
  MONTH TO DATE  270                       347    -77      301
  SINCE JUN 1    575                       589    -14      570
  SINCE JAN 1    736                       696     40      723
..................................................................


WIND (MPH)
  HIGHEST WIND SPEED    10   HIGHEST WIND DIRECTION     W (260)
  HIGHEST GUST SPEED    12   HIGHEST GUST DIRECTION     W (270)
  AVERAGE WIND SPEED     3.1


SKY COVER
  POSSIBLE SUNSHINE  MM
  AVERAGE SKY COVER 0.0


WEATHER CONDITIONS
 THE FOLLOWING WEATHER WAS RECORDED YESTERDAY.
  FOG


RELATIVE HUMIDITY (PERCENT)
 HIGHEST    93           600 AM
 LOWEST     40           400 PM
 AVERAGE    67

..........................................................


THE LEXINGTON KY CLIMATE NORMALS FOR TODAY
                         NORMAL    RECORD    YEAR
 MAXIMUM TEMPERATURE (F)   86        97      1953
                                             1942
 MINIMUM TEMPERATURE (F)   66        54      1925


SUNRISE AND SUNSET
AUGUST  1 2014........SUNRISE   641 AM EDT   SUNSET   848 PM EDT
AUGUST  2 2014........SUNRISE   642 AM EDT   SUNSET   847 PM EDT


-  INDICATES NEGATIVE NUMBERS.
R  INDICATES RECORD WAS SET OR TIED.
MM INDICATES DATA IS MISSING.
T  INDICATES TRACE AMOUNT.




$$
