000
CDUS43 KLMK 300635
CLILEX


CLIMATE REPORT
NATIONAL WEATHER SERVICE LOUISVILLE KY
234 AM EDT THU OCT 30 2014


...................................

...THE LEXINGTON KY CLIMATE SUMMARY FOR OCTOBER 29 2014...

CLIMATE NORMAL PERIOD 1981 TO 2010
CLIMATE RECORD PERIOD 1872 TO 2014


WEATHER ITEM   OBSERVED TIME   RECORD YEAR NORMAL DEPARTURE LAST
                VALUE   (LST)  VALUE       VALUE  FROM      YEAR
                                                  NORMAL
..................................................................
TEMPERATURE (F)
 YESTERDAY
  MAXIMUM         65    216 PM  81    1971  63      2       61
  MINIMUM         44   1159 PM  21    1925  43      1       39
                                      1873
  AVERAGE         55                        53      2       50

PRECIPITATION (IN)
  YESTERDAY        0.00          1.06 2002   0.11  -0.11     0.05
  MONTH TO DATE    4.21                      2.92   1.29     4.64
  SINCE SEP 1      8.56                      5.83   2.73     6.27
  SINCE JAN 1     48.29                     37.50  10.79    49.91

SNOWFALL (IN)
  YESTERDAY        0.0           T    1954   0.0    0.0      0.0
                                      1920
  MONTH TO DATE    0.0                       0.0    0.0       T
  SINCE SEP 1      0.0                       0.0    0.0       T
  SINCE JUL 1      0.0                       0.0    0.0       T
  SNOW DEPTH       0

DEGREE DAYS
 HEATING
  YESTERDAY       10                        12     -2       15
  MONTH TO DATE  177                       245    -68      262
  SINCE SEP 1    205                       297    -92      279
  SINCE JUL 1    207                       299    -92      282

 COOLING
  YESTERDAY        0                         0      0        0
  MONTH TO DATE   27                        23      4       44
  SINCE SEP 1    193                       169     24      207
  SINCE JAN 1   1274                      1186     88     1245
..................................................................


WIND (MPH)
  HIGHEST WIND SPEED    18   HIGHEST WIND DIRECTION     W (270)
  HIGHEST GUST SPEED    25   HIGHEST GUST DIRECTION     W (250)
  AVERAGE WIND SPEED     8.1


SKY COVER
  POSSIBLE SUNSHINE  MM
  AVERAGE SKY COVER 0.2


WEATHER CONDITIONS
 THE FOLLOWING WEATHER WAS RECORDED YESTERDAY.
  FOG


RELATIVE HUMIDITY (PERCENT)
 HIGHEST    93           800 AM
 LOWEST     36           300 PM
 AVERAGE    65

..........................................................


THE LEXINGTON KY CLIMATE NORMALS FOR TODAY
                         NORMAL    RECORD    YEAR
 MAXIMUM TEMPERATURE (F)   63        83      1971
 MINIMUM TEMPERATURE (F)   43        23      1895


SUNRISE AND SUNSET
OCTOBER 30 2014.......SUNRISE   802 AM EDT   SUNSET   642 PM EDT
OCTOBER 31 2014.......SUNRISE   803 AM EDT   SUNSET   640 PM EDT


-  INDICATES NEGATIVE NUMBERS.
R  INDICATES RECORD WAS SET OR TIED.
MM INDICATES DATA IS MISSING.
T  INDICATES TRACE AMOUNT.




$$
