000
CDUS44 KSHV 160732
CLILFK


CLIMATE REPORT
NATIONAL WEATHER SERVICE SHREVEPORT, LA
232 AM CDT WED APR 16 2014


...................................

...THE LUFKIN CLIMATE SUMMARY FOR APRIL 15 2014...

CLIMATE NORMAL PERIOD 1981 TO 2010
CLIMATE RECORD PERIOD 1906 TO 2014


WEATHER ITEM   OBSERVED TIME   RECORD YEAR NORMAL DEPARTURE LAST
                VALUE   (LST)  VALUE       VALUE  FROM      YEAR
                                                  NORMAL
..................................................................
TEMPERATURE (F)
 YESTERDAY
  MAXIMUM         65    442 PM  91    1914  78    -13       89
  MINIMUM         40    630 AM  35    1928  55    -15       67
  AVERAGE         53                        66    -13       78

PRECIPITATION (IN)
  YESTERDAY        0.00          1.53 1954   0.10  -0.10     0.00
  MONTH TO DATE    2.67                      1.47   1.20     1.70
  SINCE DEC 1     10.25                     17.74  -7.49    15.36
  SINCE JAN 1      8.04                     13.30  -5.26    11.05

SNOWFALL (IN)
  YESTERDAY        0.0
  MONTH TO DATE    0.0
  SINCE MAR 1      0.0
  SINCE JUL 1      3.2
  SNOW DEPTH       0

DEGREE DAYS
 HEATING
  YESTERDAY       12                         2     10        0
  MONTH TO DATE   42                        49     -7       53
  SINCE MAR 1    292                       259     33      284
  SINCE JUL 1   2095                      1893    202     1550

 COOLING
  YESTERDAY        0                         4     -4       13
  MONTH TO DATE   58                        46     12       53
  SINCE MAR 1     75                        87    -12       98
  SINCE JAN 1     93                       106    -13      120
..................................................................


WIND (MPH)
  HIGHEST WIND SPEED    16   HIGHEST WIND DIRECTION    NE (30)
  HIGHEST GUST SPEED    25   HIGHEST GUST DIRECTION     N (20)
  AVERAGE WIND SPEED     6.3


SKY COVER
  POSSIBLE SUNSHINE  MM
  AVERAGE SKY COVER 0.0


WEATHER CONDITIONS
 THE FOLLOWING WEATHER WAS RECORDED YESTERDAY.
  NO SIGNIFICANT WEATHER WAS OBSERVED.


RELATIVE HUMIDITY (PERCENT)
 HIGHEST    83          1000 PM
 LOWEST     20           300 PM
 AVERAGE    52

..........................................................


THE LUFKIN CLIMATE NORMALS FOR TODAY
                         NORMAL    RECORD    YEAR
 MAXIMUM TEMPERATURE (F)   78        89      2006
                                             1907
 MINIMUM TEMPERATURE (F)   55        33      1961


SUNRISE AND SUNSET
APRIL 16 2014.........SUNRISE   650 AM CDT   SUNSET   748 PM CDT
APRIL 17 2014.........SUNRISE   649 AM CDT   SUNSET   749 PM CDT


-  INDICATES NEGATIVE NUMBERS.
R  INDICATES RECORD WAS SET OR TIED.
MM INDICATES DATA IS MISSING.
T  INDICATES TRACE AMOUNT.




$$
