000
CDUS44 KSHV 280850
CLILFK


CLIMATE REPORT
NATIONAL WEATHER SERVICE SHREVEPORT, LA
350 AM CDT TUE MAR 28 2017


...................................

...THE LUFKIN CLIMATE SUMMARY FOR MARCH 27 2017...

CLIMATE NORMAL PERIOD 1981 TO 2010
CLIMATE RECORD PERIOD 1906 TO 2017


WEATHER ITEM   OBSERVED TIME   RECORD YEAR NORMAL DEPARTURE LAST
                VALUE   (LST)  VALUE       VALUE  FROM      YEAR
                                                  NORMAL
..................................................................
TEMPERATURE (F)
 YESTERDAY
  MAXIMUM         81    449 PM  89    1907  74      7       77
  MINIMUM         66    141 AM  28    1955  50     16       53
  AVERAGE         74                        62     12       65

PRECIPITATION (IN)
  YESTERDAY        0.00          2.25 1951   0.12  -0.12     0.00
  MONTH TO DATE    1.98                      3.33  -1.35     5.61
  SINCE DEC 1     14.67                     15.82  -1.15    15.84
  SINCE JAN 1      9.76                     11.38  -1.62    11.79

SNOWFALL (IN)
  YESTERDAY        0.0
  MONTH TO DATE    0.0
  SINCE MAR 1      0.0
  SINCE JUL 1      T
  SNOW DEPTH       0

DEGREE DAYS
 HEATING
  YESTERDAY        0                         5     -5        0
  MONTH TO DATE  122                       193    -71      104
  SINCE MAR 1    122                       193    -71      104
  SINCE JUL 1   1098                      1827   -729     1426

 COOLING
  YESTERDAY        9                         2      7        0
  MONTH TO DATE   80                        33     47       41
  SINCE MAR 1     80                        33     47       41
  SINCE JAN 1    162                        52    110       55
..................................................................


WIND (MPH)
  HIGHEST WIND SPEED    15   HIGHEST WIND DIRECTION     S (200)
  HIGHEST GUST SPEED    18   HIGHEST GUST DIRECTION     S (200)
  AVERAGE WIND SPEED     7.0


SKY COVER
  POSSIBLE SUNSHINE  MM
  AVERAGE SKY COVER 0.7


WEATHER CONDITIONS
 THE FOLLOWING WEATHER WAS RECORDED YESTERDAY.
  FOG
  HAZE


RELATIVE HUMIDITY (PERCENT)
 HIGHEST    93          1200 AM
 LOWEST     58           400 PM
 AVERAGE    76

..........................................................


THE LUFKIN CLIMATE NORMALS FOR TODAY
                         NORMAL    RECORD    YEAR
 MAXIMUM TEMPERATURE (F)   74        87      2014
                                             1907
 MINIMUM TEMPERATURE (F)   50        31      1930


SUNRISE AND SUNSET
MARCH 28 2017.........SUNRISE   712 AM CDT   SUNSET   736 PM CDT
MARCH 29 2017.........SUNRISE   711 AM CDT   SUNSET   737 PM CDT


-  INDICATES NEGATIVE NUMBERS.
R  INDICATES RECORD WAS SET OR TIED.
MM INDICATES DATA IS MISSING.
T  INDICATES TRACE AMOUNT.




$$
