000
CDUS44 KSHV 160831
CLILFK


CLIMATE REPORT
NATIONAL WEATHER SERVICE SHREVEPORT, LA
231 AM CST SAT DEC 16 2017


...................................

...THE LUFKIN CLIMATE SUMMARY FOR DECEMBER 15 2017...

CLIMATE NORMAL PERIOD 1981 TO 2010
CLIMATE RECORD PERIOD 1906 TO 2017


WEATHER ITEM   OBSERVED TIME   RECORD YEAR NORMAL DEPARTURE LAST
                VALUE   (LST)  VALUE       VALUE  FROM      YEAR
                                                  NORMAL
..................................................................
TEMPERATURE (F)
 YESTERDAY
  MAXIMUM         57    253 PM  83    1933  61     -4       54
  MINIMUM         37   1159 PM  20    1914  39     -2       37
  AVERAGE         47                        50     -3       46

PRECIPITATION (IN)
  YESTERDAY        0.00          2.17 1967   0.14  -0.14     0.00
  MONTH TO DATE    1.24                      2.23  -0.99     4.79
  SINCE DEC 1      1.24                      2.23  -0.99     4.79
  SINCE JAN 1     53.29                     46.74   6.55    50.12

SNOWFALL (IN)
  YESTERDAY        0.0
  MONTH TO DATE    1.0
  SINCE DEC 1      1.0
  SINCE JUL 1      1.0
  SNOW DEPTH       0

DEGREE DAYS
 HEATING
  YESTERDAY       18                        15      3       19
  MONTH TO DATE  221                       210     11      214
  SINCE DEC 1    221                       210     11      214
  SINCE JUL 1    472                       517    -45      362

 COOLING
  YESTERDAY        0                         0      0        0
  MONTH TO DATE    5                         4      1        0
  SINCE DEC 1      5                         4      1        0
  SINCE JAN 1   2661                      2587     74     2809
..................................................................


WIND (MPH)
  HIGHEST WIND SPEED    10   HIGHEST WIND DIRECTION     N (360)
  HIGHEST GUST SPEED    16   HIGHEST GUST DIRECTION     N (340)
  AVERAGE WIND SPEED     3.3


SKY COVER
  POSSIBLE SUNSHINE  MM
  AVERAGE SKY COVER 0.0


WEATHER CONDITIONS
 THE FOLLOWING WEATHER WAS RECORDED YESTERDAY.
  HAZE


RELATIVE HUMIDITY (PERCENT)
 HIGHEST    86           900 PM
 LOWEST     36           300 PM
 AVERAGE    61

..........................................................


THE LUFKIN CLIMATE NORMALS FOR TODAY
                         NORMAL    RECORD    YEAR
 MAXIMUM TEMPERATURE (F)   61        82      1924
 MINIMUM TEMPERATURE (F)   39        15      1955


SUNRISE AND SUNSET
DECEMBER 16 2017......SUNRISE   711 AM CST   SUNSET   519 PM CST
DECEMBER 17 2017......SUNRISE   712 AM CST   SUNSET   519 PM CST


-  INDICATES NEGATIVE NUMBERS.
R  INDICATES RECORD WAS SET OR TIED.
MM INDICATES DATA IS MISSING.
T  INDICATES TRACE AMOUNT.




$$
