000
CDUS44 KSHV 222134
CLILFK


CLIMATE REPORT
NATIONAL WEATHER SERVICE SHREVEPORT, LA
432 PM CDT SAT JUL 22 2017


...................................

...THE LUFKIN CLIMATE SUMMARY FOR JULY 22 2017...
VALID TODAY AS OF 0400 PM LOCAL TIME.

CLIMATE NORMAL PERIOD 1981 TO 2010
CLIMATE RECORD PERIOD 1906 TO 2017


WEATHER ITEM   OBSERVED TIME   RECORD YEAR NORMAL DEPARTURE LAST
                VALUE   (LST)  VALUE       VALUE  FROM      YEAR
                                                  NORMAL
..................................................................
TEMPERATURE (F)
 TODAY
  MAXIMUM         94    252 PM 104    1932  94      0       98
  MINIMUM         73    540 AM  61    1970  72      1       74
  AVERAGE         84                        83      1       86

PRECIPITATION (IN)
  TODAY            0.00          2.45 1919   0.08  -0.08     0.00
  MONTH TO DATE    1.61                      2.28  -0.67     0.11
  SINCE DEC 1     34.21                     30.92   3.29    35.88
  SINCE JAN 1     29.30                     26.48   2.82    31.83

DEGREE DAYS
 HEATING
  TODAY            0                         0      0        0
  MONTH TO DATE    0                         0      0        0
  SINCE JUN 1      0                         0      0        0
  SINCE JUL 1      0                         0      0        0

 COOLING
  TODAY           19                        18      1       21
  MONTH TO DATE  402                       387     15      438
  SINCE JUN 1    846                       839      7      913
  SINCE JAN 1   1371                      1308     63     1359
..................................................................


WIND (MPH)
  HIGHEST WIND SPEED    12   HIGHEST WIND DIRECTION     S (200)
  HIGHEST GUST SPEED    16   HIGHEST GUST DIRECTION     W (250)
  AVERAGE WIND SPEED     3.3


SKY COVER
  POSSIBLE SUNSHINE  MM
  AVERAGE SKY COVER 0.1


WEATHER CONDITIONS
 THE FOLLOWING WEATHER WAS RECORDED TODAY.
  FOG


RELATIVE HUMIDITY (PERCENT)
 HIGHEST   100           600 AM
 LOWEST     49           300 PM
 AVERAGE    75

..........................................................


THE LUFKIN CLIMATE NORMALS FOR TOMORROW
                         NORMAL    RECORD    YEAR
 MAXIMUM TEMPERATURE (F)   94       105      1943
 MINIMUM TEMPERATURE (F)   72        59      1970


SUNRISE AND SUNSET
JULY 22 2017..........SUNRISE   630 AM CDT   SUNSET   821 PM CDT
JULY 23 2017..........SUNRISE   630 AM CDT   SUNSET   820 PM CDT


-  INDICATES NEGATIVE NUMBERS.
R  INDICATES RECORD WAS SET OR TIED.
MM INDICATES DATA IS MISSING.
T  INDICATES TRACE AMOUNT.




$$
