000
CDUS44 KSHV 260733
CLILFK


CLIMATE REPORT
NATIONAL WEATHER SERVICE SHREVEPORT, LA
231 AM CDT SUN OCT 26 2014


...................................

...THE LUFKIN CLIMATE SUMMARY FOR OCTOBER 25 2014...

CLIMATE NORMAL PERIOD 1981 TO 2010
CLIMATE RECORD PERIOD 1906 TO 2014


WEATHER ITEM   OBSERVED TIME   RECORD YEAR NORMAL DEPARTURE LAST
                VALUE   (LST)  VALUE       VALUE  FROM      YEAR
                                                  NORMAL
..................................................................
TEMPERATURE (F)
 YESTERDAY
  MAXIMUM         87    323 PM  91    1931  77     10       71
  MINIMUM         54    646 AM  32    1952  53      1       50
  AVERAGE         71                        65      6       61

PRECIPITATION (IN)
  YESTERDAY        0.00          3.15 1975   0.18  -0.18     0.00
  MONTH TO DATE    3.12                      3.80  -0.68     1.93
  SINCE DEC 1     40.33                     42.91  -2.58    36.49
  SINCE JAN 1     38.12                     38.47  -0.35    32.18

SNOWFALL (IN)
  YESTERDAY        0.0
  MONTH TO DATE    0.0
  SINCE SEP 1      0.0
  SINCE JUL 1      0.0
  SNOW DEPTH       0

DEGREE DAYS
 HEATING
  YESTERDAY        0                         3     -3        4
  MONTH TO DATE    0                        41    -41       24
  SINCE SEP 1      0                        45    -45       24
  SINCE JUL 1      0                        45    -45       24

 COOLING
  YESTERDAY        6                         3      3        0
  MONTH TO DATE  193                       130     63      157
  SINCE SEP 1    689                       504    185      623
  SINCE JAN 1   2923                      2527    396     2790
..................................................................


WIND (MPH)
  HIGHEST WIND SPEED     6   HIGHEST WIND DIRECTION     W (270)
  HIGHEST GUST SPEED     8   HIGHEST GUST DIRECTION    NW (300)
  AVERAGE WIND SPEED     1.6


SKY COVER
  POSSIBLE SUNSHINE  MM
  AVERAGE SKY COVER 0.0


WEATHER CONDITIONS
 THE FOLLOWING WEATHER WAS RECORDED YESTERDAY.
  FOG
  HAZE


RELATIVE HUMIDITY (PERCENT)
 HIGHEST    87           900 PM
 LOWEST     42           300 PM
 AVERAGE    65

..........................................................


THE LUFKIN CLIMATE NORMALS FOR TODAY
                         NORMAL    RECORD    YEAR
 MAXIMUM TEMPERATURE (F)   77        90      1927
 MINIMUM TEMPERATURE (F)   53        33      1955


SUNRISE AND SUNSET
OCTOBER 26 2014.......SUNRISE   730 AM CDT   SUNSET   636 PM CDT
OCTOBER 27 2014.......SUNRISE   731 AM CDT   SUNSET   635 PM CDT


-  INDICATES NEGATIVE NUMBERS.
R  INDICATES RECORD WAS SET OR TIED.
MM INDICATES DATA IS MISSING.
T  INDICATES TRACE AMOUNT.




$$
