000
CDUS44 KSHV 260844
CLILFK


CLIMATE REPORT
NATIONAL WEATHER SERVICE SHREVEPORT, LA
243 AM CST MON JAN 26 2015


...................................

...THE LUFKIN CLIMATE SUMMARY FOR JANUARY 25 2015...

CLIMATE NORMAL PERIOD 1981 TO 2010
CLIMATE RECORD PERIOD 1906 TO 2015


WEATHER ITEM   OBSERVED TIME   RECORD YEAR NORMAL DEPARTURE LAST
                VALUE   (LST)  VALUE       VALUE  FROM      YEAR
                                                  NORMAL
..................................................................
TEMPERATURE (F)
 YESTERDAY
  MAXIMUM         71    349 PM  83    1950  60     11       61
  MINIMUM         36    336 AM  18    1930  39     -3       25
  AVERAGE         54                        50      4       43

PRECIPITATION (IN)
  YESTERDAY        0.00          1.68 2012   0.13  -0.13     0.00
  MONTH TO DATE    7.36                      3.31   4.05     1.13
  SINCE DEC 1      9.41                      7.75   1.66     3.34
  SINCE JAN 1      7.36                      3.31   4.05     1.13

SNOWFALL (IN)
  YESTERDAY        0.0
  MONTH TO DATE    0.0
  SINCE DEC 1      0.0
  SINCE JUL 1      0.0
  SNOW DEPTH       0

DEGREE DAYS
 HEATING
  YESTERDAY       11                        16     -5       22
  MONTH TO DATE  463                       412     51      449
  SINCE DEC 1    787                       883    -96      964
  SINCE JUL 1   1083                      1190   -107     1320

 COOLING
  YESTERDAY        0                         0      0        0
  MONTH TO DATE    0                         0      0        0
  SINCE DEC 1     12                        13     -1       16
  SINCE JAN 1      0                         0      0        0
..................................................................


WIND (MPH)
  HIGHEST WIND SPEED    22   HIGHEST WIND DIRECTION     W (280)
  HIGHEST GUST SPEED    30   HIGHEST GUST DIRECTION    NW (330)
  AVERAGE WIND SPEED     6.9


SKY COVER
  POSSIBLE SUNSHINE  MM
  AVERAGE SKY COVER 0.0


WEATHER CONDITIONS
 THE FOLLOWING WEATHER WAS RECORDED YESTERDAY.
  NO SIGNIFICANT WEATHER WAS OBSERVED.


RELATIVE HUMIDITY (PERCENT)
 HIGHEST    85           300 AM
 LOWEST     22           500 PM
 AVERAGE    54

..........................................................


THE LUFKIN CLIMATE NORMALS FOR TODAY
                         NORMAL    RECORD    YEAR
 MAXIMUM TEMPERATURE (F)   61        81      2005
                                             1952
 MINIMUM TEMPERATURE (F)   39        17      1940


SUNRISE AND SUNSET
JANUARY 26 2015.......SUNRISE   715 AM CST   SUNSET   549 PM CST
JANUARY 27 2015.......SUNRISE   714 AM CST   SUNSET   550 PM CST


-  INDICATES NEGATIVE NUMBERS.
R  INDICATES RECORD WAS SET OR TIED.
MM INDICATES DATA IS MISSING.
T  INDICATES TRACE AMOUNT.




$$
