000
CDUS44 KLCH 142245
CLILFT


CLIMATE REPORT
NATIONAL WEATHER SERVICE LAKE CHARLES, LA
445 PM CST SUN FEB 14 2016


...................................

...THE LAFAYETTE CLIMATE SUMMARY FOR FEBRUARY 14 2016...
VALID TODAY AS OF 0400 PM LOCAL TIME.

CLIMATE NORMAL PERIOD 1981 TO 2010
CLIMATE RECORD PERIOD 1893 TO 2016


WEATHER ITEM   OBSERVED TIME   RECORD YEAR NORMAL DEPARTURE LAST
                VALUE   (LST)  VALUE       VALUE  FROM      YEAR
                                                  NORMAL
..................................................................
TEMPERATURE (F)
 TODAY
  MAXIMUM         68    304 PM  80    1989  65      3       71
                                      1962
                                      1959
  MINIMUM         50    708 AM  14    1905  46      4       39
  AVERAGE         59                        56      3       55

PRECIPITATION (IN)
  TODAY            0.00          1.93 1953   0.16  -0.16     0.00
  MONTH TO DATE    2.92                      2.33   0.59     0.73
  SINCE DEC 1     11.45                     13.58  -2.13     8.84
  SINCE JAN 1      7.59                      8.00  -0.41     5.34

SNOWFALL (IN)
  TODAY            0.0           0.0    MM   0.0    0.0      0.0
  MONTH TO DATE    0.0                       0.0    0.0      0.0
  SINCE DEC 1      0.0                       0.0    0.0      0.0
  SINCE JUL 1      0.0                       0.0    0.0      0.0
  SNOW DEPTH       0

DEGREE DAYS
 HEATING
  TODAY            6                        10     -4       10
  MONTH TO DATE  148                       156     -8      173
  SINCE DEC 1    741                       913   -172      904
  SINCE JUL 1    829                      1112   -283     1205
..................................................................


WIND (MPH)
  HIGHEST WIND SPEED    18   HIGHEST WIND DIRECTION     S (170)
  HIGHEST GUST SPEED    29   HIGHEST GUST DIRECTION     S (180)
  AVERAGE WIND SPEED     7.7


SKY COVER
  POSSIBLE SUNSHINE  MM
  AVERAGE SKY COVER 0.5


WEATHER CONDITIONS
 THE FOLLOWING WEATHER WAS RECORDED TODAY.
  NO SIGNIFICANT WEATHER WAS OBSERVED.


RELATIVE HUMIDITY (PERCENT)
 HIGHEST    80           200 AM
 LOWEST     55           100 PM
 AVERAGE    68

..........................................................


THE LAFAYETTE CLIMATE NORMALS FOR TOMORROW
                         NORMAL    RECORD    YEAR
 MAXIMUM TEMPERATURE (F)   65        85      1911
 MINIMUM TEMPERATURE (F)   46        24      1895


SUNRISE AND SUNSET
FEBRUARY 14 2016......SUNRISE   649 AM CST   SUNSET   555 PM CST
FEBRUARY 15 2016......SUNRISE   648 AM CST   SUNSET   556 PM CST


-  INDICATES NEGATIVE NUMBERS.
R  INDICATES RECORD WAS SET OR TIED.
MM INDICATES DATA IS MISSING.
T  INDICATES TRACE AMOUNT.




$$
