000
CDUS44 KLCH 212205
CLILFT


CLIMATE REPORT
NATIONAL WEATHER SERVICE LAKE CHARLES, LA
405 PM CST TUE NOV 21 2017


...................................

...THE LAFAYETTE CLIMATE SUMMARY FOR NOVEMBER 21 2017...
VALID TODAY AS OF 0400 PM LOCAL TIME.

CLIMATE NORMAL PERIOD 1981 TO 2010
CLIMATE RECORD PERIOD 1893 TO 2017


WEATHER ITEM   OBSERVED TIME   RECORD YEAR NORMAL DEPARTURE LAST
                VALUE   (LST)  VALUE       VALUE  FROM      YEAR
                                                  NORMAL
..................................................................
TEMPERATURE (F)
 TODAY
  MAXIMUM         69    231 PM  85    1915  71     -2       71
  MINIMUM         46    230 AM  26    1937  50     -4       35
  AVERAGE         58                        60     -2       53

PRECIPITATION (IN)
  TODAY            T             3.28 1953   0.14  -0.14     0.00
  MONTH TO DATE    5.88                      3.02   2.86     0.73
  SINCE SEP 1      9.89                     12.97  -3.08     4.71
  SINCE JAN 1     62.73                     53.59   9.14    69.80

SNOWFALL (IN)
  TODAY           MM             0.0    MM   0.0   MM        0.0
  MONTH TO DATE    0.0                       0.0    0.0      0.0
  SINCE SEP 1      0.0                       0.0    0.0      0.0
  SINCE JUL 1      0.0                       0.0    0.0      0.0
  SNOW DEPTH       0

DEGREE DAYS
 HEATING
  TODAY            7                         6      1       12
  MONTH TO DATE   58                        94    -36       56
  SINCE SEP 1    100                       130    -30       63
  SINCE JUL 1    100                       130    -30       63
..................................................................


WIND (MPH)
  HIGHEST WIND SPEED    10   HIGHEST WIND DIRECTION    NE (30)
  HIGHEST GUST SPEED    12   HIGHEST GUST DIRECTION    NE (40)
  AVERAGE WIND SPEED     1.8


SKY COVER
  POSSIBLE SUNSHINE  MM
  AVERAGE SKY COVER 0.7


WEATHER CONDITIONS
 THE FOLLOWING WEATHER WAS RECORDED TODAY.
  HAZE


RELATIVE HUMIDITY (PERCENT)
 HIGHEST    93          1200 AM
 LOWEST     66           200 PM
 AVERAGE    80

..........................................................


THE LAFAYETTE CLIMATE NORMALS FOR TOMORROW
                         NORMAL    RECORD    YEAR
 MAXIMUM TEMPERATURE (F)   70        88      1900
 MINIMUM TEMPERATURE (F)   49        29      2000


SUNRISE AND SUNSET
NOVEMBER 21 2017......SUNRISE   639 AM CST   SUNSET   509 PM CST
NOVEMBER 22 2017......SUNRISE   639 AM CST   SUNSET   509 PM CST


-  INDICATES NEGATIVE NUMBERS.
R  INDICATES RECORD WAS SET OR TIED.
MM INDICATES DATA IS MISSING.
T  INDICATES TRACE AMOUNT.




$$
