000
CDUS44 KLCH 180809
CLILFT


CLIMATE REPORT
NATIONAL WEATHER SERVICE LAKE CHARLES, LA
309 AM CDT THU SEP 18 2014


...................................

...THE LAFAYETTE CLIMATE SUMMARY FOR SEPTEMBER 17 2014...

CLIMATE NORMAL PERIOD 1981 TO 2010
CLIMATE RECORD PERIOD 1893 TO 2014


WEATHER ITEM   OBSERVED TIME   RECORD YEAR NORMAL DEPARTURE LAST
                VALUE   (LST)  VALUE       VALUE  FROM      YEAR
                                                  NORMAL
..................................................................
TEMPERATURE (F)
 YESTERDAY
  MAXIMUM         89    341 PM  99    2004  89      0       94
                                      1933
                                      1900
  MINIMUM         72    610 AM  54    1961  70      2       73
  AVERAGE         81                        79      2       84

PRECIPITATION (IN)
  YESTERDAY        0.00          5.92 1963   0.15  -0.15     0.00
  MONTH TO DATE    5.13                      2.80   2.33     0.46
  SINCE SEP 1      5.13                      2.80   2.33     0.46
  SINCE JAN 1     51.22                     43.42   7.80    43.34

DEGREE DAYS
 HEATING
  YESTERDAY        0                         0      0        0
  MONTH TO DATE    0                         0      0        0
  SINCE SEP 1      0                         0      0        0
  SINCE JUL 1      0                         0      0        0

 COOLING
  YESTERDAY       16                        14      2       19
  MONTH TO DATE  269                       271     -2      315
  SINCE SEP 1    269                       271     -2      315
  SINCE JAN 1   2326                      2532   -206     2417
..................................................................


WIND (MPH)
  HIGHEST WIND SPEED    14   HIGHEST WIND DIRECTION    SW (240)
  HIGHEST GUST SPEED    17   HIGHEST GUST DIRECTION    SW (240)
  AVERAGE WIND SPEED     2.6


SKY COVER
  POSSIBLE SUNSHINE  MM
  AVERAGE SKY COVER 0.3


WEATHER CONDITIONS
 THE FOLLOWING WEATHER WAS RECORDED YESTERDAY.
  FOG


RELATIVE HUMIDITY (PERCENT)
 HIGHEST   100          1200 AM
 LOWEST     56           300 PM
 AVERAGE    78

..........................................................


THE LAFAYETTE CLIMATE NORMALS FOR TODAY
                         NORMAL    RECORD    YEAR
 MAXIMUM TEMPERATURE (F)   88       100      1933
                                             1912
 MINIMUM TEMPERATURE (F)   69        47      1903


SUNRISE AND SUNSET
SEPTEMBER 18 2014.....SUNRISE   654 AM CDT   SUNSET   710 PM CDT
SEPTEMBER 19 2014.....SUNRISE   655 AM CDT   SUNSET   708 PM CDT


-  INDICATES NEGATIVE NUMBERS.
R  INDICATES RECORD WAS SET OR TIED.
MM INDICATES DATA IS MISSING.
T  INDICATES TRACE AMOUNT.




$$
