000
CDUS44 KLCH 250940
CLILFT


CLIMATE REPORT
NATIONAL WEATHER SERVICE LAKE CHARLES, LA
340 AM CST SUN FEB 25 2018


...................................

...THE LAFAYETTE CLIMATE SUMMARY FOR FEBRUARY 24 2018...

CLIMATE NORMAL PERIOD 1981 TO 2010
CLIMATE RECORD PERIOD 1893 TO 2018


WEATHER ITEM   OBSERVED TIME   RECORD YEAR NORMAL DEPARTURE LAST
                VALUE   (LST)  VALUE       VALUE  FROM      YEAR
                                                  NORMAL
..................................................................
TEMPERATURE (F)
 YESTERDAY
  MAXIMUM         81R  1215 PM  81    2011  67     14       79
                                      1927
  MINIMUM         73    744 AM  26    1901  48     25       63
  AVERAGE         77                        58     19       71

PRECIPITATION (IN)
  YESTERDAY        0.00          2.72 1959   0.14  -0.14     0.00
  MONTH TO DATE    1.53                      3.88  -2.35     0.12
  SINCE DEC 1     12.01                     15.13  -3.12    12.58
  SINCE JAN 1      5.72                      9.55  -3.83     3.49

SNOWFALL (IN)
  YESTERDAY        0.0           T    1894   0.0    0.0      0.0
  MONTH TO DATE    0.0                       0.0    0.0      0.0
  SINCE DEC 1      2.0                       0.0    2.0      0.0
  SINCE JUL 1      2.0                       0.0    2.0      0.0
  SNOW DEPTH       0

DEGREE DAYS
 HEATING
  YESTERDAY        0                         8     -8        0
  MONTH TO DATE   93                       245   -152       59
  SINCE DEC 1   1023                      1002     21      483
  SINCE JUL 1   1190                      1201    -11      569
..................................................................


WIND (MPH)
  HIGHEST WIND SPEED    24   HIGHEST WIND DIRECTION     S (200)
  HIGHEST GUST SPEED    34   HIGHEST GUST DIRECTION     S (190)
  AVERAGE WIND SPEED    11.5


SKY COVER
  POSSIBLE SUNSHINE  MM
  AVERAGE SKY COVER 0.9


WEATHER CONDITIONS
 THE FOLLOWING WEATHER WAS RECORDED YESTERDAY.
  NO SIGNIFICANT WEATHER WAS OBSERVED.


RELATIVE HUMIDITY (PERCENT)
 HIGHEST    93          1200 AM
 LOWEST     67          1200 PM
 AVERAGE    80

..........................................................


THE LAFAYETTE CLIMATE NORMALS FOR TODAY
                         NORMAL    RECORD    YEAR
 MAXIMUM TEMPERATURE (F)   68        82      1962
 MINIMUM TEMPERATURE (F)   49        26      1914


SUNRISE AND SUNSET
FEBRUARY 25 2018......SUNRISE   638 AM CST   SUNSET   604 PM CST
FEBRUARY 26 2018......SUNRISE   637 AM CST   SUNSET   605 PM CST


-  INDICATES NEGATIVE NUMBERS.
R  INDICATES RECORD WAS SET OR TIED.
MM INDICATES DATA IS MISSING.
T  INDICATES TRACE AMOUNT.




$$
