000
CDUS44 KLCH 240900
CLILFT


CLIMATE REPORT
NATIONAL WEATHER SERVICE LAKE CHARLES, LA
400 AM CDT THU JUL 24 2014


...................................

...THE LAFAYETTE CLIMATE SUMMARY FOR JULY 23 2014...

CLIMATE NORMAL PERIOD 1981 TO 2010
CLIMATE RECORD PERIOD 1893 TO 2014


WEATHER ITEM   OBSERVED TIME   RECORD YEAR NORMAL DEPARTURE LAST
                VALUE   (LST)  VALUE       VALUE  FROM      YEAR
                                                  NORMAL
..................................................................
TEMPERATURE (F)
 YESTERDAY
  MAXIMUM         91    403 PM 100    1924  92     -1       92
                                      1923
  MINIMUM         73    511 AM  62    1947  75     -2       76
                                      1915
  AVERAGE         82                        84     -2       84

PRECIPITATION (IN)
  YESTERDAY        0.00          2.05 1895   0.18  -0.18     0.00
  MONTH TO DATE    5.41                      4.93   0.48     3.42
  SINCE JUN 1     14.00                     12.01   1.99     6.58
  SINCE JAN 1     37.04                     34.63   2.41    38.70

DEGREE DAYS
 COOLING
  YESTERDAY       17                        19     -2       19
  MONTH TO DATE  382                       421    -39      382
  SINCE JUN 1    889                       919    -30      923
  SINCE JAN 1   1358                      1533   -175     1387
..................................................................


WIND (MPH)
  HIGHEST WIND SPEED    13   HIGHEST WIND DIRECTION     N (10)
  HIGHEST GUST SPEED    17   HIGHEST GUST DIRECTION     E (110)
  AVERAGE WIND SPEED     3.4


SKY COVER
  POSSIBLE SUNSHINE  MM
  AVERAGE SKY COVER 0.2


WEATHER CONDITIONS
 THE FOLLOWING WEATHER WAS RECORDED YESTERDAY.
  THUNDERSTORM


RELATIVE HUMIDITY (PERCENT)
 HIGHEST    93           400 AM
 LOWEST     52           400 PM
 AVERAGE    73

..........................................................


THE LAFAYETTE CLIMATE NORMALS FOR TODAY
                         NORMAL    RECORD    YEAR
 MAXIMUM TEMPERATURE (F)   92       102      1924
 MINIMUM TEMPERATURE (F)   75        61      1947


SUNRISE AND SUNSET
JULY 24 2014..........SUNRISE   622 AM CDT   SUNSET   807 PM CDT
JULY 25 2014..........SUNRISE   622 AM CDT   SUNSET   806 PM CDT


-  INDICATES NEGATIVE NUMBERS.
R  INDICATES RECORD WAS SET OR TIED.
MM INDICATES DATA IS MISSING.
T  INDICATES TRACE AMOUNT.




$$
