000
CDUS44 KLCH 282215
CLILFT


CLIMATE REPORT
NATIONAL WEATHER SERVICE LAKE CHARLES, LA
515 PM CDT WED SEP 28 2016


...................................

...THE LAFAYETTE CLIMATE SUMMARY FOR SEPTEMBER 28 2016...
VALID TODAY AS OF 0500 PM LOCAL TIME.

CLIMATE NORMAL PERIOD 1981 TO 2010
CLIMATE RECORD PERIOD 1893 TO 2016


WEATHER ITEM   OBSERVED TIME   RECORD YEAR NORMAL DEPARTURE LAST
                VALUE   (LST)  VALUE       VALUE  FROM      YEAR
                                                  NORMAL
..................................................................
TEMPERATURE (F)
 TODAY
  MAXIMUM         88    320 PM  96    1933  86      2       85
  MINIMUM         69    608 AM  41    1896  66      3       73
  AVERAGE         79                        76      3       79

PRECIPITATION (IN)
  TODAY            0.00          3.66 1976   0.14  -0.14      T
  MONTH TO DATE    3.49                      4.41  -0.92     3.31
  SINCE SEP 1      3.49                      4.41  -0.92     3.31
  SINCE JAN 1     68.58                     45.03  23.55    46.42

DEGREE DAYS
 HEATING
  TODAY            0                         0      0        0
  MONTH TO DATE    0                         0      0        0
  SINCE SEP 1      0                         0      0        0
  SINCE JUL 1      0                         0      0        0

 COOLING
  TODAY           14                        11      3       14
  MONTH TO DATE  508                       406    102      420
  SINCE SEP 1    508                       406    102      420
  SINCE JAN 1   2897                      2667    230     2846
..................................................................


WIND (MPH)
  HIGHEST WIND SPEED    12   HIGHEST WIND DIRECTION    NW (300)
  HIGHEST GUST SPEED    15   HIGHEST GUST DIRECTION     W (290)
  AVERAGE WIND SPEED     5.4


SKY COVER
  POSSIBLE SUNSHINE  MM
  AVERAGE SKY COVER 0.1


WEATHER CONDITIONS
 THE FOLLOWING WEATHER WAS RECORDED TODAY.
  NO SIGNIFICANT WEATHER WAS OBSERVED.


RELATIVE HUMIDITY (PERCENT)
 HIGHEST    84           400 AM
 LOWEST     50           200 PM
 AVERAGE    67

..........................................................


THE LAFAYETTE CLIMATE NORMALS FOR TOMORROW
                         NORMAL    RECORD    YEAR
 MAXIMUM TEMPERATURE (F)   85        95      1953
                                             1910
 MINIMUM TEMPERATURE (F)   65        42      1896


SUNRISE AND SUNSET
SEPTEMBER 28 2016.....SUNRISE   700 AM CDT   SUNSET   656 PM CDT
SEPTEMBER 29 2016.....SUNRISE   701 AM CDT   SUNSET   655 PM CDT


-  INDICATES NEGATIVE NUMBERS.
R  INDICATES RECORD WAS SET OR TIED.
MM INDICATES DATA IS MISSING.
T  INDICATES TRACE AMOUNT.




$$
