000
CDUS44 KLCH 200905
CLILFT


CLIMATE REPORT
NATIONAL WEATHER SERVICE LAKE CHARLES, LA
404 AM CDT WED SEP 20 2017


...................................

...THE LAFAYETTE CLIMATE SUMMARY FOR SEPTEMBER 19 2017...

CLIMATE NORMAL PERIOD 1981 TO 2010
CLIMATE RECORD PERIOD 1893 TO 2017


WEATHER ITEM   OBSERVED TIME   RECORD YEAR NORMAL DEPARTURE LAST
                VALUE   (LST)  VALUE       VALUE  FROM      YEAR
                                                  NORMAL
..................................................................
TEMPERATURE (F)
 YESTERDAY
  MAXIMUM         91    113 PM  99    1933  88      3       94
                                      1912
  MINIMUM         75    634 AM  46    1901  69      6       76
  AVERAGE         83                        78      5       85

PRECIPITATION (IN)
  YESTERDAY        0.04          3.03 1932   0.14  -0.10     0.00
  MONTH TO DATE    0.27                      3.09  -2.82     2.43
  SINCE SEP 1      0.27                      3.09  -2.82     2.43
  SINCE JAN 1     53.11                     43.71   9.40    67.52

DEGREE DAYS
 HEATING
  YESTERDAY        0                         0      0        0
  MONTH TO DATE    0                         0      0        0
  SINCE SEP 1      0                         0      0        0
  SINCE JUL 1      0                         0      0        0

 COOLING
  YESTERDAY       18                        13      5       20
  MONTH TO DATE  259                       298    -39      353
  SINCE SEP 1    259                       298    -39      353
  SINCE JAN 1   2760                      2559    201     2742
..................................................................


WIND (MPH)
  HIGHEST WIND SPEED    17   HIGHEST WIND DIRECTION     S (200)
  HIGHEST GUST SPEED    21   HIGHEST GUST DIRECTION     S (200)
  AVERAGE WIND SPEED     4.1


SKY COVER
  POSSIBLE SUNSHINE  MM
  AVERAGE SKY COVER 0.2


WEATHER CONDITIONS
 THE FOLLOWING WEATHER WAS RECORDED YESTERDAY.
  RAIN
  FOG


RELATIVE HUMIDITY (PERCENT)
 HIGHEST   100           300 AM
 LOWEST     59           300 PM
 AVERAGE    80

..........................................................


THE LAFAYETTE CLIMATE NORMALS FOR TODAY
                         NORMAL    RECORD    YEAR
 MAXIMUM TEMPERATURE (F)   88       100      1933
 MINIMUM TEMPERATURE (F)   69        47      1901


SUNRISE AND SUNSET
SEPTEMBER 20 2017.....SUNRISE   655 AM CDT   SUNSET   707 PM CDT
SEPTEMBER 21 2017.....SUNRISE   656 AM CDT   SUNSET   705 PM CDT


-  INDICATES NEGATIVE NUMBERS.
R  INDICATES RECORD WAS SET OR TIED.
MM INDICATES DATA IS MISSING.
T  INDICATES TRACE AMOUNT.




$$
