000
CDUS44 KLCH 010832
CLILFT


CLIMATE REPORT
NATIONAL WEATHER SERVICE LAKE CHARLES, LA
330 AM CDT TUE SEP 1 2015


...................................

...THE LAFAYETTE CLIMATE SUMMARY FOR AUGUST 31 2015...

CLIMATE NORMAL PERIOD 1981 TO 2010
CLIMATE RECORD PERIOD 1893 TO 2015


WEATHER ITEM   OBSERVED TIME   RECORD YEAR NORMAL DEPARTURE LAST
                VALUE   (LST)  VALUE       VALUE  FROM      YEAR
                                                  NORMAL
..................................................................
TEMPERATURE (F)
 YESTERDAY
  MAXIMUM         86    954 AM 103    2000  92     -6       91
  MINIMUM         72    616 AM  60    1946  74     -2       74
  AVERAGE         79                        83     -4       83

PRECIPITATION (IN)
  YESTERDAY        0.00          1.02 1927   0.15  -0.15     0.00
  MONTH TO DATE    2.87                      4.62  -1.75     8.48
  SINCE JUN 1     12.51                     18.00  -5.49    23.05
  SINCE JAN 1     43.11                     40.62   2.49    46.09

DEGREE DAYS
 COOLING
  YESTERDAY       14                        18     -4       18
  MONTH TO DATE  593                       577     16      555
  SINCE JUN 1   1734                      1647     87     1588
  SINCE JAN 1   2426                      2261    165     2057
..................................................................


WIND (MPH)
  HIGHEST WIND SPEED    13   HIGHEST WIND DIRECTION     W (250)
  HIGHEST GUST SPEED    15   HIGHEST GUST DIRECTION    SW (220)
  AVERAGE WIND SPEED     0.8


SKY COVER
  POSSIBLE SUNSHINE  MM
  AVERAGE SKY COVER 0.2


WEATHER CONDITIONS
 THE FOLLOWING WEATHER WAS RECORDED YESTERDAY.
  THUNDERSTORM
  FOG


RELATIVE HUMIDITY (PERCENT)
 HIGHEST    94           100 AM
 LOWEST     65          1000 AM
 AVERAGE    80

..........................................................


THE LAFAYETTE CLIMATE NORMALS FOR TODAY
                         NORMAL    RECORD    YEAR
 MAXIMUM TEMPERATURE (F)   92       101      2000
 MINIMUM TEMPERATURE (F)   73        57      1915


SUNRISE AND SUNSET
SEPTEMBER  1 2015.....SUNRISE   645 AM CDT   SUNSET   731 PM CDT
SEPTEMBER  2 2015.....SUNRISE   645 AM CDT   SUNSET   730 PM CDT


-  INDICATES NEGATIVE NUMBERS.
R  INDICATES RECORD WAS SET OR TIED.
MM INDICATES DATA IS MISSING.
T  INDICATES TRACE AMOUNT.




$$
