000
CDUS44 KLCH 270915
CLILFT


CLIMATE REPORT
NATIONAL WEATHER SERVICE LAKE CHARLES, LA
415 AM CDT SAT AUG 27 2016


...................................

...THE LAFAYETTE CLIMATE SUMMARY FOR AUGUST 26 2016...

CLIMATE NORMAL PERIOD 1981 TO 2010
CLIMATE RECORD PERIOD 1893 TO 2016


WEATHER ITEM   OBSERVED TIME   RECORD YEAR NORMAL DEPARTURE LAST
                VALUE   (LST)  VALUE       VALUE  FROM      YEAR
                                                  NORMAL
..................................................................
TEMPERATURE (F)
 YESTERDAY
  MAXIMUM         90    253 PM 101    1902  92     -2       88
  MINIMUM         77    648 AM  60    1917  74      3       64
  AVERAGE         84                        83      1       76

PRECIPITATION (IN)
  YESTERDAY        0.00          5.01 1967   0.14  -0.14     0.00
  MONTH TO DATE   24.25                      3.89  20.36     2.87
  SINCE JUN 1     36.21                     17.27  18.94    12.51
  SINCE JAN 1     64.60                     39.89  24.71    43.11

DEGREE DAYS
 COOLING
  YESTERDAY       19                        18      1       11
  MONTH TO DATE  488                       490     -2      526
  SINCE JUN 1   1641                      1560     81     1667
  SINCE JAN 1   2298                      2174    124     2359
..................................................................


WIND (MPH)
  HIGHEST WIND SPEED    12   HIGHEST WIND DIRECTION    NE (50)
  HIGHEST GUST SPEED    15   HIGHEST GUST DIRECTION    NE (50)
  AVERAGE WIND SPEED     3.5


SKY COVER
  POSSIBLE SUNSHINE  MM
  AVERAGE SKY COVER 0.4


WEATHER CONDITIONS
 THE FOLLOWING WEATHER WAS RECORDED YESTERDAY.
  FOG


RELATIVE HUMIDITY (PERCENT)
 HIGHEST    94           100 AM
 LOWEST     59          1100 AM
 AVERAGE    77

..........................................................


THE LAFAYETTE CLIMATE NORMALS FOR TODAY
                         NORMAL    RECORD    YEAR
 MAXIMUM TEMPERATURE (F)   92       101      1924
 MINIMUM TEMPERATURE (F)   74        61      1927
                                             1896


SUNRISE AND SUNSET
AUGUST 27 2016........SUNRISE   642 AM CDT   SUNSET   736 PM CDT
AUGUST 28 2016........SUNRISE   643 AM CDT   SUNSET   735 PM CDT


-  INDICATES NEGATIVE NUMBERS.
R  INDICATES RECORD WAS SET OR TIED.
MM INDICATES DATA IS MISSING.
T  INDICATES TRACE AMOUNT.




$$
