000
CDUS44 KLCH 262246
CLILFT


CLIMATE REPORT
NATIONAL WEATHER SERVICE LAKE CHARLES, LA
446 PM CST THU FEB 26 2015


...................................

...THE LAFAYETTE CLIMATE SUMMARY FOR FEBRUARY 26 2015...
VALID TODAY AS OF 0400 PM LOCAL TIME.

CLIMATE NORMAL PERIOD 1981 TO 2010
CLIMATE RECORD PERIOD 1893 TO 2015


WEATHER ITEM   OBSERVED TIME   RECORD YEAR NORMAL DEPARTURE LAST
                VALUE   (LST)  VALUE       VALUE  FROM      YEAR
                                                  NORMAL
..................................................................
TEMPERATURE (F)
 TODAY
  MAXIMUM         50    359 PM  82    1962  68    -18       56
  MINIMUM         36    653 AM  24    1914  49    -13       39
  AVERAGE         43                        58    -15       48

PRECIPITATION (IN)
  TODAY            0.00          1.89 1966   0.15  -0.15     0.57
  MONTH TO DATE    2.49                      4.17  -1.68     5.62
  SINCE DEC 1     10.60                     15.42  -4.82    10.04
  SINCE JAN 1      7.10                      9.84  -2.74     7.25

SNOWFALL (IN)
  TODAY            0.0           0.0    MM   0.0    0.0     MM
  MONTH TO DATE    0.0                       0.0    0.0       T
  SINCE DEC 1      0.0                       0.0    0.0      0.8
  SINCE JUL 1      0.0                       0.0    0.0      0.8
  SNOW DEPTH       0

DEGREE DAYS
 HEATING
  TODAY           22                         8     14       17
  MONTH TO DATE  375                       261    114      303
  SINCE DEC 1   1106                      1018     88     1354
  SINCE JUL 1   1407                      1217    190     1623
..................................................................


WIND (MPH)
  HIGHEST WIND SPEED    21   HIGHEST WIND DIRECTION     N (360)
  HIGHEST GUST SPEED    25   HIGHEST GUST DIRECTION     N (20)
  AVERAGE WIND SPEED    12.8


SKY COVER
  POSSIBLE SUNSHINE  MM
  AVERAGE SKY COVER 0.8


WEATHER CONDITIONS
 THE FOLLOWING WEATHER WAS RECORDED TODAY.
  NO SIGNIFICANT WEATHER WAS OBSERVED.


RELATIVE HUMIDITY (PERCENT)
 HIGHEST    89           300 AM
 LOWEST     52           400 PM
 AVERAGE    71

..........................................................


THE LAFAYETTE CLIMATE NORMALS FOR TOMORROW
                         NORMAL    RECORD    YEAR
 MAXIMUM TEMPERATURE (F)   68        83      1962
 MINIMUM TEMPERATURE (F)   49        25      1914


SUNRISE AND SUNSET
FEBRUARY 26 2015......SUNRISE   637 AM CST   SUNSET   605 PM CST
FEBRUARY 27 2015......SUNRISE   636 AM CST   SUNSET   605 PM CST


-  INDICATES NEGATIVE NUMBERS.
R  INDICATES RECORD WAS SET OR TIED.
MM INDICATES DATA IS MISSING.
T  INDICATES TRACE AMOUNT.




$$
